{"id":10247,"date":"2025-04-25T09:55:14","date_gmt":"2025-04-25T09:55:14","guid":{"rendered":"https:\/\/neelayurvedics.es\/?post_type=product&#038;p=10247"},"modified":"2025-04-25T09:57:05","modified_gmt":"2025-04-25T09:57:05","slug":"himalaya-lasuna-tableta-60-tabletas","status":"publish","type":"product","link":"https:\/\/neelayurvedics.es\/?product=himalaya-lasuna-tableta-60-tabletas","title":{"rendered":"Himalaya Lasuna Tableta &#8211; 60 Tabletas"},"content":{"rendered":"<h3>Beneficios \u00fanicos\u00a0: &#8211;<\/h3>\n<ul>\n<li>La tableta Himalaya Lasuna tambi\u00e9n previene la agregaci\u00f3n plaquetaria y la formaci\u00f3n de trombos (co\u00e1gulos de sangre) que afectan el flujo sangu\u00edneo normal en las arterias.<\/li>\n<li>Ideal para pacientes con niveles elevados de colesterol (dislipidemia)<\/li>\n<li>Ayuda a prevenir el estrechamiento de los vasos sangu\u00edneos perif\u00e9ricos.<\/li>\n<li>Contiene propiedades antioxidantes que previenen el da\u00f1o causado por los radicales libres.<\/li>\n<\/ul>\n<h3>Ingredientes\u00a0:-<\/h3>\n<ul>\n<li>Lazuna<\/li>\n<\/ul>\n<h3>Instrucciones de uso :-<\/h3>\n<ul>\n<li>1-2 comprimidos dos veces al d\u00eda o seg\u00fan lo indique su m\u00e9dico.<\/li>\n<\/ul>\n","protected":false},"excerpt":{"rendered":"<p>La tableta Himalaya Lasuna contiene extracto de bulbo de Lasuna (Allium sativum). La Lasuna disminuye los niveles de l\u00edpidos en sangre al regular las enzimas hep\u00e1ticas clave que intervienen en la producci\u00f3n de colesterol. Tambi\u00e9n ayuda a prevenir el endurecimiento de los vasos sangu\u00edneos al reducir la acumulaci\u00f3n de grasa en las arterias. La Lasuna es un potente antioxidante que elimina los radicales libres que desequilibran la capacidad natural de los vasos sangu\u00edneos para contraerse y dilatarse, promoviendo as\u00ed una vasodilataci\u00f3n arterial adecuada.<\/p>\n<ul>\n<li>Ayuda a reducir los niveles de l\u00edpidos en sangre.<\/li>\n<li>Ayuda a prevenir la formaci\u00f3n de colesterol malo.<\/li>\n<li>Posee propiedades antioxidantes.<\/li>\n<\/ul>\n","protected":false},"featured_media":10248,"comment_status":"open","ping_status":"closed","template":"","meta":[],"product_brand":[],"product_cat":[200,279],"product_tag":[],"class_list":{"0":"post-10247","1":"product","2":"type-product","3":"status-publish","4":"has-post-thumbnail","6":"product_cat-marca","7":"product_cat-himalaya","9":"first","10":"instock","11":"shipping-taxable","12":"purchasable","13":"product-type-simple"},"_links":{"self":[{"href":"https:\/\/neelayurvedics.es\/index.php?rest_route=\/wp\/v2\/product\/10247","targetHints":{"allow":["GET"]}}],"collection":[{"href":"https:\/\/neelayurvedics.es\/index.php?rest_route=\/wp\/v2\/product"}],"about":[{"href":"https:\/\/neelayurvedics.es\/index.php?rest_route=\/wp\/v2\/types\/product"}],"replies":[{"embeddable":true,"href":"https:\/\/neelayurvedics.es\/index.php?rest_route=%2Fwp%2Fv2%2Fcomments&post=10247"}],"wp:featuredmedia":[{"embeddable":true,"href":"https:\/\/neelayurvedics.es\/index.php?rest_route=\/wp\/v2\/media\/10248"}],"wp:attachment":[{"href":"https:\/\/neelayurvedics.es\/index.php?rest_route=%2Fwp%2Fv2%2Fmedia&parent=10247"}],"wp:term":[{"taxonomy":"product_brand","embeddable":true,"href":"https:\/\/neelayurvedics.es\/index.php?rest_route=%2Fwp%2Fv2%2Fproduct_brand&post=10247"},{"taxonomy":"product_cat","embeddable":true,"href":"https:\/\/neelayurvedics.es\/index.php?rest_route=%2Fwp%2Fv2%2Fproduct_cat&post=10247"},{"taxonomy":"product_tag","embeddable":true,"href":"https:\/\/neelayurvedics.es\/index.php?rest_route=%2Fwp%2Fv2%2Fproduct_tag&post=10247"}],"curies":[{"name":"wp","href":"https:\/\/api.w.org\/{rel}","templated":true}]}}