{"id":10274,"date":"2025-04-25T13:24:11","date_gmt":"2025-04-25T13:24:11","guid":{"rendered":"https:\/\/neelayurvedics.es\/?post_type=product&#038;p=10274"},"modified":"2025-04-25T13:24:11","modified_gmt":"2025-04-25T13:24:11","slug":"himalaya-mentat-jarabe-200-ml","status":"publish","type":"product","link":"https:\/\/neelayurvedics.es\/?product=himalaya-mentat-jarabe-200-ml","title":{"rendered":"Himalaya Mentat Jarabe \u2013 200 Ml"},"content":{"rendered":"<p><span>El jarabe de menta del Himalaya favorece la canalizaci\u00f3n de la energ\u00eda mental, as\u00ed como el fortalecimiento de la memoria y la capacidad de aprendizaje. Contiene abundante brahmi, ashwagandha y madhukaparni. Las sustancias naturales del mentat contribuyen al mantenimiento del coeficiente intelectual, la memoria y la capacidad de atenci\u00f3n.<\/span><\/p>\n<h3><span>Beneficios \u00fanicos<\/span><span>\u00a0: &#8211;<\/span><\/h3>\n<ul>\n<li><span>La centella asi\u00e1tica (madhukaparni) posee propiedades antiepil\u00e9pticas y se utiliza com\u00fanmente como adyuvante de los f\u00e1rmacos antiepil\u00e9pticos. Equilibra los niveles de amino\u00e1cidos, lo cual es beneficioso en el tratamiento de la depresi\u00f3n. Tambi\u00e9n previene el deterioro cognitivo.<\/span><\/li>\n<li><span>La gratiola (brahmi) de hojas de tomillo mantiene la funci\u00f3n cognitiva. Conocida por su efecto nootr\u00f3pico (potenciador de la memoria), esta hierba mejora la memoria y el aprendizaje. Tambi\u00e9n es conocida por calmar la inquietud y se utiliza para tratar diversos trastornos mentales.<\/span><\/li>\n<li><span>La cereza de invierno (ashvagandha) se utiliza como estabilizador del \u00e1nimo en casos cl\u00ednicos de ansiedad y depresi\u00f3n. Los withan\u00f3lidos, componentes qu\u00edmicos presentes en la cereza de invierno, poseen propiedades rejuvenecedoras. Esta hierba tambi\u00e9n reduce el estr\u00e9s oxidativo, que puede causar fatiga mental.<\/span><\/li>\n<\/ul>\n<h3><span>Ingredientes<\/span><span>\u00a0:-<\/span><\/h3>\n<ul>\n<li><span>Centella india<\/span><\/li>\n<li><span>Gratiola de hojas de tomillo<\/span><\/li>\n<li><span>Cereza de invierno<\/span><\/li>\n<\/ul>\n<h3><span>Instrucciones de uso<\/span><span> :-<\/span><\/h3>\n<ul>\n<li><span>Extraiga una cantidad adecuada y apl\u00edquela en la zona deseada del rostro o en todo el cuerpo.<\/span><\/li>\n<\/ul>\n","protected":false},"excerpt":{"rendered":"<p><span>El jarabe de mentat del Himalaya tiene propiedades calmantes que ayudan a tratar el insomnio y las convulsiones. El mentat puede usarse como adyuvante para tratar la epilepsia y la enuresis. Es beneficioso para abordar problemas de memoria y aprendizaje, as\u00ed como la fluctuaci\u00f3n de la atenci\u00f3n, la disminuci\u00f3n de la concentraci\u00f3n, el lenguaje y el aprendizaje.<\/span><\/p>\n<p><span>El jarabe Himalaya Mentat ayuda a controlar problemas de conducta como estados hipercin\u00e9ticos, conducta antisocial, rabietas, comportamiento agresivo, enuresis, trastorno por d\u00e9ficit de atenci\u00f3n e hiperactividad (TDAH), ansiedad y problemas relacionados con el estr\u00e9s. Su consumo regular ayuda a controlar el cansancio mental.<\/span><\/p>\n<ul>\n<li><span>Mantiene la funci\u00f3n cognitiva<\/span><\/li>\n<li><span>Equilibra los niveles de amino\u00e1cidos.<\/span><\/li>\n<li><span>Reduce el estr\u00e9s oxidativo<\/span><\/li>\n<\/ul>\n","protected":false},"featured_media":10275,"comment_status":"open","ping_status":"closed","template":"","meta":[],"product_brand":[],"product_cat":[200,279],"product_tag":[],"class_list":{"0":"post-10274","1":"product","2":"type-product","3":"status-publish","4":"has-post-thumbnail","6":"product_cat-marca","7":"product_cat-himalaya","9":"first","10":"instock","11":"shipping-taxable","12":"purchasable","13":"product-type-simple"},"_links":{"self":[{"href":"https:\/\/neelayurvedics.es\/index.php?rest_route=\/wp\/v2\/product\/10274","targetHints":{"allow":["GET"]}}],"collection":[{"href":"https:\/\/neelayurvedics.es\/index.php?rest_route=\/wp\/v2\/product"}],"about":[{"href":"https:\/\/neelayurvedics.es\/index.php?rest_route=\/wp\/v2\/types\/product"}],"replies":[{"embeddable":true,"href":"https:\/\/neelayurvedics.es\/index.php?rest_route=%2Fwp%2Fv2%2Fcomments&post=10274"}],"wp:featuredmedia":[{"embeddable":true,"href":"https:\/\/neelayurvedics.es\/index.php?rest_route=\/wp\/v2\/media\/10275"}],"wp:attachment":[{"href":"https:\/\/neelayurvedics.es\/index.php?rest_route=%2Fwp%2Fv2%2Fmedia&parent=10274"}],"wp:term":[{"taxonomy":"product_brand","embeddable":true,"href":"https:\/\/neelayurvedics.es\/index.php?rest_route=%2Fwp%2Fv2%2Fproduct_brand&post=10274"},{"taxonomy":"product_cat","embeddable":true,"href":"https:\/\/neelayurvedics.es\/index.php?rest_route=%2Fwp%2Fv2%2Fproduct_cat&post=10274"},{"taxonomy":"product_tag","embeddable":true,"href":"https:\/\/neelayurvedics.es\/index.php?rest_route=%2Fwp%2Fv2%2Fproduct_tag&post=10274"}],"curies":[{"name":"wp","href":"https:\/\/api.w.org\/{rel}","templated":true}]}}