{"id":10471,"date":"2025-05-14T12:12:01","date_gmt":"2025-05-14T12:12:01","guid":{"rendered":"https:\/\/neelayurvedics.es\/?post_type=product&#038;p=10471"},"modified":"2025-05-14T12:12:03","modified_gmt":"2025-05-14T12:12:03","slug":"himalaya-talekt-tableta-60-tabletas","status":"publish","type":"product","link":"https:\/\/neelayurvedics.es\/?product=himalaya-talekt-tableta-60-tabletas","title":{"rendered":"Himalaya Talekt Tableta &#8211; 60 Tabletas"},"content":{"rendered":"<h3><strong><u>Beneficios \u00fanicos<\/u><\/strong><strong> : &#8211;<\/strong><\/h3>\n<ul>\n<li><span>El neem es beneficioso para las infecciones bacterianas de la piel y mata las bacterias que causan el acn\u00e9.<\/span><\/li>\n<li><span>Es un desintoxicante que elimina las impurezas de la superficie de la piel.<\/span><\/li>\n<li><span>Tiene propiedades antiinflamatorias que ayudan a reducir el enrojecimiento y la inflamaci\u00f3n.<\/span><\/li>\n<li><span>La c\u00farcuma tiene fuertes propiedades antiinflamatorias y antial\u00e9rgicas.<\/span><\/li>\n<li><span>Es un potente agente antimicrobiano que combate las bacterias comunes.<\/span><\/li>\n<li><span>Tambi\u00e9n acelera el proceso de curaci\u00f3n de heridas.<\/span><\/li>\n<\/ul>\n<h3><u>Ingredientes<\/u>\u00a0:-<\/h3>\n<div class=\"product-block product-block--tab\">\n<div class=\"collapsibles-wrapper collapsibles-wrapper--border-bottom\">\n<div id=\"Product-content-b73277ab-0115-4325-9483-2f521b4a32544164019060835\" class=\"collapsible-content collapsible-content--all is-open\">\n<div class=\"collapsible-content__inner rte\">\n<ul>\n<li><span>Llevar<\/span><\/li>\n<li><span>C\u00farcuma<\/span><\/li>\n<\/ul>\n<\/div>\n<\/div>\n<\/div>\n<\/div>\n<h3><u>Instrucciones de uso<\/u>\u00a0:-<\/h3>\n<ul>\n<li><span>\u00daselo seg\u00fan las indicaciones del profesional de la salud.<\/span><\/li>\n<\/ul>\n","protected":false},"excerpt":{"rendered":"<p><span>Himalaya Talekt Tablet es un medicamento ayurv\u00e9dico que contiene neem y c\u00farcuma, que ayudan en el tratamiento de afecciones cut\u00e1neas. Las propiedades antibacterianas del neem destruyen los microorganismos causantes del acn\u00e9. La c\u00farcuma contiene propiedades antiinflamatorias que alivian y reducen la irritaci\u00f3n de la piel.<\/span><\/p>\n<ul>\n<li><span>Elaborado con potentes ingredientes ayurv\u00e9dicos.<\/span><\/li>\n<li><span>La tableta Himalaya Talekt ayuda a aliviar diversas afecciones de la piel.<\/span><\/li>\n<li><span>Reduce el acn\u00e9 y los granos.<\/span><\/li>\n<\/ul>\n","protected":false},"featured_media":10472,"comment_status":"open","ping_status":"closed","template":"","meta":[],"product_brand":[],"product_cat":[200,279],"product_tag":[],"class_list":{"0":"post-10471","1":"product","2":"type-product","3":"status-publish","4":"has-post-thumbnail","6":"product_cat-marca","7":"product_cat-himalaya","9":"first","10":"instock","11":"shipping-taxable","12":"purchasable","13":"product-type-simple"},"_links":{"self":[{"href":"https:\/\/neelayurvedics.es\/index.php?rest_route=\/wp\/v2\/product\/10471","targetHints":{"allow":["GET"]}}],"collection":[{"href":"https:\/\/neelayurvedics.es\/index.php?rest_route=\/wp\/v2\/product"}],"about":[{"href":"https:\/\/neelayurvedics.es\/index.php?rest_route=\/wp\/v2\/types\/product"}],"replies":[{"embeddable":true,"href":"https:\/\/neelayurvedics.es\/index.php?rest_route=%2Fwp%2Fv2%2Fcomments&post=10471"}],"wp:featuredmedia":[{"embeddable":true,"href":"https:\/\/neelayurvedics.es\/index.php?rest_route=\/wp\/v2\/media\/10472"}],"wp:attachment":[{"href":"https:\/\/neelayurvedics.es\/index.php?rest_route=%2Fwp%2Fv2%2Fmedia&parent=10471"}],"wp:term":[{"taxonomy":"product_brand","embeddable":true,"href":"https:\/\/neelayurvedics.es\/index.php?rest_route=%2Fwp%2Fv2%2Fproduct_brand&post=10471"},{"taxonomy":"product_cat","embeddable":true,"href":"https:\/\/neelayurvedics.es\/index.php?rest_route=%2Fwp%2Fv2%2Fproduct_cat&post=10471"},{"taxonomy":"product_tag","embeddable":true,"href":"https:\/\/neelayurvedics.es\/index.php?rest_route=%2Fwp%2Fv2%2Fproduct_tag&post=10471"}],"curies":[{"name":"wp","href":"https:\/\/api.w.org\/{rel}","templated":true}]}}