{"id":17290,"date":"2025-10-06T11:16:07","date_gmt":"2025-10-06T11:16:07","guid":{"rendered":"https:\/\/neelayurvedics.es\/?post_type=product&#038;p=17290"},"modified":"2025-10-06T11:16:10","modified_gmt":"2025-10-06T11:16:10","slug":"neel-ayurvedics-jabon-facial-en-polvo-herbal","status":"publish","type":"product","link":"https:\/\/neelayurvedics.es\/?product=neel-ayurvedics-jabon-facial-en-polvo-herbal","title":{"rendered":"Neel Ayurvedics Jab\u00f3n facial en polvo herbal"},"content":{"rendered":"<h3>Neel Ayurvedics Jab\u00f3n facial en polvo herbal<\/h3>\n<h3><strong>Beneficios :-<\/strong><\/h3>\n<ol>\n<li>Limpieza profunda y desintoxicante: Este limpiador facial herbal proporciona una limpieza profunda que elimina la suciedad, las impurezas y el exceso de grasa, dejando la piel fresca y purificada. Sus ingredientes act\u00faan en conjunto para desintoxicar la piel de forma natural.<\/li>\n<li>Control del acn\u00e9 y las imperfecciones: La combinaci\u00f3n de \u00e1cido salic\u00edlico y hierbas antibacterianas como el neem ayuda a prevenir y tratar el acn\u00e9, minimizando las imperfecciones y garantizando una piel limpia y sana.<\/li>\n<li>Iluminaci\u00f3n y tono uniforme: La niacinamida, junto con otros ingredientes herbales, ayuda a iluminar la piel, reducir la decoloraci\u00f3n y promover un tono uniforme.<\/li>\n<li>Hidrataci\u00f3n y reparaci\u00f3n de la piel: Este limpiador facial no solo limpia, sino que tambi\u00e9n hidrata y repara la piel, garantizando que conserve su equilibrio de hidrataci\u00f3n y la mantenga suave y tersa.<\/li>\n<\/ol>\n<h3><strong>Ingredientes clave :-<\/strong><\/h3>\n<ul>\n<li>La f\u00f3rmula est\u00e1 enriquecida con m\u00e1s de 10 potentes ingredientes ayurv\u00e9dicos que se han utilizado durante siglos por sus propiedades curativas y para el cuidado de la piel. Algunos de los ingredientes clave incluyen: Neem, Kasturi Haldi, Mulethi, Brahmi, Manjistha, Aloe Vera, Arcilla de Lodo Marino, Arcilla de Bentonita, Arcilla Multani Mitti, Polvo de C\u00e1scara de Nuez, Niacinamida (Vitamina B3), Amino\u00e1cidos Naturales (de Origen Vegetal), \u00c1cido Salic\u00edlico, Cocoil Isetionato de Sodio (Derivado del Coco), Benzonato de Sodio (Conservante).<\/li>\n<\/ul>\n<h3><strong>Modo de empleo :-<\/strong><\/h3>\n<ol>\n<li>Tomar el polvo: Colocar aproximadamente \u00bd cucharadita del limpiador facial herbal en la palma de la mano.<\/li>\n<li>A\u00f1adir agua: Agregar unas gotas de agua o agua de rosas al polvo para formar espuma.<\/li>\n<li>Aplicar y limpiar: Masajear suavemente la mezcla sobre el rostro h\u00famedo con movimientos circulares durante 1 o 2 minutos, evitando el contorno de los ojos.<\/li>\n<li>Enjuagar: Lavarse bien el rostro con agua para lucir una piel limpia y fresca.<\/li>\n<\/ol>\n<h3><strong>Conservaci\u00f3n :-<\/strong><\/h3>\n<ul>\n<li>Para mantener la frescura y eficacia del producto, conservarlo en un lugar fresco y seco, alejado de la luz solar directa. Tambi\u00e9n se recomienda manipular el producto con las manos limpias o una esp\u00e1tula para garantizar la higiene.<\/li>\n<\/ul>\n<h3><strong>Precauci\u00f3n :-<\/strong><\/h3>\n<ul>\n<li>Solo para uso externo.<\/li>\n<li>Se recomienda realizar una prueba cut\u00e1nea antes de usar cualquier producto nuevo para el cuidado de la piel para asegurarse de no ser al\u00e9rgico a ninguno de los ingredientes.<\/li>\n<li>Evitar el contacto con los ojos. Si el producto entra en contacto con los ojos, enjuagar inmediatamente con agua.<\/li>\n<\/ul>\n","protected":false},"excerpt":{"rendered":"<h3>Neel Ayurvedics Jab\u00f3n facial en polvo herbal<\/h3>\n<p>El Jab\u00f3n Facial con Polvo Herbal de Origen Vegetal Neel Ayurvedics es un producto premium para el cuidado de la piel, elaborado con la combinaci\u00f3n perfecta de hierbas ayurv\u00e9dicas para limpiar, desintoxicar y rejuvenecer la piel de forma natural. Est\u00e1 dise\u00f1ado para quienes buscan un jab\u00f3n facial suave pero eficaz que combine el poder de las hierbas tradicionales con las necesidades modernas del cuidado de la piel. Este jab\u00f3n facial es ideal para todo tipo de piel y ofrece una variedad de beneficios, como el control del acn\u00e9, la luminosidad y la hidrataci\u00f3n.<\/p>\n","protected":false},"featured_media":17265,"comment_status":"open","ping_status":"closed","template":"","meta":[],"product_brand":[285],"product_cat":[249,200,252],"product_tag":[],"class_list":{"0":"post-17290","1":"product","2":"type-product","3":"status-publish","4":"has-post-thumbnail","6":"product_brand-neel-ayurvedics","7":"product_cat-neel-ayurvedics-polvos-herbales","8":"product_cat-marca","9":"product_cat-neel-ayurvedics","11":"first","12":"instock","13":"shipping-taxable","14":"purchasable","15":"product-type-simple"},"_links":{"self":[{"href":"https:\/\/neelayurvedics.es\/index.php?rest_route=\/wp\/v2\/product\/17290","targetHints":{"allow":["GET"]}}],"collection":[{"href":"https:\/\/neelayurvedics.es\/index.php?rest_route=\/wp\/v2\/product"}],"about":[{"href":"https:\/\/neelayurvedics.es\/index.php?rest_route=\/wp\/v2\/types\/product"}],"replies":[{"embeddable":true,"href":"https:\/\/neelayurvedics.es\/index.php?rest_route=%2Fwp%2Fv2%2Fcomments&post=17290"}],"wp:featuredmedia":[{"embeddable":true,"href":"https:\/\/neelayurvedics.es\/index.php?rest_route=\/wp\/v2\/media\/17265"}],"wp:attachment":[{"href":"https:\/\/neelayurvedics.es\/index.php?rest_route=%2Fwp%2Fv2%2Fmedia&parent=17290"}],"wp:term":[{"taxonomy":"product_brand","embeddable":true,"href":"https:\/\/neelayurvedics.es\/index.php?rest_route=%2Fwp%2Fv2%2Fproduct_brand&post=17290"},{"taxonomy":"product_cat","embeddable":true,"href":"https:\/\/neelayurvedics.es\/index.php?rest_route=%2Fwp%2Fv2%2Fproduct_cat&post=17290"},{"taxonomy":"product_tag","embeddable":true,"href":"https:\/\/neelayurvedics.es\/index.php?rest_route=%2Fwp%2Fv2%2Fproduct_tag&post=17290"}],"curies":[{"name":"wp","href":"https:\/\/api.w.org\/{rel}","templated":true}]}}