{"id":5955,"date":"2024-12-21T05:31:12","date_gmt":"2024-12-21T05:31:12","guid":{"rendered":"https:\/\/neelayurvedics.es\/?post_type=product&#038;p=5955"},"modified":"2025-03-29T07:57:11","modified_gmt":"2025-03-29T07:57:11","slug":"vaidyaratnam-ashtavargam-kashayam-200ml","status":"publish","type":"product","link":"https:\/\/neelayurvedics.es\/?product=vaidyaratnam-ashtavargam-kashayam-200ml","title":{"rendered":"Vaidyaratnam Ashtavargam Kashayam \u2013 200 ML"},"content":{"rendered":"<h3>Composici\u00f3n de Vaidyaratnam Ashtavargam Kashayam: &#8211;<\/h3>\n<ul>\n<li>Bala<\/li>\n<li>Soledad<\/li>\n<li>Rasna<\/li>\n<li>Lasuna<\/li>\n<li>Eranda<\/li>\n<li>Nirgundi<\/li>\n<li>Devadaru<\/li>\n<li>Sahachara<\/li>\n<\/ul>\n<h3>Beneficios de Vaidyaratnam Ashtavargam Kashayam: &#8211;<\/h3>\n<ul>\n<li>Par\u00e1lisis<\/li>\n<li>Entumecimiento<\/li>\n<li>Trastornos reum\u00e1ticos<\/li>\n<\/ul>\n<h3>Dosis de Vaidyaratnam Ashtavargam Kashayam: &#8211;<\/h3>\n<ul>\n<li>15 ml dos veces al d\u00eda, una hora antes de las comidas, con cuatro sorbos de agua tibia.<\/li>\n<li>Seg\u00fan lo indique el m\u00e9dico.<\/li>\n<\/ul>\n","protected":false},"excerpt":{"rendered":"<p>El Vaidyaratnam Ashtavargam Kashayam es eficaz para tratar trastornos neurop\u00e1ticos, reducir el dolor y abordar afecciones reum\u00e1ticas, par\u00e1lisis y entumecimiento causados \u200b\u200bpor disfunci\u00f3n del sistema nervioso.<\/p>\n","protected":false},"featured_media":5956,"comment_status":"open","ping_status":"closed","template":"","meta":[],"product_brand":[],"product_cat":[200,195,247],"product_tag":[],"class_list":{"0":"post-5955","1":"product","2":"type-product","3":"status-publish","4":"has-post-thumbnail","6":"product_cat-marca","7":"product_cat-productos-ayurvedicos","8":"product_cat-vaidyaratnam","10":"first","11":"instock","12":"shipping-taxable","13":"purchasable","14":"product-type-simple"},"_links":{"self":[{"href":"https:\/\/neelayurvedics.es\/index.php?rest_route=\/wp\/v2\/product\/5955","targetHints":{"allow":["GET"]}}],"collection":[{"href":"https:\/\/neelayurvedics.es\/index.php?rest_route=\/wp\/v2\/product"}],"about":[{"href":"https:\/\/neelayurvedics.es\/index.php?rest_route=\/wp\/v2\/types\/product"}],"replies":[{"embeddable":true,"href":"https:\/\/neelayurvedics.es\/index.php?rest_route=%2Fwp%2Fv2%2Fcomments&post=5955"}],"wp:featuredmedia":[{"embeddable":true,"href":"https:\/\/neelayurvedics.es\/index.php?rest_route=\/wp\/v2\/media\/5956"}],"wp:attachment":[{"href":"https:\/\/neelayurvedics.es\/index.php?rest_route=%2Fwp%2Fv2%2Fmedia&parent=5955"}],"wp:term":[{"taxonomy":"product_brand","embeddable":true,"href":"https:\/\/neelayurvedics.es\/index.php?rest_route=%2Fwp%2Fv2%2Fproduct_brand&post=5955"},{"taxonomy":"product_cat","embeddable":true,"href":"https:\/\/neelayurvedics.es\/index.php?rest_route=%2Fwp%2Fv2%2Fproduct_cat&post=5955"},{"taxonomy":"product_tag","embeddable":true,"href":"https:\/\/neelayurvedics.es\/index.php?rest_route=%2Fwp%2Fv2%2Fproduct_tag&post=5955"}],"curies":[{"name":"wp","href":"https:\/\/api.w.org\/{rel}","templated":true}]}}