{"id":5990,"date":"2024-12-21T07:07:08","date_gmt":"2024-12-21T07:07:08","guid":{"rendered":"https:\/\/neelayurvedics.es\/?post_type=product&#038;p=5990"},"modified":"2025-03-29T08:02:59","modified_gmt":"2025-03-29T08:02:59","slug":"vaidyaratnam-bhrahmee-ghrutham-150-gm","status":"publish","type":"product","link":"https:\/\/neelayurvedics.es\/?product=vaidyaratnam-bhrahmee-ghrutham-150-gm","title":{"rendered":"Vaidyaratnam Bhrahmee Ghrutham \u2013 150 Gm"},"content":{"rendered":"<h3>Composici\u00f3n de Vaidyaratnam Brahmee Ghrutham:<\/h3>\n<ul>\n<li>Swarasa-Brahmi<\/li>\n<li>Kalka-Sunti<\/li>\n<li>Discusi\u00f3n<\/li>\n<li>Pipali<\/li>\n<li>Aragwadha<\/li>\n<li>Trivrit<\/li>\n<li>Dientes<\/li>\n<li>Sankhupushpi<\/li>\n<li>Trivrit<\/li>\n<li>Teca<\/li>\n<li>Vidang\u00e1<\/li>\n<\/ul>\n<h3>Beneficios de Vaidyaratnam Brahmee Ghrutham:<\/h3>\n<ol>\n<li>Man\u00eda, afecciones de la piel, epilepsia y mejora de la inteligencia.<\/li>\n<\/ol>\n<h3>Dosis de Vaidyaratnam Brahmee Ghrutham:<\/h3>\n<ol>\n<li>5 a 10 g una o dos veces al d\u00eda, o seg\u00fan especifique el m\u00e9dico.<\/li>\n<\/ol>\n","protected":false},"excerpt":{"rendered":"<p>Composici\u00f3n de Vaidyaratnam Brahmee Ghrutham: Swarasa-Brahmi Kalka-Sunti Discusi\u00f3n Pipali Aragwadha Trivrit Dientes Sankhupushpi Trivrit Teca Vidang\u00e1 Beneficios de Vaidyaratnam Brahmee Ghrutham: Man\u00eda, afecciones de la piel, epilepsia y mejora de la inteligencia. Dosis de Vaidyaratnam Brahmee Ghrutham: 5 a 10 g una o dos veces al d\u00eda, o seg\u00fan especifique el m\u00e9dico.<\/p>\n","protected":false},"featured_media":5992,"comment_status":"open","ping_status":"closed","template":"","meta":[],"product_brand":[],"product_cat":[200,195,247],"product_tag":[],"class_list":{"0":"post-5990","1":"product","2":"type-product","3":"status-publish","4":"has-post-thumbnail","6":"product_cat-marca","7":"product_cat-productos-ayurvedicos","8":"product_cat-vaidyaratnam","10":"first","11":"instock","12":"shipping-taxable","13":"purchasable","14":"product-type-simple"},"_links":{"self":[{"href":"https:\/\/neelayurvedics.es\/index.php?rest_route=\/wp\/v2\/product\/5990","targetHints":{"allow":["GET"]}}],"collection":[{"href":"https:\/\/neelayurvedics.es\/index.php?rest_route=\/wp\/v2\/product"}],"about":[{"href":"https:\/\/neelayurvedics.es\/index.php?rest_route=\/wp\/v2\/types\/product"}],"replies":[{"embeddable":true,"href":"https:\/\/neelayurvedics.es\/index.php?rest_route=%2Fwp%2Fv2%2Fcomments&post=5990"}],"wp:featuredmedia":[{"embeddable":true,"href":"https:\/\/neelayurvedics.es\/index.php?rest_route=\/wp\/v2\/media\/5992"}],"wp:attachment":[{"href":"https:\/\/neelayurvedics.es\/index.php?rest_route=%2Fwp%2Fv2%2Fmedia&parent=5990"}],"wp:term":[{"taxonomy":"product_brand","embeddable":true,"href":"https:\/\/neelayurvedics.es\/index.php?rest_route=%2Fwp%2Fv2%2Fproduct_brand&post=5990"},{"taxonomy":"product_cat","embeddable":true,"href":"https:\/\/neelayurvedics.es\/index.php?rest_route=%2Fwp%2Fv2%2Fproduct_cat&post=5990"},{"taxonomy":"product_tag","embeddable":true,"href":"https:\/\/neelayurvedics.es\/index.php?rest_route=%2Fwp%2Fv2%2Fproduct_tag&post=5990"}],"curies":[{"name":"wp","href":"https:\/\/api.w.org\/{rel}","templated":true}]}}