{"id":6043,"date":"2024-12-21T11:22:18","date_gmt":"2024-12-21T11:22:18","guid":{"rendered":"https:\/\/neelayurvedics.es\/?post_type=product&#038;p=6043"},"modified":"2025-03-29T09:57:13","modified_gmt":"2025-03-29T09:57:13","slug":"vaidyaratnam-chiruvilwadi-ghrutham-150-gm","status":"publish","type":"product","link":"https:\/\/neelayurvedics.es\/?product=vaidyaratnam-chiruvilwadi-ghrutham-150-gm","title":{"rendered":"Vaidyaratnam Chiruvilwadi Ghrutham \u2013 150 Gm"},"content":{"rendered":"<h3>Composici\u00f3n de Vaidyaratnam Chiruvilwadi Ghrutham:<\/h3>\n<ul>\n<li>Chiruvilwa<\/li>\n<li>Punarnava<\/li>\n<li>Kalka-Pippali<\/li>\n<li>Pippalimoola<\/li>\n<li>Dhanyakam<\/li>\n<li>Dadima<\/li>\n<\/ul>\n<h3>Beneficios de Vaidyaratnam Chiruvilwadi Ghrutham:<\/h3>\n<ol>\n<li>Hemorroides<\/li>\n<li>Hinchaz\u00f3n<\/li>\n<li>F\u00edstula<\/li>\n<\/ol>\n<h3>Dosis de Vaidyaratnam Chiruvilwadi Ghrutham:<\/h3>\n<ol>\n<li>10 g una o dos veces al d\u00eda, o seg\u00fan prescripci\u00f3n m\u00e9dica.<\/li>\n<\/ol>\n","protected":false},"excerpt":{"rendered":"<p>Composici\u00f3n de Vaidyaratnam Chiruvilwadi Ghrutham: Chiruvilwa Punarnava Kalka-Pippali Pippalimoola Dhanyakam Dadima Beneficios de Vaidyaratnam Chiruvilwadi Ghrutham: Hemorroides Hinchaz\u00f3n F\u00edstula Dosis de Vaidyaratnam Chiruvilwadi Ghrutham: 10 g una o dos veces al d\u00eda, o seg\u00fan prescripci\u00f3n m\u00e9dica.<\/p>\n","protected":false},"featured_media":6045,"comment_status":"open","ping_status":"closed","template":"","meta":[],"product_brand":[],"product_cat":[200,195,247],"product_tag":[],"class_list":{"0":"post-6043","1":"product","2":"type-product","3":"status-publish","4":"has-post-thumbnail","6":"product_cat-marca","7":"product_cat-productos-ayurvedicos","8":"product_cat-vaidyaratnam","10":"first","11":"instock","12":"shipping-taxable","13":"purchasable","14":"product-type-simple"},"_links":{"self":[{"href":"https:\/\/neelayurvedics.es\/index.php?rest_route=\/wp\/v2\/product\/6043","targetHints":{"allow":["GET"]}}],"collection":[{"href":"https:\/\/neelayurvedics.es\/index.php?rest_route=\/wp\/v2\/product"}],"about":[{"href":"https:\/\/neelayurvedics.es\/index.php?rest_route=\/wp\/v2\/types\/product"}],"replies":[{"embeddable":true,"href":"https:\/\/neelayurvedics.es\/index.php?rest_route=%2Fwp%2Fv2%2Fcomments&post=6043"}],"wp:featuredmedia":[{"embeddable":true,"href":"https:\/\/neelayurvedics.es\/index.php?rest_route=\/wp\/v2\/media\/6045"}],"wp:attachment":[{"href":"https:\/\/neelayurvedics.es\/index.php?rest_route=%2Fwp%2Fv2%2Fmedia&parent=6043"}],"wp:term":[{"taxonomy":"product_brand","embeddable":true,"href":"https:\/\/neelayurvedics.es\/index.php?rest_route=%2Fwp%2Fv2%2Fproduct_brand&post=6043"},{"taxonomy":"product_cat","embeddable":true,"href":"https:\/\/neelayurvedics.es\/index.php?rest_route=%2Fwp%2Fv2%2Fproduct_cat&post=6043"},{"taxonomy":"product_tag","embeddable":true,"href":"https:\/\/neelayurvedics.es\/index.php?rest_route=%2Fwp%2Fv2%2Fproduct_tag&post=6043"}],"curies":[{"name":"wp","href":"https:\/\/api.w.org\/{rel}","templated":true}]}}