{"id":6072,"date":"2024-12-21T12:05:53","date_gmt":"2024-12-21T12:05:53","guid":{"rendered":"https:\/\/neelayurvedics.es\/?post_type=product&#038;p=6072"},"modified":"2025-04-10T06:42:19","modified_gmt":"2025-04-10T06:42:19","slug":"vaidyaratnam-dasamoolarishtam-450-ml","status":"publish","type":"product","link":"https:\/\/neelayurvedics.es\/?product=vaidyaratnam-dasamoolarishtam-450-ml","title":{"rendered":"Vaidyaratnam Dasamoolarishtam \u2013 450 ML"},"content":{"rendered":"<h3>Composici\u00f3n de Vaidyaratnam Dasamoolarishtam:<\/h3>\n<ul>\n<li>Bilva<\/li>\n<li>Shyonaka<\/li>\n<li>Gambhari<\/li>\n<li>Patala<\/li>\n<li>Agnimanta<\/li>\n<li>Shalaparni<\/li>\n<li>Prishniparni<\/li>\n<li>Brihati<\/li>\n<li>Cantakari<\/li>\n<li>Gokshura<\/li>\n<li>Chitraka<\/li>\n<li>Pushkaramula<\/li>\n<li>Guduchi<\/li>\n<li>Lodhra<\/li>\n<li>Manjistha<\/li>\n<\/ul>\n<h3>Beneficios de Vaidyaratnam Dasamoolarishtam:<\/h3>\n<ol>\n<li>Est\u00e1 tradicionalmente indicado en una amplia gama de enfermedades, incluido el s\u00edndrome del intestino irritable, enfermedades respiratorias, hemorroides, f\u00edstula anal, debilidad general, anemia, ictericia, trastornos de la piel, ascitis y c\u00e1lculos urinarios.<\/li>\n<li>Nutre a los delgados y d\u00e9biles y demacra a los obesos.<\/li>\n<li>Beneficia la infertilidad femenina promoviendo el crecimiento fetal saludable y mejorando la calidad y cantidad de los espermatozoides.<\/li>\n<li>Es un agente inmunomodulador que fortalece el sistema inmunol\u00f3gico y aumenta la inmunidad.<\/li>\n<\/ol>\n<h3>Dosis de Vaidyaratnam Dasamoolarishtam:<\/h3>\n<ul>\n<li>Utilizar seg\u00fan las indicaciones del m\u00e9dico.<\/li>\n<\/ul>\n","protected":false},"excerpt":{"rendered":"<ul>\n<li>Vaidyaratnam Dasamoolarishtam se utiliza para tratar diversas enfermedades, incluidas la indigesti\u00f3n y el cuidado de la madre despu\u00e9s del parto. Es reconocido por sus propiedades digestivas, carminativas, antiinflamatorias y analg\u00e9sicas.<\/li>\n<li>Se prescribe para todas las afecciones dolorosas, incluidas la artritis reumatoide, la osteoartritis y otros trastornos de las articulaciones.<\/li>\n<\/ul>\n","protected":false},"featured_media":6073,"comment_status":"open","ping_status":"closed","template":"","meta":[],"product_brand":[],"product_cat":[195,200,247],"product_tag":[],"class_list":{"0":"post-6072","1":"product","2":"type-product","3":"status-publish","4":"has-post-thumbnail","6":"product_cat-productos-ayurvedicos","7":"product_cat-marca","8":"product_cat-vaidyaratnam","10":"first","11":"instock","12":"shipping-taxable","13":"purchasable","14":"product-type-simple"},"_links":{"self":[{"href":"https:\/\/neelayurvedics.es\/index.php?rest_route=\/wp\/v2\/product\/6072","targetHints":{"allow":["GET"]}}],"collection":[{"href":"https:\/\/neelayurvedics.es\/index.php?rest_route=\/wp\/v2\/product"}],"about":[{"href":"https:\/\/neelayurvedics.es\/index.php?rest_route=\/wp\/v2\/types\/product"}],"replies":[{"embeddable":true,"href":"https:\/\/neelayurvedics.es\/index.php?rest_route=%2Fwp%2Fv2%2Fcomments&post=6072"}],"wp:featuredmedia":[{"embeddable":true,"href":"https:\/\/neelayurvedics.es\/index.php?rest_route=\/wp\/v2\/media\/6073"}],"wp:attachment":[{"href":"https:\/\/neelayurvedics.es\/index.php?rest_route=%2Fwp%2Fv2%2Fmedia&parent=6072"}],"wp:term":[{"taxonomy":"product_brand","embeddable":true,"href":"https:\/\/neelayurvedics.es\/index.php?rest_route=%2Fwp%2Fv2%2Fproduct_brand&post=6072"},{"taxonomy":"product_cat","embeddable":true,"href":"https:\/\/neelayurvedics.es\/index.php?rest_route=%2Fwp%2Fv2%2Fproduct_cat&post=6072"},{"taxonomy":"product_tag","embeddable":true,"href":"https:\/\/neelayurvedics.es\/index.php?rest_route=%2Fwp%2Fv2%2Fproduct_tag&post=6072"}],"curies":[{"name":"wp","href":"https:\/\/api.w.org\/{rel}","templated":true}]}}