{"id":6122,"date":"2024-12-23T09:39:24","date_gmt":"2024-12-23T09:39:24","guid":{"rendered":"https:\/\/neelayurvedics.es\/?post_type=product&#038;p=6122"},"modified":"2025-04-10T06:28:19","modified_gmt":"2025-04-10T06:28:19","slug":"vaidyaratnam-digestol-syrup-200ml","status":"publish","type":"product","link":"https:\/\/neelayurvedics.es\/?product=vaidyaratnam-digestol-syrup-200ml","title":{"rendered":"Vaidyaratnam Digestol Syrup \u2013 200 ML"},"content":{"rendered":"<h3>Composici\u00f3n del jarabe Vaidyaratnam Digestol:<\/h3>\n<ul>\n<li>Amalaki<\/li>\n<li>Haritaki<\/li>\n<li>Maricha<\/li>\n<li>Vidanga<\/li>\n<li>Lashuna<\/li>\n<\/ul>\n<h3>Beneficios del jarabe Vaidyaratnam Digestol:<\/h3>\n<ol>\n<li>La f\u00f3rmula promueve la secreci\u00f3n de jugo g\u00e1strico y reduce la motilidad g\u00e1strica para aliviar los s\u00edntomas de la diarrea.<\/li>\n<li>Los ingredientes ayudan a eliminar o inhibir el crecimiento de pat\u00f3genos microbianos.<\/li>\n<li>Calma el est\u00f3mago y mejora la digesti\u00f3n.<\/li>\n<li>Ayuda a aliviar flatulencias, acidez y eructos.<\/li>\n<\/ol>\n<h3>Dosis de jarabe Vaidyaratnam Digestol:<\/h3>\n<ul>\n<li>\u00daselo seg\u00fan las indicaciones del m\u00e9dico.<\/li>\n<\/ul>\n","protected":false},"excerpt":{"rendered":"<h3>Beneficios :<\/h3>\n<ul>\n<li>El jarabe Vaidyaratnam Digestol se utiliza para mejorar la digesti\u00f3n.<\/li>\n<li>Ayuda a prevenir trastornos g\u00e1stricos.<\/li>\n<li>Promueve la salud del est\u00f3mago.<\/li>\n<\/ul>\n","protected":false},"featured_media":6124,"comment_status":"open","ping_status":"closed","template":"","meta":[],"product_brand":[],"product_cat":[200,195,247],"product_tag":[],"class_list":{"0":"post-6122","1":"product","2":"type-product","3":"status-publish","4":"has-post-thumbnail","6":"product_cat-marca","7":"product_cat-productos-ayurvedicos","8":"product_cat-vaidyaratnam","10":"first","11":"instock","12":"shipping-taxable","13":"purchasable","14":"product-type-simple"},"_links":{"self":[{"href":"https:\/\/neelayurvedics.es\/index.php?rest_route=\/wp\/v2\/product\/6122","targetHints":{"allow":["GET"]}}],"collection":[{"href":"https:\/\/neelayurvedics.es\/index.php?rest_route=\/wp\/v2\/product"}],"about":[{"href":"https:\/\/neelayurvedics.es\/index.php?rest_route=\/wp\/v2\/types\/product"}],"replies":[{"embeddable":true,"href":"https:\/\/neelayurvedics.es\/index.php?rest_route=%2Fwp%2Fv2%2Fcomments&post=6122"}],"wp:featuredmedia":[{"embeddable":true,"href":"https:\/\/neelayurvedics.es\/index.php?rest_route=\/wp\/v2\/media\/6124"}],"wp:attachment":[{"href":"https:\/\/neelayurvedics.es\/index.php?rest_route=%2Fwp%2Fv2%2Fmedia&parent=6122"}],"wp:term":[{"taxonomy":"product_brand","embeddable":true,"href":"https:\/\/neelayurvedics.es\/index.php?rest_route=%2Fwp%2Fv2%2Fproduct_brand&post=6122"},{"taxonomy":"product_cat","embeddable":true,"href":"https:\/\/neelayurvedics.es\/index.php?rest_route=%2Fwp%2Fv2%2Fproduct_cat&post=6122"},{"taxonomy":"product_tag","embeddable":true,"href":"https:\/\/neelayurvedics.es\/index.php?rest_route=%2Fwp%2Fv2%2Fproduct_tag&post=6122"}],"curies":[{"name":"wp","href":"https:\/\/api.w.org\/{rel}","templated":true}]}}