{"id":6166,"date":"2024-12-24T06:06:14","date_gmt":"2024-12-24T06:06:14","guid":{"rendered":"https:\/\/neelayurvedics.es\/?post_type=product&#038;p=6166"},"modified":"2025-03-31T05:35:28","modified_gmt":"2025-03-31T05:35:28","slug":"vaidyaratnam-gandharvahasthadi-kashayam-200ml","status":"publish","type":"product","link":"https:\/\/neelayurvedics.es\/?product=vaidyaratnam-gandharvahasthadi-kashayam-200ml","title":{"rendered":"Vaidyaratnam Gandharvahasthadi Kashayam \u2013 200 ML"},"content":{"rendered":"<h3>Composici\u00f3n de Vaidyaratnam Gandharvahasthadi Kashayam:<\/h3>\n<ul>\n<li>Gandharvahasta<\/li>\n<li>Chirabilva<\/li>\n<li>Chitraka<\/li>\n<li>Shunti<\/li>\n<li>Hareetaki<\/li>\n<li>Punarnava<\/li>\n<li>Yavasa<\/li>\n<li>Bhumitaala<\/li>\n<\/ul>\n<h3>Beneficios de Vaidyaratnam Gandharvahasthadi Kashayam:<\/h3>\n<ol>\n<li>Vaidyaratnam Gandharvahasthadi Kashayam es beneficioso para la flatulencia y el estre\u00f1imiento.<\/li>\n<li>El producto ayuda en el tratamiento de la p\u00e9rdida de apetito.<\/li>\n<li>La preparaci\u00f3n se utiliza para controlar los s\u00edntomas de enfermedades reum\u00e1ticas y tratar el dolor lumbar.<\/li>\n<\/ol>\n<h3>Dosis de Vaidyaratnam Gandharvahasthadi Kashayam:<\/h3>\n<ul>\n<li>5-15 ml diluidos con 15-45 ml de agua dos veces al d\u00eda antes de la comida.<\/li>\n<li>Seg\u00fan lo indique el m\u00e9dico<\/li>\n<\/ul>\n","protected":false},"excerpt":{"rendered":"<h3>Beneficios :<\/h3>\n<ul>\n<li>Se utiliza para tratar problemas digestivos como flatulencia, p\u00e9rdida de apetito, estre\u00f1imiento y enfermedades reum\u00e1ticas.<\/li>\n<li>\u00datil en el tratamiento del dolor lumbar.<\/li>\n<\/ul>\n","protected":false},"featured_media":6168,"comment_status":"open","ping_status":"closed","template":"","meta":[],"product_brand":[],"product_cat":[200,195,247],"product_tag":[],"class_list":{"0":"post-6166","1":"product","2":"type-product","3":"status-publish","4":"has-post-thumbnail","6":"product_cat-marca","7":"product_cat-productos-ayurvedicos","8":"product_cat-vaidyaratnam","10":"first","11":"instock","12":"shipping-taxable","13":"purchasable","14":"product-type-simple"},"_links":{"self":[{"href":"https:\/\/neelayurvedics.es\/index.php?rest_route=\/wp\/v2\/product\/6166","targetHints":{"allow":["GET"]}}],"collection":[{"href":"https:\/\/neelayurvedics.es\/index.php?rest_route=\/wp\/v2\/product"}],"about":[{"href":"https:\/\/neelayurvedics.es\/index.php?rest_route=\/wp\/v2\/types\/product"}],"replies":[{"embeddable":true,"href":"https:\/\/neelayurvedics.es\/index.php?rest_route=%2Fwp%2Fv2%2Fcomments&post=6166"}],"wp:featuredmedia":[{"embeddable":true,"href":"https:\/\/neelayurvedics.es\/index.php?rest_route=\/wp\/v2\/media\/6168"}],"wp:attachment":[{"href":"https:\/\/neelayurvedics.es\/index.php?rest_route=%2Fwp%2Fv2%2Fmedia&parent=6166"}],"wp:term":[{"taxonomy":"product_brand","embeddable":true,"href":"https:\/\/neelayurvedics.es\/index.php?rest_route=%2Fwp%2Fv2%2Fproduct_brand&post=6166"},{"taxonomy":"product_cat","embeddable":true,"href":"https:\/\/neelayurvedics.es\/index.php?rest_route=%2Fwp%2Fv2%2Fproduct_cat&post=6166"},{"taxonomy":"product_tag","embeddable":true,"href":"https:\/\/neelayurvedics.es\/index.php?rest_route=%2Fwp%2Fv2%2Fproduct_tag&post=6166"}],"curies":[{"name":"wp","href":"https:\/\/api.w.org\/{rel}","templated":true}]}}