{"id":6191,"date":"2024-12-24T07:41:47","date_gmt":"2024-12-24T07:41:47","guid":{"rendered":"https:\/\/neelayurvedics.es\/?post_type=product&#038;p=6191"},"modified":"2025-04-10T06:05:58","modified_gmt":"2025-04-10T06:05:58","slug":"vaidyaratnam-gulguluthikthakam-kashayam-200ml","status":"publish","type":"product","link":"https:\/\/neelayurvedics.es\/?product=vaidyaratnam-gulguluthikthakam-kashayam-200ml","title":{"rendered":"Vaidyaratnam Gulguluthikthakam Kashayam \u2013 200 ML"},"content":{"rendered":"<h3>Composici\u00f3n de Vaidyaratnam Gulguluthikthakam Kashayam:<\/h3>\n<ul>\n<li>Nimba<\/li>\n<li>Patola<\/li>\n<li>Vyaghri<\/li>\n<li>Guduchi<\/li>\n<li>Suradarz<\/li>\n<li>Gajopakulya<\/li>\n<li>Yavakshara<\/li>\n<\/ul>\n<h3>Beneficios de Vaidyaratnam Gulguluthikthakam Kashayam:<\/h3>\n<ol>\n<li>Act\u00faa como antiinflamatorio y se utiliza para tratar la artritis reumatoide y la gota.<\/li>\n<li>Ayuda a reducir el dolor articular y \u00f3seo causado por la artritis.<\/li>\n<li>Mantiene el cart\u00edlago alrededor de las articulaciones, lo que proporciona amortiguaci\u00f3n.<\/li>\n<li>Tambi\u00e9n ayuda a curar heridas, abscesos, senos nasales y f\u00edstulas.<\/li>\n<li>\u00datil en trastornos de la piel como psoriasis, dermatitis at\u00f3pica, dermatitis al\u00e9rgica y urticaria.<\/li>\n<li>Un excelente medicamento para todo tipo de inflamaciones, especialmente aquellas relacionadas con los tejidos conectivos, huesos y articulaciones.<\/li>\n<li>\u00datil para el tratamiento de la espondilosis lumbar y cervical.<\/li>\n<\/ol>\n<h3>Dosis de Vaidyaratnam Gulguluthikthakam Kashayam:<\/h3>\n<ul>\n<li>5-10 ml antes de la comida una o dos veces al d\u00eda o seg\u00fan lo indique el m\u00e9dico.<\/li>\n<\/ul>\n","protected":false},"excerpt":{"rendered":"<ul>\n<li>Vaidyaratnam Gulguluthikthakam Kashayam es una medicina ayurv\u00e9dica que se utiliza para tratar la piel, las articulaciones y los huesos inflamatorios.<\/li>\n<li>Protege la piel, los huesos y los tendones.<\/li>\n<\/ul>\n","protected":false},"featured_media":6193,"comment_status":"open","ping_status":"closed","template":"","meta":[],"product_brand":[],"product_cat":[200,195,247],"product_tag":[],"class_list":{"0":"post-6191","1":"product","2":"type-product","3":"status-publish","4":"has-post-thumbnail","6":"product_cat-marca","7":"product_cat-productos-ayurvedicos","8":"product_cat-vaidyaratnam","10":"first","11":"instock","12":"shipping-taxable","13":"purchasable","14":"product-type-simple"},"_links":{"self":[{"href":"https:\/\/neelayurvedics.es\/index.php?rest_route=\/wp\/v2\/product\/6191","targetHints":{"allow":["GET"]}}],"collection":[{"href":"https:\/\/neelayurvedics.es\/index.php?rest_route=\/wp\/v2\/product"}],"about":[{"href":"https:\/\/neelayurvedics.es\/index.php?rest_route=\/wp\/v2\/types\/product"}],"replies":[{"embeddable":true,"href":"https:\/\/neelayurvedics.es\/index.php?rest_route=%2Fwp%2Fv2%2Fcomments&post=6191"}],"wp:featuredmedia":[{"embeddable":true,"href":"https:\/\/neelayurvedics.es\/index.php?rest_route=\/wp\/v2\/media\/6193"}],"wp:attachment":[{"href":"https:\/\/neelayurvedics.es\/index.php?rest_route=%2Fwp%2Fv2%2Fmedia&parent=6191"}],"wp:term":[{"taxonomy":"product_brand","embeddable":true,"href":"https:\/\/neelayurvedics.es\/index.php?rest_route=%2Fwp%2Fv2%2Fproduct_brand&post=6191"},{"taxonomy":"product_cat","embeddable":true,"href":"https:\/\/neelayurvedics.es\/index.php?rest_route=%2Fwp%2Fv2%2Fproduct_cat&post=6191"},{"taxonomy":"product_tag","embeddable":true,"href":"https:\/\/neelayurvedics.es\/index.php?rest_route=%2Fwp%2Fv2%2Fproduct_tag&post=6191"}],"curies":[{"name":"wp","href":"https:\/\/api.w.org\/{rel}","templated":true}]}}