{"id":6216,"date":"2024-12-24T11:28:15","date_gmt":"2024-12-24T11:28:15","guid":{"rendered":"https:\/\/neelayurvedics.es\/?post_type=product&#038;p=6216"},"modified":"2025-04-10T06:00:31","modified_gmt":"2025-04-10T06:00:31","slug":"vaidyaratnam-indukantham-ghrutham-150-gm","status":"publish","type":"product","link":"https:\/\/neelayurvedics.es\/?product=vaidyaratnam-indukantham-ghrutham-150-gm","title":{"rendered":"Vaidyaratnam Indukantham Ghrutham \u2013 150 Gm"},"content":{"rendered":"<h3>Composici\u00f3n de Vaidyaratnam Indukantham Ghrutham:<\/h3>\n<ul>\n<li>Kwatha-Chiruvilwa<\/li>\n<li>Devadaru<\/li>\n<li>Bilva<\/li>\n<li>Agnimanta<\/li>\n<li>Shyonaka<\/li>\n<li>Gambhari<\/li>\n<li>Patala<\/li>\n<li>presnaparni<\/li>\n<li>Salaparni<\/li>\n<li>Bruhati<\/li>\n<li>Cantakari<\/li>\n<li>Gokshura<\/li>\n<li>Kalka-Pippali<\/li>\n<li>Pippalimoola<\/li>\n<li>Chavia<\/li>\n<li>Chitraka<\/li>\n<li>Soledad<\/li>\n<li>Saindhava<\/li>\n<\/ul>\n<h3>Beneficios de Vaidyaratnam Indukantham Ghrutham:<\/h3>\n<ol>\n<li>Trastornos articulares, fiebre espor\u00e1dica, desnutrici\u00f3n y debilidad general.<\/li>\n<\/ol>\n<h3>Dosis de Vaidyaratnam Indukantham Ghrutham:<\/h3>\n<ol>\n<li>10 g una vez al d\u00eda o seg\u00fan prescripci\u00f3n m\u00e9dica.<\/li>\n<\/ol>\n","protected":false},"excerpt":{"rendered":"<p>Composici\u00f3n de Vaidyaratnam Indukantham Ghrutham: Kwatha-Chiruvilwa Devadaru Bilva Agnimanta Shyonaka Gambhari Patala presnaparni Salaparni Bruhati Cantakari Gokshura Kalka-Pippali Pippalimoola Chavia Chitraka Soledad Saindhava Beneficios de Vaidyaratnam Indukantham Ghrutham: Trastornos articulares, fiebre espor\u00e1dica, desnutrici\u00f3n y debilidad general. Dosis de Vaidyaratnam Indukantham Ghrutham: 10 g una vez al d\u00eda o seg\u00fan prescripci\u00f3n m\u00e9dica.<\/p>\n","protected":false},"featured_media":6218,"comment_status":"open","ping_status":"closed","template":"","meta":[],"product_brand":[],"product_cat":[200,195,247],"product_tag":[],"class_list":{"0":"post-6216","1":"product","2":"type-product","3":"status-publish","4":"has-post-thumbnail","6":"product_cat-marca","7":"product_cat-productos-ayurvedicos","8":"product_cat-vaidyaratnam","10":"first","11":"instock","12":"shipping-taxable","13":"purchasable","14":"product-type-simple"},"_links":{"self":[{"href":"https:\/\/neelayurvedics.es\/index.php?rest_route=\/wp\/v2\/product\/6216","targetHints":{"allow":["GET"]}}],"collection":[{"href":"https:\/\/neelayurvedics.es\/index.php?rest_route=\/wp\/v2\/product"}],"about":[{"href":"https:\/\/neelayurvedics.es\/index.php?rest_route=\/wp\/v2\/types\/product"}],"replies":[{"embeddable":true,"href":"https:\/\/neelayurvedics.es\/index.php?rest_route=%2Fwp%2Fv2%2Fcomments&post=6216"}],"wp:featuredmedia":[{"embeddable":true,"href":"https:\/\/neelayurvedics.es\/index.php?rest_route=\/wp\/v2\/media\/6218"}],"wp:attachment":[{"href":"https:\/\/neelayurvedics.es\/index.php?rest_route=%2Fwp%2Fv2%2Fmedia&parent=6216"}],"wp:term":[{"taxonomy":"product_brand","embeddable":true,"href":"https:\/\/neelayurvedics.es\/index.php?rest_route=%2Fwp%2Fv2%2Fproduct_brand&post=6216"},{"taxonomy":"product_cat","embeddable":true,"href":"https:\/\/neelayurvedics.es\/index.php?rest_route=%2Fwp%2Fv2%2Fproduct_cat&post=6216"},{"taxonomy":"product_tag","embeddable":true,"href":"https:\/\/neelayurvedics.es\/index.php?rest_route=%2Fwp%2Fv2%2Fproduct_tag&post=6216"}],"curies":[{"name":"wp","href":"https:\/\/api.w.org\/{rel}","templated":true}]}}