{"id":6226,"date":"2024-12-25T05:57:33","date_gmt":"2024-12-25T05:57:33","guid":{"rendered":"https:\/\/neelayurvedics.es\/?post_type=product&#038;p=6226"},"modified":"2025-04-10T05:56:57","modified_gmt":"2025-04-10T05:56:57","slug":"vaidyaratnam-jatamayadi-choornam-100-gm","status":"publish","type":"product","link":"https:\/\/neelayurvedics.es\/?product=vaidyaratnam-jatamayadi-choornam-100-gm","title":{"rendered":"Vaidyaratnam Jatamayadi Choornam \u2013 100 Gm"},"content":{"rendered":"<h3><span>Composici\u00f3n de Vaidyaratnam Jatamayadi Choornam:<\/span><\/h3>\n<ul>\n<li><span>Brahmi<\/span><\/li>\n<li><span>Turushka<\/span><\/li>\n<li><span>Pushkaramoola<\/span><\/li>\n<li><span>Tagara<\/span><\/li>\n<li><span>Ashwagandha<\/span><\/li>\n<li><span>Usira<\/span><\/li>\n<li><span>Rasna<\/span><\/li>\n<li><span>Sarala<\/span><\/li>\n<\/ul>\n<h3><span>Beneficios de Vaidyaratnam Jatamayadi Choornam:<\/span><\/h3>\n<ul>\n<li><span>Se utiliza para tratar la sensaci\u00f3n de ardor, dolor y edema.<\/span><\/li>\n<li><span>Efecto sobre tridosh como: equilibra vata y pitta<\/span><\/li>\n<\/ul>\n<h3><span>Usos de Vaidyaratnam Jatamayadi Choornam:<\/span><\/h3>\n<ul>\n<li><span>Se aplica \u00fanicamente externamente.<\/span><\/li>\n<\/ul>\n","protected":false},"excerpt":{"rendered":"<ul>\n<li><span>Vaidyaratnam, Jatamayadi Choornam es eficaz para la inflamaci\u00f3n causada por Raktha Vatha.<\/span><\/li>\n<li><span>Reduce la hinchaz\u00f3n y la inflamaci\u00f3n, tratando as\u00ed la gota, la artritis reumatoide y las enfermedades reum\u00e1ticas.<\/span><\/li>\n<\/ul>\n","protected":false},"featured_media":6227,"comment_status":"open","ping_status":"closed","template":"","meta":[],"product_brand":[],"product_cat":[200,195,247],"product_tag":[],"class_list":{"0":"post-6226","1":"product","2":"type-product","3":"status-publish","4":"has-post-thumbnail","6":"product_cat-marca","7":"product_cat-productos-ayurvedicos","8":"product_cat-vaidyaratnam","10":"first","11":"instock","12":"shipping-taxable","13":"purchasable","14":"product-type-simple"},"_links":{"self":[{"href":"https:\/\/neelayurvedics.es\/index.php?rest_route=\/wp\/v2\/product\/6226","targetHints":{"allow":["GET"]}}],"collection":[{"href":"https:\/\/neelayurvedics.es\/index.php?rest_route=\/wp\/v2\/product"}],"about":[{"href":"https:\/\/neelayurvedics.es\/index.php?rest_route=\/wp\/v2\/types\/product"}],"replies":[{"embeddable":true,"href":"https:\/\/neelayurvedics.es\/index.php?rest_route=%2Fwp%2Fv2%2Fcomments&post=6226"}],"wp:featuredmedia":[{"embeddable":true,"href":"https:\/\/neelayurvedics.es\/index.php?rest_route=\/wp\/v2\/media\/6227"}],"wp:attachment":[{"href":"https:\/\/neelayurvedics.es\/index.php?rest_route=%2Fwp%2Fv2%2Fmedia&parent=6226"}],"wp:term":[{"taxonomy":"product_brand","embeddable":true,"href":"https:\/\/neelayurvedics.es\/index.php?rest_route=%2Fwp%2Fv2%2Fproduct_brand&post=6226"},{"taxonomy":"product_cat","embeddable":true,"href":"https:\/\/neelayurvedics.es\/index.php?rest_route=%2Fwp%2Fv2%2Fproduct_cat&post=6226"},{"taxonomy":"product_tag","embeddable":true,"href":"https:\/\/neelayurvedics.es\/index.php?rest_route=%2Fwp%2Fv2%2Fproduct_tag&post=6226"}],"curies":[{"name":"wp","href":"https:\/\/api.w.org\/{rel}","templated":true}]}}