{"id":6339,"date":"2024-12-26T05:54:46","date_gmt":"2024-12-26T05:54:46","guid":{"rendered":"https:\/\/neelayurvedics.es\/?post_type=product&#038;p=6339"},"modified":"2025-04-09T06:51:23","modified_gmt":"2025-04-09T06:51:23","slug":"vaidyaratnam-lodhrasavam-450-ml","status":"publish","type":"product","link":"https:\/\/neelayurvedics.es\/?product=vaidyaratnam-lodhrasavam-450-ml","title":{"rendered":"Vaidyaratnam Lodhrasavam \u2013 450 ML"},"content":{"rendered":"<h3>Composici\u00f3n de Vaidyaratnam Lodhrasavam:<\/h3>\n<ul>\n<li>Lodhra<\/li>\n<li>Murva<\/li>\n<li>Sati<\/li>\n<li>Vidanga<\/li>\n<li>Bharagi<\/li>\n<li>Tagara<\/li>\n<li>Nakha<\/li>\n<li>Plava<\/li>\n<li>Kutaja<\/li>\n<li>Kushta<\/li>\n<li>Puga<\/li>\n<li>Priyangu<\/li>\n<li>Athivisha<\/li>\n<li>Chitraka<\/li>\n<li>Indravaruni<\/li>\n<li>Chitravalli<\/li>\n<li>Chaturjatham<\/li>\n<li>Kirathathikta<\/li>\n<li>gato<\/li>\n<li>Yavani<\/li>\n<li>Poushkaramoola<\/li>\n<li>Pata<\/li>\n<li>Pippali<\/li>\n<li>Chavyam<\/li>\n<li>Triphala<\/li>\n<li>Madhu<\/li>\n<\/ul>\n<h3>Beneficios de Vaidyaratnam Lodhrasavam:<\/h3>\n<ol>\n<li>Diabetes<\/li>\n<li>Obesidad<\/li>\n<li>Hemorroides<\/li>\n<li>Vit\u00edligo<\/li>\n<li>Anemia<\/li>\n<\/ol>\n<h3>Dosis de Vaidyaratnam Lodhrasavam:<\/h3>\n<ol>\n<li>15 a 30 ml dos veces al d\u00eda, despu\u00e9s de las comidas o seg\u00fan lo prescriba un m\u00e9dico.<\/li>\n<\/ol>\n","protected":false},"excerpt":{"rendered":"<p>Composici\u00f3n de Vaidyaratnam Lodhrasavam: Lodhra Murva Sati Vidanga Bharagi Tagara Nakha Plava Kutaja Kushta Puga Priyangu Athivisha Chitraka Indravaruni Chitravalli Chaturjatham Kirathathikta gato Yavani Poushkaramoola Pata Pippali Chavyam Triphala Madhu Beneficios de Vaidyaratnam Lodhrasavam: Diabetes Obesidad Hemorroides Vit\u00edligo Anemia Dosis de Vaidyaratnam Lodhrasavam: 15 a 30 ml dos veces al d\u00eda, despu\u00e9s de las comidas [&hellip;]<\/p>\n","protected":false},"featured_media":6341,"comment_status":"open","ping_status":"closed","template":"","meta":[],"product_brand":[],"product_cat":[195,200,247],"product_tag":[],"class_list":{"0":"post-6339","1":"product","2":"type-product","3":"status-publish","4":"has-post-thumbnail","6":"product_cat-productos-ayurvedicos","7":"product_cat-marca","8":"product_cat-vaidyaratnam","10":"first","11":"instock","12":"shipping-taxable","13":"purchasable","14":"product-type-simple"},"_links":{"self":[{"href":"https:\/\/neelayurvedics.es\/index.php?rest_route=\/wp\/v2\/product\/6339","targetHints":{"allow":["GET"]}}],"collection":[{"href":"https:\/\/neelayurvedics.es\/index.php?rest_route=\/wp\/v2\/product"}],"about":[{"href":"https:\/\/neelayurvedics.es\/index.php?rest_route=\/wp\/v2\/types\/product"}],"replies":[{"embeddable":true,"href":"https:\/\/neelayurvedics.es\/index.php?rest_route=%2Fwp%2Fv2%2Fcomments&post=6339"}],"wp:featuredmedia":[{"embeddable":true,"href":"https:\/\/neelayurvedics.es\/index.php?rest_route=\/wp\/v2\/media\/6341"}],"wp:attachment":[{"href":"https:\/\/neelayurvedics.es\/index.php?rest_route=%2Fwp%2Fv2%2Fmedia&parent=6339"}],"wp:term":[{"taxonomy":"product_brand","embeddable":true,"href":"https:\/\/neelayurvedics.es\/index.php?rest_route=%2Fwp%2Fv2%2Fproduct_brand&post=6339"},{"taxonomy":"product_cat","embeddable":true,"href":"https:\/\/neelayurvedics.es\/index.php?rest_route=%2Fwp%2Fv2%2Fproduct_cat&post=6339"},{"taxonomy":"product_tag","embeddable":true,"href":"https:\/\/neelayurvedics.es\/index.php?rest_route=%2Fwp%2Fv2%2Fproduct_tag&post=6339"}],"curies":[{"name":"wp","href":"https:\/\/api.w.org\/{rel}","templated":true}]}}