{"id":6497,"date":"2024-12-27T11:24:13","date_gmt":"2024-12-27T11:24:13","guid":{"rendered":"https:\/\/neelayurvedics.es\/?post_type=product&#038;p=6497"},"modified":"2025-04-09T06:19:46","modified_gmt":"2025-04-09T06:19:46","slug":"vaidyaratnam-panchakolasavam-450ml","status":"publish","type":"product","link":"https:\/\/neelayurvedics.es\/?product=vaidyaratnam-panchakolasavam-450ml","title":{"rendered":"Vaidyaratnam Panchakolasavam \u2013 450 ML"},"content":{"rendered":"<h3>Composici\u00f3n de Vaidyaratnam Panchakolasavam:<\/h3>\n<ul>\n<li>Pippali<\/li>\n<li>Pippalimoola<\/li>\n<li>Maricha<\/li>\n<li>Chitraka<\/li>\n<li>Shunti<\/li>\n<li>guada<\/li>\n<li>Dhataki<\/li>\n<\/ul>\n<h3>Beneficios de Vaidyaratnam Panchakolasavam:<\/h3>\n<ol>\n<li>Fiebre posparto<\/li>\n<li>Dolor c\u00f3lico<\/li>\n<li>Anorexia<\/li>\n<\/ol>\n<h3>Dosis de Vaidyaratnam Panchakolasavam:<\/h3>\n<div id=\"main-wrapper\">\n<div class=\"container\">\n<div class=\"prod-detailsRHS\">\n<div class=\"imptxt\">\n<ul>\n<li>15 a 30 ml dos veces al d\u00eda despu\u00e9s de la comida.<\/li>\n<li>Seg\u00fan lo indique el m\u00e9dico<\/li>\n<\/ul>\n<\/div>\n<\/div>\n<\/div>\n<\/div>\n","protected":false},"excerpt":{"rendered":"<ul>\n<li>Vaidyaratnam Panchakolasavam es muy eficaz para la fiebre posparto, los c\u00f3licos y la p\u00e9rdida de apetito.<\/li>\n<li>Tambi\u00e9n es mejor para aliviar los s\u00edntomas de depresi\u00f3n y tratar el dolor y los espasmos musculares<\/li>\n<\/ul>\n","protected":false},"featured_media":6499,"comment_status":"open","ping_status":"closed","template":"","meta":[],"product_brand":[],"product_cat":[200,195,247],"product_tag":[],"class_list":{"0":"post-6497","1":"product","2":"type-product","3":"status-publish","4":"has-post-thumbnail","6":"product_cat-marca","7":"product_cat-productos-ayurvedicos","8":"product_cat-vaidyaratnam","10":"first","11":"instock","12":"shipping-taxable","13":"purchasable","14":"product-type-simple"},"_links":{"self":[{"href":"https:\/\/neelayurvedics.es\/index.php?rest_route=\/wp\/v2\/product\/6497","targetHints":{"allow":["GET"]}}],"collection":[{"href":"https:\/\/neelayurvedics.es\/index.php?rest_route=\/wp\/v2\/product"}],"about":[{"href":"https:\/\/neelayurvedics.es\/index.php?rest_route=\/wp\/v2\/types\/product"}],"replies":[{"embeddable":true,"href":"https:\/\/neelayurvedics.es\/index.php?rest_route=%2Fwp%2Fv2%2Fcomments&post=6497"}],"wp:featuredmedia":[{"embeddable":true,"href":"https:\/\/neelayurvedics.es\/index.php?rest_route=\/wp\/v2\/media\/6499"}],"wp:attachment":[{"href":"https:\/\/neelayurvedics.es\/index.php?rest_route=%2Fwp%2Fv2%2Fmedia&parent=6497"}],"wp:term":[{"taxonomy":"product_brand","embeddable":true,"href":"https:\/\/neelayurvedics.es\/index.php?rest_route=%2Fwp%2Fv2%2Fproduct_brand&post=6497"},{"taxonomy":"product_cat","embeddable":true,"href":"https:\/\/neelayurvedics.es\/index.php?rest_route=%2Fwp%2Fv2%2Fproduct_cat&post=6497"},{"taxonomy":"product_tag","embeddable":true,"href":"https:\/\/neelayurvedics.es\/index.php?rest_route=%2Fwp%2Fv2%2Fproduct_tag&post=6497"}],"curies":[{"name":"wp","href":"https:\/\/api.w.org\/{rel}","templated":true}]}}