{"id":6566,"date":"2024-12-30T06:26:04","date_gmt":"2024-12-30T06:26:04","guid":{"rendered":"https:\/\/neelayurvedics.es\/?post_type=product&#038;p=6566"},"modified":"2025-04-08T07:28:13","modified_gmt":"2025-04-08T07:28:13","slug":"vaidyaratnam-prabhanjanavimardanam-thailam-200-ml","status":"publish","type":"product","link":"https:\/\/neelayurvedics.es\/?product=vaidyaratnam-prabhanjanavimardanam-thailam-200-ml","title":{"rendered":"Vaidyaratnam Prabhanjanavimardanam Thailam \u2013 200 ml"},"content":{"rendered":"<h3>Composici\u00f3n de Vaidyaratnam Prabhanjanavimardanam Thailam:<\/h3>\n<ul>\n<li>Bala<\/li>\n<li>Shatavari<\/li>\n<li>Shigru<\/li>\n<li>Varuna<\/li>\n<li>Arte<\/li>\n<li>Eranda<\/li>\n<li>Ashwagandha<\/li>\n<li>Tila Taila<\/li>\n<li>Pap\u00e1<\/li>\n<li>Gomutra<\/li>\n<li>Tandula Jala<\/li>\n<\/ul>\n<h3>Beneficios de Vaidyaratnam Prabhanjanavimardanam Thailam:<\/h3>\n<ol>\n<li>Este aceite medicinal proporciona alivio para la hernia, la par\u00e1lisis facial y el dolor abdominal.<\/li>\n<li>Es una soluci\u00f3n terap\u00e9utica esencial para pacientes parapl\u00e9jicos y ayuda a controlar el reumatismo y la artritis, especialmente el lumbago, la ci\u00e1tica, la espondilosis lumbar y el dolor lumbar.<\/li>\n<li>Masajear con este aceite alivia el dolor y proporciona un alivio significativo al paciente, al mismo tiempo que fortalece y nutre las articulaciones, los huesos y los tejidos blandos de la espalda.<\/li>\n<\/ol>\n<h3>Usos de Vaidyaratnam Prabhanjanavimardanam Thailam:<\/h3>\n<ul>\n<li>Utilizar seg\u00fan las indicaciones del m\u00e9dico.<\/li>\n<\/ul>\n","protected":false},"excerpt":{"rendered":"<ul>\n<li>Vaidyaratnam Prabhanjanavimardanam Thailam es un aceite medicinal ayurv\u00e9dico tradicional que se utiliza en una variedad de terapias para aliviar el dolor y es particularmente eficaz para el dolor en las articulaciones, la gota, la artritis, la p\u00e9rdida de fuerza y \u200b\u200bel entumecimiento.<\/li>\n<li>El aceite se utiliza para tratar abscesos y afecciones neuromusculares causadas por un desequilibrio vata.<\/li>\n<\/ul>\n","protected":false},"featured_media":6568,"comment_status":"open","ping_status":"closed","template":"","meta":[],"product_brand":[],"product_cat":[200,195,247],"product_tag":[],"class_list":{"0":"post-6566","1":"product","2":"type-product","3":"status-publish","4":"has-post-thumbnail","6":"product_cat-marca","7":"product_cat-productos-ayurvedicos","8":"product_cat-vaidyaratnam","10":"first","11":"instock","12":"shipping-taxable","13":"purchasable","14":"product-type-simple"},"_links":{"self":[{"href":"https:\/\/neelayurvedics.es\/index.php?rest_route=\/wp\/v2\/product\/6566","targetHints":{"allow":["GET"]}}],"collection":[{"href":"https:\/\/neelayurvedics.es\/index.php?rest_route=\/wp\/v2\/product"}],"about":[{"href":"https:\/\/neelayurvedics.es\/index.php?rest_route=\/wp\/v2\/types\/product"}],"replies":[{"embeddable":true,"href":"https:\/\/neelayurvedics.es\/index.php?rest_route=%2Fwp%2Fv2%2Fcomments&post=6566"}],"wp:featuredmedia":[{"embeddable":true,"href":"https:\/\/neelayurvedics.es\/index.php?rest_route=\/wp\/v2\/media\/6568"}],"wp:attachment":[{"href":"https:\/\/neelayurvedics.es\/index.php?rest_route=%2Fwp%2Fv2%2Fmedia&parent=6566"}],"wp:term":[{"taxonomy":"product_brand","embeddable":true,"href":"https:\/\/neelayurvedics.es\/index.php?rest_route=%2Fwp%2Fv2%2Fproduct_brand&post=6566"},{"taxonomy":"product_cat","embeddable":true,"href":"https:\/\/neelayurvedics.es\/index.php?rest_route=%2Fwp%2Fv2%2Fproduct_cat&post=6566"},{"taxonomy":"product_tag","embeddable":true,"href":"https:\/\/neelayurvedics.es\/index.php?rest_route=%2Fwp%2Fv2%2Fproduct_tag&post=6566"}],"curies":[{"name":"wp","href":"https:\/\/api.w.org\/{rel}","templated":true}]}}