{"id":6583,"date":"2024-12-30T06:46:27","date_gmt":"2024-12-30T06:46:27","guid":{"rendered":"https:\/\/neelayurvedics.es\/?post_type=product&#038;p=6583"},"modified":"2025-04-08T07:23:12","modified_gmt":"2025-04-08T07:23:12","slug":"vaidyaratnam-punarnavadi-kashayam-200ml","status":"publish","type":"product","link":"https:\/\/neelayurvedics.es\/?product=vaidyaratnam-punarnavadi-kashayam-200ml","title":{"rendered":"Vaidyaratnam Punarnavadi Kashayam \u2013 200 ML"},"content":{"rendered":"<div class=\"flex-1 overflow-hidden\">\n<div class=\"react-scroll-to-bottom--css-ascod-79elbk h-full\">\n<div class=\"react-scroll-to-bottom--css-ascod-1n7m0yu\">\n<div class=\"flex flex-col text-sm pb-9\">\n<div class=\"w-full text-token-text-primary\" data-testid=\"conversation-turn-19\">\n<div class=\"px-4 py-2 justify-center text-base md:gap-6 m-auto\">\n<div class=\"flex flex-1 text-base mx-auto gap-3 md:px-5 lg:px-1 xl:px-5 md:max-w-3xl lg:max-w-[40rem] xl:max-w-[48rem] group final-completion\">\n<div class=\"relative flex w-full flex-col agent-turn\">\n<div class=\"flex-col gap-1 md:gap-3\">\n<div class=\"flex flex-grow flex-col max-w-full\">\n<div class=\"min-h-[20px] text-message flex flex-col items-start gap-3 whitespace-pre-wrap break-words [.text-message+&amp;]:mt-5 overflow-x-auto\" data-message-author-role=\"assistant\" data-message-id=\"db31aca0-4165-4d3f-9c7a-eb967e27d5b0\">\n<div class=\"markdown prose w-full break-words dark:prose-invert light\">\n<h3>Composici\u00f3n de Vaidyaratnam Punarnavadi Kashayam:<\/h3>\n<ul>\n<li>Punarnava<\/li>\n<li>Nimba<\/li>\n<li>Shunthi<\/li>\n<li>Haritaki<\/li>\n<\/ul>\n<h3>Beneficios de Vaidyaratnam Punarnavadi Kashayam:<\/h3>\n<ol>\n<li>Punarnava se utiliza principalmente para tratar la acumulaci\u00f3n de l\u00edquidos (estados edematosos) en el cuerpo. Se considera un \u201cRasayana\u201d eficaz. Tambi\u00e9n se utiliza en el tratamiento de la anemia y las enfermedades hep\u00e1ticas.<\/li>\n<li>La nimba es \u00fatil para la desintoxicaci\u00f3n tanto interna como externa. Su consumo estimula los ri\u00f1ones y el h\u00edgado, aumentando el metabolismo y eliminando las toxinas del cuerpo.<\/li>\n<li>Tambi\u00e9n es \u00fatil en casos de edemas debidos a trastornos hep\u00e1ticos o enfermedades card\u00edacas, fiebre, tos y asma.<\/li>\n<li>Shunthi es un t\u00f3nico estimulante y tiene potentes propiedades antiinflamatorias.<\/li>\n<\/ol>\n<h3>Dosis de Vaidyaratnam Punarnavadi Kashayam:<\/h3>\n<\/div>\n<\/div>\n<\/div>\n<\/div>\n<\/div>\n<\/div>\n<\/div>\n<\/div>\n<\/div>\n<\/div>\n<\/div>\n<\/div>\n<ul>\n<li>15 ml con 45 ml de agua tibia una hora antes de la comida dos veces al d\u00eda<\/li>\n<li>Seg\u00fan lo indique el m\u00e9dico<\/li>\n<\/ul>\n","protected":false},"excerpt":{"rendered":"<ul>\n<li>Vaidyaratnam Punarnavadi Kashayam es una medicina herbal eficaz para tratar una variedad de trastornos hep\u00e1ticos y hepatitis.<\/li>\n<li>Tiene potentes propiedades antiinflamatorias que parecen ayudar con la hepatitis, la inflamaci\u00f3n de las articulaciones gotosa y la bronquitis.<\/li>\n<\/ul>\n","protected":false},"featured_media":6585,"comment_status":"open","ping_status":"closed","template":"","meta":[],"product_brand":[],"product_cat":[200,195,247],"product_tag":[],"class_list":{"0":"post-6583","1":"product","2":"type-product","3":"status-publish","4":"has-post-thumbnail","6":"product_cat-marca","7":"product_cat-productos-ayurvedicos","8":"product_cat-vaidyaratnam","10":"first","11":"instock","12":"shipping-taxable","13":"purchasable","14":"product-type-simple"},"_links":{"self":[{"href":"https:\/\/neelayurvedics.es\/index.php?rest_route=\/wp\/v2\/product\/6583","targetHints":{"allow":["GET"]}}],"collection":[{"href":"https:\/\/neelayurvedics.es\/index.php?rest_route=\/wp\/v2\/product"}],"about":[{"href":"https:\/\/neelayurvedics.es\/index.php?rest_route=\/wp\/v2\/types\/product"}],"replies":[{"embeddable":true,"href":"https:\/\/neelayurvedics.es\/index.php?rest_route=%2Fwp%2Fv2%2Fcomments&post=6583"}],"wp:featuredmedia":[{"embeddable":true,"href":"https:\/\/neelayurvedics.es\/index.php?rest_route=\/wp\/v2\/media\/6585"}],"wp:attachment":[{"href":"https:\/\/neelayurvedics.es\/index.php?rest_route=%2Fwp%2Fv2%2Fmedia&parent=6583"}],"wp:term":[{"taxonomy":"product_brand","embeddable":true,"href":"https:\/\/neelayurvedics.es\/index.php?rest_route=%2Fwp%2Fv2%2Fproduct_brand&post=6583"},{"taxonomy":"product_cat","embeddable":true,"href":"https:\/\/neelayurvedics.es\/index.php?rest_route=%2Fwp%2Fv2%2Fproduct_cat&post=6583"},{"taxonomy":"product_tag","embeddable":true,"href":"https:\/\/neelayurvedics.es\/index.php?rest_route=%2Fwp%2Fv2%2Fproduct_tag&post=6583"}],"curies":[{"name":"wp","href":"https:\/\/api.w.org\/{rel}","templated":true}]}}