{"id":6603,"date":"2024-12-31T05:52:01","date_gmt":"2024-12-31T05:52:01","guid":{"rendered":"https:\/\/neelayurvedics.es\/?post_type=product&#038;p=6603"},"modified":"2025-04-03T12:16:37","modified_gmt":"2025-04-03T12:16:37","slug":"vaidyaratnam-rasnadi-kashayam-200ml","status":"publish","type":"product","link":"https:\/\/neelayurvedics.es\/?product=vaidyaratnam-rasnadi-kashayam-200ml","title":{"rendered":"Vaidyaratnam Rasnadi Kashayam \u2013 200 ML"},"content":{"rendered":"<h3>Composici\u00f3n de Vaidyaratnam Rasnadi Kashayam:<\/h3>\n<ul>\n<li>Rasna<\/li>\n<li>Tamalaki<\/li>\n<li>Vrisha<\/li>\n<li>Agar\u00fa<\/li>\n<li>Shati<\/li>\n<li>Chitra<\/li>\n<\/ul>\n<h3>Dosis de Vaidyaratnam Rasnadi Kashayam:<\/h3>\n<ul>\n<li>La dosis es de 12 a 24 ml antes de la comida, entre las 6 y 7 a. m. y las 6 y 7 p. m., o seg\u00fan lo indique un m\u00e9dico ayurv\u00e9dico.<\/li>\n<li>Generalmente se recomienda agregar partes iguales de agua al kashayam. Generalmente se agregan Saindhava Lavana (sal de roca), pimienta larga o az\u00facar al kashayam en cantidades que var\u00edan entre 1 y 3 gramos por dosis.<\/li>\n<\/ul>\n","protected":false},"excerpt":{"rendered":"<h3>Beneficios :<\/h3>\n<ol>\n<li>Se utiliza ampliamente para tratar la artritis reumatoide y la osteoartritis.<\/li>\n<li>Enriquecido con ingredientes naturales con propiedades antiinflamatorias y analg\u00e9sicas<\/li>\n<\/ol>\n","protected":false},"featured_media":6605,"comment_status":"open","ping_status":"closed","template":"","meta":[],"product_brand":[],"product_cat":[200,195,247],"product_tag":[],"class_list":{"0":"post-6603","1":"product","2":"type-product","3":"status-publish","4":"has-post-thumbnail","6":"product_cat-marca","7":"product_cat-productos-ayurvedicos","8":"product_cat-vaidyaratnam","10":"first","11":"instock","12":"shipping-taxable","13":"purchasable","14":"product-type-simple"},"_links":{"self":[{"href":"https:\/\/neelayurvedics.es\/index.php?rest_route=\/wp\/v2\/product\/6603","targetHints":{"allow":["GET"]}}],"collection":[{"href":"https:\/\/neelayurvedics.es\/index.php?rest_route=\/wp\/v2\/product"}],"about":[{"href":"https:\/\/neelayurvedics.es\/index.php?rest_route=\/wp\/v2\/types\/product"}],"replies":[{"embeddable":true,"href":"https:\/\/neelayurvedics.es\/index.php?rest_route=%2Fwp%2Fv2%2Fcomments&post=6603"}],"wp:featuredmedia":[{"embeddable":true,"href":"https:\/\/neelayurvedics.es\/index.php?rest_route=\/wp\/v2\/media\/6605"}],"wp:attachment":[{"href":"https:\/\/neelayurvedics.es\/index.php?rest_route=%2Fwp%2Fv2%2Fmedia&parent=6603"}],"wp:term":[{"taxonomy":"product_brand","embeddable":true,"href":"https:\/\/neelayurvedics.es\/index.php?rest_route=%2Fwp%2Fv2%2Fproduct_brand&post=6603"},{"taxonomy":"product_cat","embeddable":true,"href":"https:\/\/neelayurvedics.es\/index.php?rest_route=%2Fwp%2Fv2%2Fproduct_cat&post=6603"},{"taxonomy":"product_tag","embeddable":true,"href":"https:\/\/neelayurvedics.es\/index.php?rest_route=%2Fwp%2Fv2%2Fproduct_tag&post=6603"}],"curies":[{"name":"wp","href":"https:\/\/api.w.org\/{rel}","templated":true}]}}