{"id":6885,"date":"2025-01-08T07:51:47","date_gmt":"2025-01-08T07:51:47","guid":{"rendered":"https:\/\/neelayurvedics.es\/?post_type=product&#038;p=6885"},"modified":"2025-01-13T07:38:06","modified_gmt":"2025-01-13T07:38:06","slug":"neel-ayurvedics-sitopaladi-churna","status":"publish","type":"product","link":"https:\/\/neelayurvedics.es\/?product=neel-ayurvedics-sitopaladi-churna","title":{"rendered":"Neel Ayurvedics Sitopaladi Churna  | Polvo de Sitopaladi | Para problemas respiratorios"},"content":{"rendered":"<p>Sitopaladi Churna de Neel Ayurvedics es una f\u00f3rmula a base de hierbas en polvo que se ha utilizado en la medicina ayurv\u00e9dica durante siglos para promover la salud respiratoria. Este remedio natural es una combinaci\u00f3n de hierbas poderosas como Misti, Pippali y Vanshlochan, que pueden ayudar a aliviar los problemas respiratorios y favorecer el bienestar general.<\/p>\n<p>El polvo de sitopaladi de Neel Ayurvedics tiene varios beneficios para la salud respiratoria. Puede ayudar a aliviar la tos, el resfriado y otros problemas respiratorios. Los ingredientes naturales de esta f\u00f3rmula en polvo a base de hierbas pueden ayudar a eliminar el exceso de mucosidad del tracto respiratorio y facilitar la respiraci\u00f3n. Tambi\u00e9n puede ayudar a reforzar la inmunidad, lo cual es esencial para prevenir las infecciones respiratorias.<\/p>\n<p>Sitopaladi Churna de Neel Ayurvedics es un remedio natural que puede ayudar a aliviar los problemas respiratorios y promover el bienestar general. Es una alternativa segura y eficaz a los medicamentos a base de qu\u00edmicos. El uso regular de esta f\u00f3rmula a base de hierbas en polvo puede ayudar a mejorar la salud respiratoria y estimular la inmunidad. Pruebe Sitopaladi Churna de Neel Ayurvedics hoy y experimente los beneficios de este remedio ayurv\u00e9dico.<\/p>\n<p>En Neel Ayurvedics, creemos en el poder de la naturaleza para curar y promover el bienestar.<\/p>\n<p>Dosis:<\/p>\n<p>El polvo de sitopaladi de Neel Ayurvedics es f\u00e1cil de usar. Tome 1 o 2 cucharaditas del polvo y m\u00e9zclelo con miel o agua tibia. Consuma esta mezcla dos veces al d\u00eda, preferiblemente despu\u00e9s de las comidas. Tambi\u00e9n puede tomar este remedio ayurv\u00e9dico con leche.<\/p>\n<p>Pruebe Sitopaladi Churna de Neel Ayurvedics hoy mismo y experimente los beneficios de este poderoso suplemento herbal. Promueva la salud respiratoria, alivie la tos y la congesti\u00f3n y favorezca el bienestar general con Sitopaladi Churna de Neel Ayurvedics.<\/p>\n","protected":false},"excerpt":{"rendered":"<ul>\n<li>Gripe,<\/li>\n<li>Fr\u00edo,<\/li>\n<li>Congesti\u00f3n en el pecho,<\/li>\n<li>Neumon\u00eda,<\/li>\n<li>Tuberculosis,<\/li>\n<li>Bronquitis<\/li>\n<li>Otras enfermedades respiratorias<\/li>\n<\/ul>\n","protected":false},"featured_media":6890,"comment_status":"open","ping_status":"closed","template":"","meta":[],"product_brand":[],"product_cat":[200,252,251,195],"product_tag":[],"class_list":{"0":"post-6885","1":"product","2":"type-product","3":"status-publish","4":"has-post-thumbnail","6":"product_cat-marca","7":"product_cat-neel-ayurvedics","8":"product_cat-neel-ayurvedics-mezclas-herbales","9":"product_cat-productos-ayurvedicos","11":"first","12":"instock","13":"shipping-taxable","14":"purchasable","15":"product-type-variable"},"_links":{"self":[{"href":"https:\/\/neelayurvedics.es\/index.php?rest_route=\/wp\/v2\/product\/6885","targetHints":{"allow":["GET"]}}],"collection":[{"href":"https:\/\/neelayurvedics.es\/index.php?rest_route=\/wp\/v2\/product"}],"about":[{"href":"https:\/\/neelayurvedics.es\/index.php?rest_route=\/wp\/v2\/types\/product"}],"replies":[{"embeddable":true,"href":"https:\/\/neelayurvedics.es\/index.php?rest_route=%2Fwp%2Fv2%2Fcomments&post=6885"}],"wp:featuredmedia":[{"embeddable":true,"href":"https:\/\/neelayurvedics.es\/index.php?rest_route=\/wp\/v2\/media\/6890"}],"wp:attachment":[{"href":"https:\/\/neelayurvedics.es\/index.php?rest_route=%2Fwp%2Fv2%2Fmedia&parent=6885"}],"wp:term":[{"taxonomy":"product_brand","embeddable":true,"href":"https:\/\/neelayurvedics.es\/index.php?rest_route=%2Fwp%2Fv2%2Fproduct_brand&post=6885"},{"taxonomy":"product_cat","embeddable":true,"href":"https:\/\/neelayurvedics.es\/index.php?rest_route=%2Fwp%2Fv2%2Fproduct_cat&post=6885"},{"taxonomy":"product_tag","embeddable":true,"href":"https:\/\/neelayurvedics.es\/index.php?rest_route=%2Fwp%2Fv2%2Fproduct_tag&post=6885"}],"curies":[{"name":"wp","href":"https:\/\/api.w.org\/{rel}","templated":true}]}}