{"id":6903,"date":"2025-01-08T08:16:41","date_gmt":"2025-01-08T08:16:41","guid":{"rendered":"https:\/\/neelayurvedics.es\/?post_type=product&#038;p=6903"},"modified":"2025-01-13T07:24:27","modified_gmt":"2025-01-13T07:24:27","slug":"neel-ayurvedics-triphala-en-polvo","status":"publish","type":"product","link":"https:\/\/neelayurvedics.es\/?product=neel-ayurvedics-triphala-en-polvo","title":{"rendered":"Neel Ayurvedics Triphala en polvo | Triphala Churna | Polvo de tr\u00edfala | Mejorar la digesti\u00f3n"},"content":{"rendered":"<div class=\"group w-full text-gray-800 dark:text-gray-100 border-b border-black\/10 dark:border-gray-900\/50 bg-gray-50 dark:bg-[#444654]\">\n<div class=\"text-base gap-4 md:gap-6 md:max-w-2xl lg:max-w-2xl xl:max-w-3xl p-4 md:py-6 flex lg:px-0 m-auto\">\n<div class=\"relative flex w-[calc(100%-50px)] flex-col gap-1 md:gap-3 lg:w-[calc(100%-115px)]\">\n<div class=\"flex flex-grow flex-col gap-3\">\n<div class=\"min-h-[20px] flex flex-col items-start gap-4 whitespace-pre-wrap\">\n<div class=\"markdown prose w-full break-words dark:prose-invert light\">\n<p>Triphala Churna de Neel Ayurvedics es un suplemento herbal totalmente natural elaborado a partir de tres frutas poderosas: amla, haritaki y bibhitaki, que se han utilizado durante siglos en la medicina ayurv\u00e9dica para mejorar la digesti\u00f3n y promover el bienestar general.<\/p>\n<\/div>\n<\/div>\n<\/div>\n<\/div>\n<\/div>\n<\/div>\n<p>Con el polvo Triphala de Neel Ayurvedics, puede disfrutar de los beneficios de estas potentes frutas en un polvo pr\u00e1ctico y f\u00e1cil de usar. Simplemente mezcle la churna con agua y b\u00e9bala antes de las comidas para mejorar su digesti\u00f3n y promover movimientos intestinales saludables.<\/p>\n<p>Estos son algunos de los beneficios de tomar triphala churna de Neel Ayurvedics:<\/p>\n<ol>\n<li>Mejora la digesti\u00f3n: en primer lugar, el polvo de triphala ayuda a mejorar la digesti\u00f3n y promueve movimientos intestinales saludables. Ayuda a regular el sistema digestivo y previene el estre\u00f1imiento.<\/li>\n<li>Refuerza el sistema inmunol\u00f3gico: el polvo de triphala de Neel Ayurvedics es rico en antioxidantes que ayudan a estimular el sistema inmunol\u00f3gico y proteger el cuerpo contra infecciones y enfermedades.<\/li>\n<li>Desintoxica el cuerpo: Triphala churna ayuda a eliminar toxinas del cuerpo y apoya la funci\u00f3n hep\u00e1tica.<\/li>\n<li>Promueve una piel y un cabello saludables: el polvo de triphala de Neel Ayurvedics es rico en vitamina C, que es esencial para una piel y un cabello saludables. Ayuda a reducir los signos del envejecimiento y promueve la salud de la piel y el cabello.<\/li>\n<li>Reduce la inflamaci\u00f3n: el polvo de Triphala tiene propiedades antiinflamatorias que ayudan a reducir la inflamaci\u00f3n y la hinchaz\u00f3n en el cuerpo.<\/li>\n<\/ol>\n<p>En Neel Ayurvedics, creemos en el poder de la naturaleza para curar y promover el bienestar. Pruebe Triphala Churna de Neel Ayurvedics hoy mismo y experimente los beneficios de este poderoso suplemento herbal. Mejore su digesti\u00f3n de forma natural y promueva el bienestar general con Triphala Churna de Neel Ayurvedics.<\/p>\n","protected":false},"excerpt":{"rendered":"<ul>\n<li>Salud digestiva<\/li>\n<li>Sistema inmunitario<\/li>\n<li>Desintoxicaci\u00f3n<\/li>\n<li>Piel y cabello saludables<\/li>\n<li>Antiinflamatorio<\/li>\n<\/ul>\n","protected":false},"featured_media":6904,"comment_status":"open","ping_status":"closed","template":"","meta":[],"product_brand":[],"product_cat":[200,252,251,195],"product_tag":[],"class_list":{"0":"post-6903","1":"product","2":"type-product","3":"status-publish","4":"has-post-thumbnail","6":"product_cat-marca","7":"product_cat-neel-ayurvedics","8":"product_cat-neel-ayurvedics-mezclas-herbales","9":"product_cat-productos-ayurvedicos","11":"first","12":"instock","13":"shipping-taxable","14":"purchasable","15":"product-type-variable"},"_links":{"self":[{"href":"https:\/\/neelayurvedics.es\/index.php?rest_route=\/wp\/v2\/product\/6903","targetHints":{"allow":["GET"]}}],"collection":[{"href":"https:\/\/neelayurvedics.es\/index.php?rest_route=\/wp\/v2\/product"}],"about":[{"href":"https:\/\/neelayurvedics.es\/index.php?rest_route=\/wp\/v2\/types\/product"}],"replies":[{"embeddable":true,"href":"https:\/\/neelayurvedics.es\/index.php?rest_route=%2Fwp%2Fv2%2Fcomments&post=6903"}],"wp:featuredmedia":[{"embeddable":true,"href":"https:\/\/neelayurvedics.es\/index.php?rest_route=\/wp\/v2\/media\/6904"}],"wp:attachment":[{"href":"https:\/\/neelayurvedics.es\/index.php?rest_route=%2Fwp%2Fv2%2Fmedia&parent=6903"}],"wp:term":[{"taxonomy":"product_brand","embeddable":true,"href":"https:\/\/neelayurvedics.es\/index.php?rest_route=%2Fwp%2Fv2%2Fproduct_brand&post=6903"},{"taxonomy":"product_cat","embeddable":true,"href":"https:\/\/neelayurvedics.es\/index.php?rest_route=%2Fwp%2Fv2%2Fproduct_cat&post=6903"},{"taxonomy":"product_tag","embeddable":true,"href":"https:\/\/neelayurvedics.es\/index.php?rest_route=%2Fwp%2Fv2%2Fproduct_tag&post=6903"}],"curies":[{"name":"wp","href":"https:\/\/api.w.org\/{rel}","templated":true}]}}