{"id":6910,"date":"2025-01-09T05:07:11","date_gmt":"2025-01-09T05:07:11","guid":{"rendered":"https:\/\/neelayurvedics.es\/?post_type=product&#038;p=6910"},"modified":"2026-04-14T12:39:33","modified_gmt":"2026-04-14T12:39:33","slug":"neel-ayurvedics-semilla-de-aekharo-de","status":"publish","type":"product","link":"https:\/\/neelayurvedics.es\/?product=neel-ayurvedics-semilla-de-aekharo-de","title":{"rendered":"Neel Ayurvedics Semilla de aekharo de | Polvo de talimkhana"},"content":{"rendered":"<p>El polvo de semilla de Aekharo de Neel Ayurvedics se utiliza en la medicina tradicional india para los siguientes prop\u00f3sitos:<\/p>\n<ul>\n<li>Dolor articular y artritis: Tiene propiedades antiinflamatorias y analg\u00e9sicas que lo hacen \u00fatil para tratar el dolor articular y la artritis.<\/li>\n<li>Gota: Se cree que ayuda a reducir el dolor y la inflamaci\u00f3n asociados con la gota.<\/li>\n<li>Afecciones reum\u00e1ticas: ayuda a aliviar s\u00edntomas como dolor articular, rigidez e inflamaci\u00f3n en las articulaciones.<\/li>\n<li>Problemas digestivos: El polvo de Talimkhana a veces se utiliza como ayuda digestiva para tratar problemas digestivos como indigesti\u00f3n, estre\u00f1imiento y hinchaz\u00f3n.<\/li>\n<\/ul>\n","protected":false},"excerpt":{"rendered":"<p>El polvo de semilla de Aekharo de Neel Ayurvedics es un polvo de hierbas ayurv\u00e9dicas utilizado en la medicina tradicional india para el dolor de las articulaciones, la artritis, la gota, las afecciones reum\u00e1ticas y los problemas digestivos como la indigesti\u00f3n y el estre\u00f1imiento.<\/p>\n","protected":false},"featured_media":19396,"comment_status":"open","ping_status":"closed","template":"","meta":[],"product_brand":[285],"product_cat":[200,252,249,195],"product_tag":[],"class_list":{"0":"post-6910","1":"product","2":"type-product","3":"status-publish","4":"has-post-thumbnail","6":"product_brand-neel-ayurvedics","7":"product_cat-marca","8":"product_cat-neel-ayurvedics","9":"product_cat-neel-ayurvedics-polvos-herbales","10":"product_cat-productos-ayurvedicos","12":"first","13":"instock","14":"shipping-taxable","15":"purchasable","16":"product-type-variable"},"_links":{"self":[{"href":"https:\/\/neelayurvedics.es\/index.php?rest_route=\/wp\/v2\/product\/6910","targetHints":{"allow":["GET"]}}],"collection":[{"href":"https:\/\/neelayurvedics.es\/index.php?rest_route=\/wp\/v2\/product"}],"about":[{"href":"https:\/\/neelayurvedics.es\/index.php?rest_route=\/wp\/v2\/types\/product"}],"replies":[{"embeddable":true,"href":"https:\/\/neelayurvedics.es\/index.php?rest_route=%2Fwp%2Fv2%2Fcomments&post=6910"}],"wp:featuredmedia":[{"embeddable":true,"href":"https:\/\/neelayurvedics.es\/index.php?rest_route=\/wp\/v2\/media\/19396"}],"wp:attachment":[{"href":"https:\/\/neelayurvedics.es\/index.php?rest_route=%2Fwp%2Fv2%2Fmedia&parent=6910"}],"wp:term":[{"taxonomy":"product_brand","embeddable":true,"href":"https:\/\/neelayurvedics.es\/index.php?rest_route=%2Fwp%2Fv2%2Fproduct_brand&post=6910"},{"taxonomy":"product_cat","embeddable":true,"href":"https:\/\/neelayurvedics.es\/index.php?rest_route=%2Fwp%2Fv2%2Fproduct_cat&post=6910"},{"taxonomy":"product_tag","embeddable":true,"href":"https:\/\/neelayurvedics.es\/index.php?rest_route=%2Fwp%2Fv2%2Fproduct_tag&post=6910"}],"curies":[{"name":"wp","href":"https:\/\/api.w.org\/{rel}","templated":true}]}}