{"id":6976,"date":"2025-01-10T05:31:44","date_gmt":"2025-01-10T05:31:44","guid":{"rendered":"https:\/\/neelayurvedics.es\/?post_type=product&#038;p=6976"},"modified":"2025-12-01T09:22:36","modified_gmt":"2025-12-01T09:22:36","slug":"neel-ayurvedics-semillas-de-apamarga-en-polvo","status":"publish","type":"product","link":"https:\/\/neelayurvedics.es\/?product=neel-ayurvedics-semillas-de-apamarga-en-polvo","title":{"rendered":"Neel Ayurvedics Semillas de Apamarga en polvo &#8211; La mejor para la digesti\u00f3n"},"content":{"rendered":"<p style=\"font-weight: 400;\">Otro nombre :<\/p>\n<p style=\"font-weight: 400;\">Latjira, Chirchita, Latjeera, Achyranthes Aspera, Aghedo<\/p>\n<p style=\"font-weight: 400;\">El polvo de apamarga de Neel Ayurvedics surge como un remedio herbal vers\u00e1til, reconocido por su eficacia para tratar una variedad de problemas de salud. Este potente churna, derivado de apamarga, ofrece un enfoque hol\u00edstico para el bienestar.<\/p>\n<p style=\"font-weight: 400;\"><strong style=\"font-weight: 600 !important;\">Beneficios clave:<\/strong><\/p>\n<ol style=\"font-weight: 400;\">\n<li><strong style=\"font-weight: 600 !important;\">Salud digestiva:<\/strong>\u00a0El polvo de Apamarga resulta beneficioso para controlar la indigesti\u00f3n, aliviar la tos y favorecer la salud respiratoria, incluido el asma.<\/li>\n<li><strong style=\"font-weight: 600 !important;\">Purificaci\u00f3n de la sangre:<\/strong>\u00a0conocida por sus propiedades purificadoras de la sangre, esta churna ayuda en la desintoxicaci\u00f3n y es particularmente \u00fatil en afecciones como la anemia y la ictericia.<\/li>\n<li><strong style=\"font-weight: 600 !important;\">Acci\u00f3n antiinflamatoria:<\/strong>\u00a0El polvo de Apamarga es conocido por sus efectos antiinflamatorios, lo que lo hace \u00fatil en afecciones como hemorroides e hinchaz\u00f3n.<\/li>\n<li><strong style=\"font-weight: 600 !important;\">Salud renal:<\/strong>\u00a0Ampliamente utilizada en el tratamiento de c\u00e1lculos renales, esta churna ayuda a reducir la acidez urinaria y favorece la salud renal.<\/li>\n<li><strong style=\"font-weight: 600 !important;\">Alivio t\u00f3pico:<\/strong>\u00a0El aceite de Latjira Churna, cuando se usa t\u00f3picamente, proporciona alivio inmediato de los dolores de o\u00eddo.<\/li>\n<\/ol>\n<p style=\"font-weight: 400;\"><strong style=\"font-weight: 600 !important;\">Usos adicionales:<\/strong><\/p>\n<ul style=\"font-weight: 400;\">\n<li>Tambi\u00e9n conocida como Chirchita, Latjeera, Uttareni Seeds y Achyranthes Aspera, esta churna sirve para diversos prop\u00f3sitos terap\u00e9uticos.<\/li>\n<li>Ofrece alivio inmediato de la tos.<\/li>\n<li>Aplicaci\u00f3n t\u00f3pica para dolores de o\u00eddo utilizando aceite de Latjira Churna.<\/li>\n<\/ul>\n<p style=\"font-weight: 400;\"><strong style=\"font-weight: 600 !important;\">Dosificaci\u00f3n:<\/strong><\/p>\n<p style=\"font-weight: 400;\">El polvo de Apamarga debe tomarse seg\u00fan las indicaciones de un m\u00e9dico, asegurando una dosis adecuada y personalizada para las necesidades de salud individuales.<\/p>\n","protected":false},"excerpt":{"rendered":"<p style=\"font-weight: 400;\">El polvo de Apamarga de Neel Ayurvedics se destaca como un remedio herbal vers\u00e1til con un espectro de beneficios para la salud y que ofrece alivio para diversas dolencias.<\/p>\n<p style=\"font-weight: 400;\">Este polvo a base de hierbas es reconocido por su eficacia para tratar afecciones como hemorroides, indigesti\u00f3n, tos, asma, anemia, ictericia e incluso mordeduras de serpientes.<\/p>\n","protected":false},"featured_media":17349,"comment_status":"open","ping_status":"closed","template":"","meta":[],"product_brand":[],"product_cat":[200,252,249,195],"product_tag":[],"class_list":{"0":"post-6976","1":"product","2":"type-product","3":"status-publish","4":"has-post-thumbnail","6":"product_cat-marca","7":"product_cat-neel-ayurvedics","8":"product_cat-neel-ayurvedics-polvos-herbales","9":"product_cat-productos-ayurvedicos","11":"first","12":"instock","13":"shipping-taxable","14":"purchasable","15":"product-type-variable"},"_links":{"self":[{"href":"https:\/\/neelayurvedics.es\/index.php?rest_route=\/wp\/v2\/product\/6976","targetHints":{"allow":["GET"]}}],"collection":[{"href":"https:\/\/neelayurvedics.es\/index.php?rest_route=\/wp\/v2\/product"}],"about":[{"href":"https:\/\/neelayurvedics.es\/index.php?rest_route=\/wp\/v2\/types\/product"}],"replies":[{"embeddable":true,"href":"https:\/\/neelayurvedics.es\/index.php?rest_route=%2Fwp%2Fv2%2Fcomments&post=6976"}],"wp:featuredmedia":[{"embeddable":true,"href":"https:\/\/neelayurvedics.es\/index.php?rest_route=\/wp\/v2\/media\/17349"}],"wp:attachment":[{"href":"https:\/\/neelayurvedics.es\/index.php?rest_route=%2Fwp%2Fv2%2Fmedia&parent=6976"}],"wp:term":[{"taxonomy":"product_brand","embeddable":true,"href":"https:\/\/neelayurvedics.es\/index.php?rest_route=%2Fwp%2Fv2%2Fproduct_brand&post=6976"},{"taxonomy":"product_cat","embeddable":true,"href":"https:\/\/neelayurvedics.es\/index.php?rest_route=%2Fwp%2Fv2%2Fproduct_cat&post=6976"},{"taxonomy":"product_tag","embeddable":true,"href":"https:\/\/neelayurvedics.es\/index.php?rest_route=%2Fwp%2Fv2%2Fproduct_tag&post=6976"}],"curies":[{"name":"wp","href":"https:\/\/api.w.org\/{rel}","templated":true}]}}