{"id":7350,"date":"2025-01-15T11:12:38","date_gmt":"2025-01-15T11:12:38","guid":{"rendered":"https:\/\/neelayurvedics.es\/?post_type=product&#038;p=7350"},"modified":"2025-12-04T08:31:09","modified_gmt":"2025-12-04T08:31:09","slug":"neel-ayurvedics-gokharu","status":"publish","type":"product","link":"https:\/\/neelayurvedics.es\/?product=neel-ayurvedics-gokharu","title":{"rendered":"Neel Ayurvedics Gokharu | Polvo de Tribulus terrestris: lo mejor para mejorar la funci\u00f3n renal"},"content":{"rendered":"<div id=\"nasa-single-product-tabs\" class=\"product-details\">\n<div class=\"nasa-tabs-content woocommerce-tabs\">\n<div class=\"nasa-panels nasa-desc-wrap\">\n<div id=\"nasa-tab-description\" class=\"nasa-panel nasa-content-description active\">\n<div class=\"row\">\n<div class=\"large-12 columns nasa-content-panel\">\n<p>Otro nombre:<\/p>\n<p>Gokshuradi, \u0917\u094b\u0916\u0930\u0942, \u0a97\u0acb\u0a96\u0ab0\u0ac1<\/p>\n<p>El polvo de Gokharu, tambi\u00e9n conocido como Tribulus terrestris, ocupa un lugar importante en Ayurveda por sus diversas propiedades terap\u00e9uticas y tiene un uso tradicional de larga data debido a sus potenciales beneficios para la salud.<\/p>\n<p>Beneficios para la salud:<\/p>\n<ul>\n<li>Salud urinaria: apoya la salud del sistema urinario y ayuda a mantener un flujo de orina normal.<\/li>\n<li>Bienestar reproductivo: Se sabe que promueve la salud reproductiva tanto en hombres como en mujeres.<\/li>\n<li>Mejora la libido: favorece la libido y la funci\u00f3n sexual saludables.<\/li>\n<li>Propiedades antioxidantes: exhibe efectos antioxidantes, ayudando al bienestar general.<\/li>\n<\/ul>\n<p>Propiedades clave:<\/p>\n<ul>\n<li>Rasa (Sabor): Amargo<\/li>\n<li>Guna (Calidad): Ligero, seco<\/li>\n<li>Virya (Potencia): Enfriamiento<\/li>\n<li>Vipaka (sabor post-digestivo): Dulce<\/li>\n<\/ul>\n<p>Usos comunes:<\/p>\n<ul>\n<li>Trastornos urinarios: El polvo de Gokharu se utiliza para tratar infecciones del tracto urinario y otros trastornos urinarios.<\/li>\n<li>Fertilidad: Ayuda a controlar los problemas de fertilidad tanto en hombres como en mujeres.<\/li>\n<li>Salud masculina: apoya la salud de la pr\u00f3stata y los niveles de testosterona en los hombres.<\/li>\n<li>Rendimiento atl\u00e9tico: Se cree que mejora el rendimiento atl\u00e9tico y la fuerza muscular.<\/li>\n<li>Interacciones con medicamentos: consulte a un profesional de la salud, especialmente si est\u00e1 tomando medicamentos.<\/li>\n<\/ul>\n<p>Precauciones:<\/p>\n<p>Embarazo y lactancia: Evitar su uso durante el embarazo y la lactancia sin consejo m\u00e9dico.<\/p>\n<p>Nota: Esta informaci\u00f3n tiene como objetivo aumentar la concienciaci\u00f3n y no sustituye el consejo m\u00e9dico profesional.<\/p>\n<\/div>\n<\/div>\n<\/div>\n<div id=\"nasa-tab-reviews\" class=\"nasa-panel nasa-content-reviews\">\n<div class=\"row\">\n<div class=\"large-12 columns nasa-content-panel\">\n<div id=\"reviews\" class=\"woocommerce-Reviews\">\n<div id=\"comments\">\n<div id=\"comment-61242\" class=\"comment_container\"><\/div>\n<\/div>\n<\/div>\n<\/div>\n<\/div>\n<\/div>\n<\/div>\n<\/div>\n<\/div>\n","protected":false},"excerpt":{"rendered":"<p>En Neel Ayurvedics, presentamos nuestro polvo Gokharu, un suplemento herbal arraigado en la tradici\u00f3n ayurv\u00e9dica, celebrado por sus beneficios para optimizar la salud urinaria.<\/p>\n","protected":false},"featured_media":17441,"comment_status":"open","ping_status":"closed","template":"","meta":[],"product_brand":[],"product_cat":[200,252,249,195],"product_tag":[],"class_list":{"0":"post-7350","1":"product","2":"type-product","3":"status-publish","4":"has-post-thumbnail","6":"product_cat-marca","7":"product_cat-neel-ayurvedics","8":"product_cat-neel-ayurvedics-polvos-herbales","9":"product_cat-productos-ayurvedicos","11":"first","12":"instock","13":"shipping-taxable","14":"purchasable","15":"product-type-variable"},"_links":{"self":[{"href":"https:\/\/neelayurvedics.es\/index.php?rest_route=\/wp\/v2\/product\/7350","targetHints":{"allow":["GET"]}}],"collection":[{"href":"https:\/\/neelayurvedics.es\/index.php?rest_route=\/wp\/v2\/product"}],"about":[{"href":"https:\/\/neelayurvedics.es\/index.php?rest_route=\/wp\/v2\/types\/product"}],"replies":[{"embeddable":true,"href":"https:\/\/neelayurvedics.es\/index.php?rest_route=%2Fwp%2Fv2%2Fcomments&post=7350"}],"wp:featuredmedia":[{"embeddable":true,"href":"https:\/\/neelayurvedics.es\/index.php?rest_route=\/wp\/v2\/media\/17441"}],"wp:attachment":[{"href":"https:\/\/neelayurvedics.es\/index.php?rest_route=%2Fwp%2Fv2%2Fmedia&parent=7350"}],"wp:term":[{"taxonomy":"product_brand","embeddable":true,"href":"https:\/\/neelayurvedics.es\/index.php?rest_route=%2Fwp%2Fv2%2Fproduct_brand&post=7350"},{"taxonomy":"product_cat","embeddable":true,"href":"https:\/\/neelayurvedics.es\/index.php?rest_route=%2Fwp%2Fv2%2Fproduct_cat&post=7350"},{"taxonomy":"product_tag","embeddable":true,"href":"https:\/\/neelayurvedics.es\/index.php?rest_route=%2Fwp%2Fv2%2Fproduct_tag&post=7350"}],"curies":[{"name":"wp","href":"https:\/\/api.w.org\/{rel}","templated":true}]}}