{"id":7365,"date":"2025-01-15T11:28:19","date_gmt":"2025-01-15T11:28:19","guid":{"rendered":"https:\/\/neelayurvedics.es\/?post_type=product&#038;p=7365"},"modified":"2026-04-13T09:05:04","modified_gmt":"2026-04-13T09:05:04","slug":"neel-ayurvedics-gudmar-hojas-secas-churna","status":"publish","type":"product","link":"https:\/\/neelayurvedics.es\/?product=neel-ayurvedics-gudmar-hojas-secas-churna","title":{"rendered":"Neel Ayurvedics Gudmar hojas secas Churna | Madhunashini hojas en polvo"},"content":{"rendered":"<p style=\"font-weight: 400;\">Basado en una f\u00f3rmula ayurv\u00e9dica, el polvo de hojas secas de Gudmar es muy seguro de usar. Aparte de esto, este tipo de polvo tambi\u00e9n puede ayudar mucho a controlar el colesterol. Tambi\u00e9n es muy \u00fatil para reducir la picaz\u00f3n y la inflamaci\u00f3n. Y el polvo de hojas secas de Gudmar tambi\u00e9n puede ayudar a cicatrizar heridas de manera eficaz.<\/p>\n<p style=\"font-weight: 400;\">Las hojas secas de Gudmar Churna tambi\u00e9n pueden ser muy \u00fatiles para perder peso. Aparte de esto, este tipo de polvo puede ser muy \u00fatil en el tratamiento de la ictericia y la tos. Puede proporcionar un alivio muy eficaz del estre\u00f1imiento y las hemorroides. Las hojas secas de Gudmar Churna tambi\u00e9n pueden ser muy \u00fatiles para tratar enfermedades relacionadas con el h\u00edgado.<\/p>\n<p style=\"font-weight: 400;\"><strong style=\"font-weight: 600 !important;\">DOSIS:<\/strong>\u00a0Mezcle 1-2 cucharadas de Gudmar Dried Leaves Churna con agua y t\u00f3melo 2-3 veces al d\u00eda o seg\u00fan lo indique el m\u00e9dico.<\/p>\n","protected":false},"excerpt":{"rendered":"<p>Las hojas secas de Gudmar Churna se consideran un remedio ayurv\u00e9dico y son muy \u00fatiles para regular el metabolismo de los carbohidratos. Se considera un remedio m\u00e1gico para los pacientes diab\u00e9ticos. Este tipo de polvo es muy \u00fatil para reducir el nivel de az\u00facar en sangre al aumentar el nivel de insulina en el cuerpo. Las hojas secas de Gudmar Churna tambi\u00e9n son muy \u00fatiles para tratar la ictericia y la tos.<\/p>\n","protected":false},"featured_media":18187,"comment_status":"open","ping_status":"closed","template":"","meta":[],"product_brand":[285],"product_cat":[200,252,249,195],"product_tag":[],"class_list":{"0":"post-7365","1":"product","2":"type-product","3":"status-publish","4":"has-post-thumbnail","6":"product_brand-neel-ayurvedics","7":"product_cat-marca","8":"product_cat-neel-ayurvedics","9":"product_cat-neel-ayurvedics-polvos-herbales","10":"product_cat-productos-ayurvedicos","12":"first","13":"instock","14":"shipping-taxable","15":"purchasable","16":"product-type-variable"},"_links":{"self":[{"href":"https:\/\/neelayurvedics.es\/index.php?rest_route=\/wp\/v2\/product\/7365","targetHints":{"allow":["GET"]}}],"collection":[{"href":"https:\/\/neelayurvedics.es\/index.php?rest_route=\/wp\/v2\/product"}],"about":[{"href":"https:\/\/neelayurvedics.es\/index.php?rest_route=\/wp\/v2\/types\/product"}],"replies":[{"embeddable":true,"href":"https:\/\/neelayurvedics.es\/index.php?rest_route=%2Fwp%2Fv2%2Fcomments&post=7365"}],"wp:featuredmedia":[{"embeddable":true,"href":"https:\/\/neelayurvedics.es\/index.php?rest_route=\/wp\/v2\/media\/18187"}],"wp:attachment":[{"href":"https:\/\/neelayurvedics.es\/index.php?rest_route=%2Fwp%2Fv2%2Fmedia&parent=7365"}],"wp:term":[{"taxonomy":"product_brand","embeddable":true,"href":"https:\/\/neelayurvedics.es\/index.php?rest_route=%2Fwp%2Fv2%2Fproduct_brand&post=7365"},{"taxonomy":"product_cat","embeddable":true,"href":"https:\/\/neelayurvedics.es\/index.php?rest_route=%2Fwp%2Fv2%2Fproduct_cat&post=7365"},{"taxonomy":"product_tag","embeddable":true,"href":"https:\/\/neelayurvedics.es\/index.php?rest_route=%2Fwp%2Fv2%2Fproduct_tag&post=7365"}],"curies":[{"name":"wp","href":"https:\/\/api.w.org\/{rel}","templated":true}]}}