{"id":7378,"date":"2025-01-15T11:46:12","date_gmt":"2025-01-15T11:46:12","guid":{"rendered":"https:\/\/neelayurvedics.es\/?post_type=product&#038;p=7378"},"modified":"2025-12-04T08:38:31","modified_gmt":"2025-12-04T08:38:31","slug":"neel-ayurvedics-polvo-harde-terminalia-chebula","status":"publish","type":"product","link":"https:\/\/neelayurvedics.es\/?product=neel-ayurvedics-polvo-harde-terminalia-chebula","title":{"rendered":"Neel Ayurvedics Polvo Harde (Terminalia chebula) | Polvo Haritaki | Ayudante de digesti\u00f3n"},"content":{"rendered":"<p>Neel Ayurvedics es un nombre de confianza en el mundo del Ayurveda, que ofrece una gama de remedios naturales y eficaces para promover el bienestar general. Uno de sus productos m\u00e1s populares es el Harde Powder, un potente suplemento a base de hierbas que se ha utilizado durante siglos en la medicina ayurv\u00e9dica para favorecer la salud digestiva.<\/p>\n<p>Los problemas digestivos como el estre\u00f1imiento pueden ser frustrantes e inc\u00f3modos, pero con Haritaki Powder de Neel Ayurvedics, puede encontrar alivio y apoyo para su salud digestiva. El fruto del \u00e1rbol Haritaki es la fuente de Harde Powder, tambi\u00e9n conocido como Haritaki o Terminalia chebula, que contiene una variedad de compuestos bioactivos, antioxidantes y nutrientes que favorecen una digesti\u00f3n saludable, promueven la regularidad y alivian el estre\u00f1imiento.<\/p>\n<p>Para utilizar el polvo de Haritaki, simplemente mezcle una cucharadita del polvo con agua tibia y b\u00e9balo antes de acostarse. Tambi\u00e9n puede mezclarlo con miel o ghee para agregarle sabor y beneficios. Con el uso regular, puede disfrutar de los numerosos beneficios del polvo de Haritaki para su salud digestiva.<\/p>\n<p>Con su amplia gama de beneficios e ingredientes naturales, Neel Ayurvedics Harde Powder es el complemento perfecto para cualquier r\u00e9gimen de salud natural.<\/p>\n<div class=\"flex-1 overflow-hidden\">\n<div class=\"react-scroll-to-bottom--css-idobg-79elbk h-full dark:bg-gray-800\">\n<div class=\"react-scroll-to-bottom--css-idobg-1n7m0yu\">\n<div class=\"flex flex-col items-center text-sm dark:bg-gray-800\">\n<div class=\"w-full border-b border-black\/10 dark:border-gray-900\/50 text-gray-800 dark:text-gray-100 group bg-gray-50 dark:bg-[#444654]\">\n<div class=\"text-base gap-4 md:gap-6 m-auto md:max-w-2xl lg:max-w-2xl xl:max-w-3xl p-4 md:py-6 flex lg:px-0\">\n<div class=\"relative flex w-[calc(100%-50px)] flex-col gap-1 md:gap-3 lg:w-[calc(100%-115px)]\">\n<div class=\"flex flex-grow flex-col gap-3\">\n<div class=\"min-h-[20px] flex flex-col items-start gap-4 whitespace-pre-wrap\">\n<div class=\"markdown prose w-full break-words dark:prose-invert light\">\n<p>El polvo Harde de Neel Ayurvedics es una soluci\u00f3n natural y eficaz para la salud digestiva, elaborado con frutas Haritaki org\u00e1nicas de alta calidad utilizando m\u00e9todos ayurv\u00e9dicos tradicionales. Al incorporar este suplemento herbal a su rutina diaria, puede apoyar su salud digestiva y disfrutar de los numerosos beneficios del Ayurveda. \u00a1Ordene ahora y experimente el poder de la naturaleza por s\u00ed mismo!<\/p>\n<\/div>\n<\/div>\n<\/div>\n<\/div>\n<\/div>\n<\/div>\n<\/div>\n<\/div>\n<\/div>\n<\/div>\n","protected":false},"excerpt":{"rendered":"<ul class=\"i8Z77e\">\n<li class=\"TrT0Xe\">Digesti\u00f3n d\u00e9bil<\/li>\n<li class=\"TrT0Xe\">Constipaci\u00f3n<\/li>\n<li class=\"TrT0Xe\">P\u00e9rdida de peso<\/li>\n<li class=\"TrT0Xe\">Inmunidad d\u00e9bil.<\/li>\n<\/ul>\n","protected":false},"featured_media":17214,"comment_status":"open","ping_status":"closed","template":"","meta":[],"product_brand":[],"product_cat":[200,252,249,195],"product_tag":[],"class_list":{"0":"post-7378","1":"product","2":"type-product","3":"status-publish","4":"has-post-thumbnail","6":"product_cat-marca","7":"product_cat-neel-ayurvedics","8":"product_cat-neel-ayurvedics-polvos-herbales","9":"product_cat-productos-ayurvedicos","11":"first","12":"instock","13":"shipping-taxable","14":"purchasable","15":"product-type-variable"},"_links":{"self":[{"href":"https:\/\/neelayurvedics.es\/index.php?rest_route=\/wp\/v2\/product\/7378","targetHints":{"allow":["GET"]}}],"collection":[{"href":"https:\/\/neelayurvedics.es\/index.php?rest_route=\/wp\/v2\/product"}],"about":[{"href":"https:\/\/neelayurvedics.es\/index.php?rest_route=\/wp\/v2\/types\/product"}],"replies":[{"embeddable":true,"href":"https:\/\/neelayurvedics.es\/index.php?rest_route=%2Fwp%2Fv2%2Fcomments&post=7378"}],"wp:featuredmedia":[{"embeddable":true,"href":"https:\/\/neelayurvedics.es\/index.php?rest_route=\/wp\/v2\/media\/17214"}],"wp:attachment":[{"href":"https:\/\/neelayurvedics.es\/index.php?rest_route=%2Fwp%2Fv2%2Fmedia&parent=7378"}],"wp:term":[{"taxonomy":"product_brand","embeddable":true,"href":"https:\/\/neelayurvedics.es\/index.php?rest_route=%2Fwp%2Fv2%2Fproduct_brand&post=7378"},{"taxonomy":"product_cat","embeddable":true,"href":"https:\/\/neelayurvedics.es\/index.php?rest_route=%2Fwp%2Fv2%2Fproduct_cat&post=7378"},{"taxonomy":"product_tag","embeddable":true,"href":"https:\/\/neelayurvedics.es\/index.php?rest_route=%2Fwp%2Fv2%2Fproduct_tag&post=7378"}],"curies":[{"name":"wp","href":"https:\/\/api.w.org\/{rel}","templated":true}]}}