{"id":7396,"date":"2025-01-15T12:26:28","date_gmt":"2025-01-15T12:26:28","guid":{"rendered":"https:\/\/neelayurvedics.es\/?post_type=product&#038;p=7396"},"modified":"2026-04-13T08:56:49","modified_gmt":"2026-04-13T08:56:49","slug":"neel-ayurvedics-indigo-indigofera-tinctoria-polvo","status":"publish","type":"product","link":"https:\/\/neelayurvedics.es\/?product=neel-ayurvedics-indigo-indigofera-tinctoria-polvo","title":{"rendered":"Neel Ayurvedics \u00cdndigo (Indigofera tinctoria) Polvo | Cabello Suave y Brillante | Tintes para el cabello sin qu\u00edmicos"},"content":{"rendered":"<div id=\"nasa-single-product-tabs\" class=\"product-details\">\n<div class=\"nasa-tabs-content woocommerce-tabs\">\n<div class=\"nasa-panels nasa-desc-wrap\">\n<div id=\"nasa-tab-description\" class=\"nasa-panel nasa-content-description active\">\n<div class=\"row\">\n<div class=\"large-12 columns nasa-content-panel\">\n<p>Las hojas de la planta Indigofera tinctoria forman el polvo de \u00edndigo de Neel Ayurvedics, un tinte natural para el cabello. La medicina ayurv\u00e9dica ha utilizado esta planta originaria de la India durante siglos. Neel Ayurvedics es una marca reconocida que ofrece medicamentos ayurv\u00e9dicos de buena calidad a un precio econ\u00f3mico.<\/p>\n<p>La caracter\u00edstica principal es su capacidad de proporcionar un color azul intenso al cabello, lo que lo convierte en una alternativa popular a los tintes qu\u00edmicos para el cabello que pueden da\u00f1ar el cabello y el cuero cabelludo.<\/p>\n<p>Usar el polvo de \u00edndigo de Neel Ayurvedics es f\u00e1cil y conveniente. Simplemente mezcle el polvo con agua para formar una pasta suave y apl\u00edquela en el cabello. Puede ayudar a nutrir el cabello y el cuero cabelludo, dej\u00e1ndolos suaves, brillantes y saludables. El uso regular del polvo de \u00edndigo puede ayudar a promover el crecimiento del cabello, reducir la ca\u00edda del cabello y prevenir la caspa y otros problemas del cuero cabelludo.<\/p>\n<p>Neel Ayurvedics garantiza la calidad superior de su polvo de \u00edndigo y lo procesa mediante m\u00e9todos tradicionales. La marca ofrece medicamentos ayurv\u00e9dicos de buena calidad a un precio econ\u00f3mico, lo que los hace accesibles para todos. Lo elaboran a partir de hojas de \u00edndigo de alta calidad y lo procesan mediante m\u00e9todos tradicionales para conservar sus propiedades naturales.<\/p>\n<p>Es una opci\u00f3n popular para quienes buscan te\u00f1irse el cabello sin usar qu\u00edmicos da\u00f1inos ni ingredientes sint\u00e9ticos. El polvo es f\u00e1cil de usar y apto para todo tipo de cabello, lo que lo convierte en una opci\u00f3n conveniente para todos. Neel Ayurvedics ofrece medicamentos ayurv\u00e9dicos de buena calidad a un precio econ\u00f3mico, y su polvo \u00edndigo es un producto confiable.<\/p>\n<\/div>\n<\/div>\n<\/div>\n<\/div>\n<\/div>\n<\/div>\n","protected":false},"excerpt":{"rendered":"<ul>\n<li>Tinte para el cabello natural, seguro y asequible.<\/li>\n<li>Elaborado con hojas de \u00edndigo de alta calidad.<\/li>\n<li>Nutre y fortalece el cabello.<\/li>\n<li>Promueve el crecimiento del cabello, reduce la ca\u00edda del cabello.<\/li>\n<li>Previene la caspa y otros problemas del cuero cabelludo.<\/li>\n<li>F\u00e1cil de usar, adecuado para todo tipo de cabello.<\/li>\n<li>Procesado mediante m\u00e9todos tradicionales.<\/li>\n<li>Conserva las propiedades naturales.<\/li>\n<li>Sin productos qu\u00edmicos nocivos ni ingredientes sint\u00e9ticos.<\/li>\n<\/ul>\n","protected":false},"featured_media":18170,"comment_status":"open","ping_status":"closed","template":"","meta":[],"product_brand":[],"product_cat":[200,252,249,195],"product_tag":[],"class_list":{"0":"post-7396","1":"product","2":"type-product","3":"status-publish","4":"has-post-thumbnail","6":"product_cat-marca","7":"product_cat-neel-ayurvedics","8":"product_cat-neel-ayurvedics-polvos-herbales","9":"product_cat-productos-ayurvedicos","11":"first","12":"instock","13":"shipping-taxable","14":"purchasable","15":"product-type-variable"},"_links":{"self":[{"href":"https:\/\/neelayurvedics.es\/index.php?rest_route=\/wp\/v2\/product\/7396","targetHints":{"allow":["GET"]}}],"collection":[{"href":"https:\/\/neelayurvedics.es\/index.php?rest_route=\/wp\/v2\/product"}],"about":[{"href":"https:\/\/neelayurvedics.es\/index.php?rest_route=\/wp\/v2\/types\/product"}],"replies":[{"embeddable":true,"href":"https:\/\/neelayurvedics.es\/index.php?rest_route=%2Fwp%2Fv2%2Fcomments&post=7396"}],"wp:featuredmedia":[{"embeddable":true,"href":"https:\/\/neelayurvedics.es\/index.php?rest_route=\/wp\/v2\/media\/18170"}],"wp:attachment":[{"href":"https:\/\/neelayurvedics.es\/index.php?rest_route=%2Fwp%2Fv2%2Fmedia&parent=7396"}],"wp:term":[{"taxonomy":"product_brand","embeddable":true,"href":"https:\/\/neelayurvedics.es\/index.php?rest_route=%2Fwp%2Fv2%2Fproduct_brand&post=7396"},{"taxonomy":"product_cat","embeddable":true,"href":"https:\/\/neelayurvedics.es\/index.php?rest_route=%2Fwp%2Fv2%2Fproduct_cat&post=7396"},{"taxonomy":"product_tag","embeddable":true,"href":"https:\/\/neelayurvedics.es\/index.php?rest_route=%2Fwp%2Fv2%2Fproduct_tag&post=7396"}],"curies":[{"name":"wp","href":"https:\/\/api.w.org\/{rel}","templated":true}]}}