{"id":7438,"date":"2025-01-16T07:26:13","date_gmt":"2025-01-16T07:26:13","guid":{"rendered":"https:\/\/neelayurvedics.es\/?post_type=product&#038;p=7438"},"modified":"2026-04-13T14:26:46","modified_gmt":"2026-04-13T14:26:46","slug":"neel-ayurvedics-polvo-de-semillas-de-jau","status":"publish","type":"product","link":"https:\/\/neelayurvedics.es\/?product=neel-ayurvedics-polvo-de-semillas-de-jau","title":{"rendered":"Neel Ayurvedics Polvo de semillas de Jau | cebada, polvo de Jau, harina de cebada, Jau Atta"},"content":{"rendered":"<p>Jau\/Polvo de cebada, Jau en polvo, harina de cebada, Jau Atta es \u00fatil para reducir la presi\u00f3n arterial, mejorar el colesterol para perder peso, reducir el riesgo de c\u00e1ncer, promover huesos y dientes saludables, combatir la diabetes.<\/p>\n","protected":false},"excerpt":{"rendered":"<p>Jau\/Polvo de cebada, Jau en polvo, harina de cebada, Jau Atta es \u00fatil para reducir la presi\u00f3n arterial, mejorar el colesterol para perder peso, reducir el riesgo de c\u00e1ncer, promover huesos y dientes saludables, combatir la diabetes.<\/p>\n","protected":false},"featured_media":18336,"comment_status":"open","ping_status":"closed","template":"","meta":[],"product_brand":[285],"product_cat":[200,252,249,195],"product_tag":[],"class_list":{"0":"post-7438","1":"product","2":"type-product","3":"status-publish","4":"has-post-thumbnail","6":"product_brand-neel-ayurvedics","7":"product_cat-marca","8":"product_cat-neel-ayurvedics","9":"product_cat-neel-ayurvedics-polvos-herbales","10":"product_cat-productos-ayurvedicos","12":"first","13":"instock","14":"shipping-taxable","15":"purchasable","16":"product-type-variable"},"_links":{"self":[{"href":"https:\/\/neelayurvedics.es\/index.php?rest_route=\/wp\/v2\/product\/7438","targetHints":{"allow":["GET"]}}],"collection":[{"href":"https:\/\/neelayurvedics.es\/index.php?rest_route=\/wp\/v2\/product"}],"about":[{"href":"https:\/\/neelayurvedics.es\/index.php?rest_route=\/wp\/v2\/types\/product"}],"replies":[{"embeddable":true,"href":"https:\/\/neelayurvedics.es\/index.php?rest_route=%2Fwp%2Fv2%2Fcomments&post=7438"}],"wp:featuredmedia":[{"embeddable":true,"href":"https:\/\/neelayurvedics.es\/index.php?rest_route=\/wp\/v2\/media\/18336"}],"wp:attachment":[{"href":"https:\/\/neelayurvedics.es\/index.php?rest_route=%2Fwp%2Fv2%2Fmedia&parent=7438"}],"wp:term":[{"taxonomy":"product_brand","embeddable":true,"href":"https:\/\/neelayurvedics.es\/index.php?rest_route=%2Fwp%2Fv2%2Fproduct_brand&post=7438"},{"taxonomy":"product_cat","embeddable":true,"href":"https:\/\/neelayurvedics.es\/index.php?rest_route=%2Fwp%2Fv2%2Fproduct_cat&post=7438"},{"taxonomy":"product_tag","embeddable":true,"href":"https:\/\/neelayurvedics.es\/index.php?rest_route=%2Fwp%2Fv2%2Fproduct_tag&post=7438"}],"curies":[{"name":"wp","href":"https:\/\/api.w.org\/{rel}","templated":true}]}}