{"id":7640,"date":"2025-01-18T06:46:57","date_gmt":"2025-01-18T06:46:57","guid":{"rendered":"https:\/\/neelayurvedics.es\/?post_type=product&#038;p=7640"},"modified":"2026-04-13T10:28:52","modified_gmt":"2026-04-13T10:28:52","slug":"neel-ayurvedics-lokhand-kaat","status":"publish","type":"product","link":"https:\/\/neelayurvedics.es\/?product=neel-ayurvedics-lokhand-kaat","title":{"rendered":"Neel Ayurvedics Lokhand Kaat | Polvo de \u00f3xido de hierro"},"content":{"rendered":"<p>El polvo de \u00f3xido de hierro de Neel Ayurvedics, un remedio ayurv\u00e9dico tradicional, ha sido confiable durante generaciones por sus extraordinarios beneficios para el cabello. Rico en hierro, un mineral esencial, ayuda a nutrir los fol\u00edculos pilosos desde adentro, lo que promueve el crecimiento y la fuerza.<\/p>\n<p><strong>Beneficios clave:<\/strong><\/p>\n<ol>\n<li><strong>Estimula el crecimiento del cabello:<\/strong>\u00a0el polvo de \u00f3xido de hierro estimula la circulaci\u00f3n sangu\u00ednea en el cuero cabelludo, rejuveneciendo los fol\u00edculos pilosos y promoviendo el crecimiento saludable del cabello. Dile adi\u00f3s al cabello fino y dale la bienvenida a los mechones voluminosos.<\/li>\n<li><strong>Previene la rotura del cabello:<\/strong>\u00a0al fortalecer el tallo del cabello y prevenir la rotura, ayuda a mantener la integridad del cabello, reduciendo las puntas abiertas y la fragilidad.<\/li>\n<li><strong>Agrega brillo y lustre:<\/strong>\u00a0Experimente el brillo y lustre natural de su cabello con el uso regular de Iron Rust Powder. D\u00edgale adi\u00f3s a los mechones opacos y sin vida y d\u00e9 la bienvenida a un cabello vibrante y brillante.<\/li>\n<li><strong>Nutre el cuero cabelludo:<\/strong>\u00a0el polvo Lokhand Kaat, enriquecido con minerales esenciales, nutre el cuero cabelludo, manteni\u00e9ndolo hidratado y libre de sequedad e irritaci\u00f3n. Un cuero cabelludo saludable es la base para el crecimiento saludable del cabello.<\/li>\n<li><strong>Natural y seguro:<\/strong>\u00a0el polvo de \u00f3xido de hierro de Neel Ayurvedics est\u00e1 formulado con ingredientes 100 % naturales, sin qu\u00edmicos ni aditivos da\u00f1inos. Tenga la seguridad de que est\u00e1 tratando su cabello con el cuidado que se merece.<\/li>\n<\/ol>\n","protected":false},"excerpt":{"rendered":"<p>Polvo de \u00f3xido de hierro de Neel Ayurvedics, un revolucionario producto para el cuidado del cabello basado en la antigua sabidur\u00eda ayurv\u00e9dica. Es un ingrediente natural que promueve la salud del cabello cuando se usa en combinaci\u00f3n con otras hierbas como el polvo de aritha, el polvo de shikakai, el polvo de amla, el polvo de semilla de mango, el polvo de mehandi, etc.<\/p>\n","protected":false},"featured_media":18299,"comment_status":"open","ping_status":"closed","template":"","meta":[],"product_brand":[],"product_cat":[200,420,252,249,195],"product_tag":[],"class_list":{"0":"post-7640","1":"product","2":"type-product","3":"status-publish","4":"has-post-thumbnail","6":"product_cat-marca","7":"product_cat-company-wise","8":"product_cat-neel-ayurvedics","9":"product_cat-neel-ayurvedics-polvos-herbales","10":"product_cat-productos-ayurvedicos","12":"first","13":"instock","14":"shipping-taxable","15":"purchasable","16":"product-type-variable"},"_links":{"self":[{"href":"https:\/\/neelayurvedics.es\/index.php?rest_route=\/wp\/v2\/product\/7640","targetHints":{"allow":["GET"]}}],"collection":[{"href":"https:\/\/neelayurvedics.es\/index.php?rest_route=\/wp\/v2\/product"}],"about":[{"href":"https:\/\/neelayurvedics.es\/index.php?rest_route=\/wp\/v2\/types\/product"}],"replies":[{"embeddable":true,"href":"https:\/\/neelayurvedics.es\/index.php?rest_route=%2Fwp%2Fv2%2Fcomments&post=7640"}],"wp:featuredmedia":[{"embeddable":true,"href":"https:\/\/neelayurvedics.es\/index.php?rest_route=\/wp\/v2\/media\/18299"}],"wp:attachment":[{"href":"https:\/\/neelayurvedics.es\/index.php?rest_route=%2Fwp%2Fv2%2Fmedia&parent=7640"}],"wp:term":[{"taxonomy":"product_brand","embeddable":true,"href":"https:\/\/neelayurvedics.es\/index.php?rest_route=%2Fwp%2Fv2%2Fproduct_brand&post=7640"},{"taxonomy":"product_cat","embeddable":true,"href":"https:\/\/neelayurvedics.es\/index.php?rest_route=%2Fwp%2Fv2%2Fproduct_cat&post=7640"},{"taxonomy":"product_tag","embeddable":true,"href":"https:\/\/neelayurvedics.es\/index.php?rest_route=%2Fwp%2Fv2%2Fproduct_tag&post=7640"}],"curies":[{"name":"wp","href":"https:\/\/api.w.org\/{rel}","templated":true}]}}