{"id":7766,"date":"2025-01-21T06:38:42","date_gmt":"2025-01-21T06:38:42","guid":{"rendered":"https:\/\/neelayurvedics.es\/?post_type=product&#038;p=7766"},"modified":"2026-04-14T12:28:56","modified_gmt":"2026-04-14T12:28:56","slug":"neel-ayurvedics-polvo-rakta-chandan","status":"publish","type":"product","link":"https:\/\/neelayurvedics.es\/?product=neel-ayurvedics-polvo-rakta-chandan","title":{"rendered":"Neel ayurvedics Polvo Rakta Chandan | Polvo de s\u00e1ndalo rojo"},"content":{"rendered":"<p>El polvo de Rakta Chandan se utiliza para preparar mascarillas faciales, cremas, etc. para tratar las espinillas y el acn\u00e9. Como el Rakt Chandan tiene propiedades refrescantes, se utiliza como pasta para aplicar en el est\u00f3mago para aliviar la acidez, el calor y otros problemas estomacales.<\/p>\n<p>Compre polvo de s\u00e1ndalo rojo Neel Ayurvedics en paquetes de 50 g, 100 g, 250 g, 500 g y 1 kg.<\/p>\n<p>&nbsp;<\/p>\n<p>Nota: Este polvo es solo para uso externo.<\/p>\n","protected":false},"excerpt":{"rendered":"<p>El polvo de Rakta Chandan se utiliza para preparar mascarillas faciales, cremas, etc. para tratar las espinillas y el acn\u00e9. Como el Rakt Chandan tiene propiedades refrescantes, se utiliza como pasta para aplicar en el est\u00f3mago para aliviar la acidez, el calor y otros problemas estomacales. Compre polvo de s\u00e1ndalo rojo Neel Ayurvedics en paquetes [&hellip;]<\/p>\n","protected":false},"featured_media":19391,"comment_status":"open","ping_status":"closed","template":"","meta":[],"product_brand":[285],"product_cat":[200,252,249,195],"product_tag":[],"class_list":{"0":"post-7766","1":"product","2":"type-product","3":"status-publish","4":"has-post-thumbnail","6":"product_brand-neel-ayurvedics","7":"product_cat-marca","8":"product_cat-neel-ayurvedics","9":"product_cat-neel-ayurvedics-polvos-herbales","10":"product_cat-productos-ayurvedicos","12":"first","13":"instock","14":"shipping-taxable","15":"purchasable","16":"product-type-variable"},"_links":{"self":[{"href":"https:\/\/neelayurvedics.es\/index.php?rest_route=\/wp\/v2\/product\/7766","targetHints":{"allow":["GET"]}}],"collection":[{"href":"https:\/\/neelayurvedics.es\/index.php?rest_route=\/wp\/v2\/product"}],"about":[{"href":"https:\/\/neelayurvedics.es\/index.php?rest_route=\/wp\/v2\/types\/product"}],"replies":[{"embeddable":true,"href":"https:\/\/neelayurvedics.es\/index.php?rest_route=%2Fwp%2Fv2%2Fcomments&post=7766"}],"wp:featuredmedia":[{"embeddable":true,"href":"https:\/\/neelayurvedics.es\/index.php?rest_route=\/wp\/v2\/media\/19391"}],"wp:attachment":[{"href":"https:\/\/neelayurvedics.es\/index.php?rest_route=%2Fwp%2Fv2%2Fmedia&parent=7766"}],"wp:term":[{"taxonomy":"product_brand","embeddable":true,"href":"https:\/\/neelayurvedics.es\/index.php?rest_route=%2Fwp%2Fv2%2Fproduct_brand&post=7766"},{"taxonomy":"product_cat","embeddable":true,"href":"https:\/\/neelayurvedics.es\/index.php?rest_route=%2Fwp%2Fv2%2Fproduct_cat&post=7766"},{"taxonomy":"product_tag","embeddable":true,"href":"https:\/\/neelayurvedics.es\/index.php?rest_route=%2Fwp%2Fv2%2Fproduct_tag&post=7766"}],"curies":[{"name":"wp","href":"https:\/\/api.w.org\/{rel}","templated":true}]}}