{"id":7814,"date":"2025-01-21T10:18:27","date_gmt":"2025-01-21T10:18:27","guid":{"rendered":"https:\/\/neelayurvedics.es\/?post_type=product&#038;p=7814"},"modified":"2025-12-01T09:39:25","modified_gmt":"2025-12-01T09:39:25","slug":"neel-ayurvedics-polvo-reetha","status":"publish","type":"product","link":"https:\/\/neelayurvedics.es\/?product=neel-ayurvedics-polvo-reetha","title":{"rendered":"Neel Ayurvedics Polvo Reetha | Polvo de Aritha | Sapindus mukorossi | Polvo de jaboncillo indio | Polvo de Aritha para un cabello sano"},"content":{"rendered":"<div id=\"nasa-single-product-tabs\" class=\"product-details\">\n<div class=\"nasa-tabs-content woocommerce-tabs\">\n<div class=\"nasa-panels nasa-desc-wrap\">\n<div id=\"nasa-tab-description\" class=\"nasa-panel nasa-content-description active\">\n<div class=\"row\">\n<div class=\"large-12 columns nasa-content-panel\">\n<div class=\"flex-1 overflow-hidden\">\n<div class=\"react-scroll-to-bottom--css-gmrnq-79elbk h-full dark:bg-gray-800\">\n<div class=\"react-scroll-to-bottom--css-gmrnq-1n7m0yu\">\n<div class=\"flex flex-col items-center text-sm dark:bg-gray-800\">\n<div class=\"w-full border-b border-black\/10 dark:border-gray-900\/50 text-gray-800 dark:text-gray-100 group bg-gray-50 dark:bg-[#444654]\">\n<div class=\"text-base gap-4 md:gap-6 m-auto md:max-w-2xl lg:max-w-2xl xl:max-w-3xl p-4 md:py-6 flex lg:px-0\">\n<div class=\"relative flex w-[calc(100%-50px)] flex-col gap-1 md:gap-3 lg:w-[calc(100%-115px)]\">\n<div class=\"flex flex-grow flex-col gap-3\">\n<div class=\"min-h-[20px] flex flex-col items-start gap-4 whitespace-pre-wrap\">\n<div class=\"markdown prose w-full break-words dark:prose-invert dark\">\n<p>Reetha, tambi\u00e9n conocida como nuez de jab\u00f3n, es un ingrediente natural que se ha utilizado en la medicina ayurv\u00e9dica durante siglos debido a sus numerosos beneficios para el cabello y la piel. El polvo de Reetha de Neel Ayurvedics es una forma org\u00e1nica y pura de este ingrediente tradicional, que se utiliza para diversos fines. El polvo se elabora secando y moliendo la fruta de Reetha y es conocido por sus propiedades naturales de limpieza y desintoxicaci\u00f3n.<\/p>\n<p>Beneficios del polvo de reetha de Neel Ayurvedics<\/p>\n<ol>\n<li>Cuidado del cabello: El polvo de reetha es un excelente limpiador para el cabello y se puede utilizar como una alternativa natural a los champ\u00fas a base de qu\u00edmicos. Elimina la suciedad, la grasa y las impurezas del cuero cabelludo y el cabello, dej\u00e1ndolos limpios y frescos. El polvo tambi\u00e9n tiene un efecto acondicionador, dejando el cabello suave y brillante.<\/li>\n<li>Cuidado de la piel: El polvo de Aritha tambi\u00e9n se puede utilizar como limpiador facial y ayuda a eliminar las impurezas y las c\u00e9lulas muertas de la piel. Tiene propiedades exfoliantes suaves, lo que lo convierte en una excelente opci\u00f3n para las personas con piel sensible. El polvo ayuda a mejorar la textura y el cutis general de la piel, dej\u00e1ndola fresca y revitalizada.<\/li>\n<li>Tratamiento para la caspa: Es conocido por sus propiedades antiinflamatorias y antif\u00fangicas, lo que lo convierte en un tratamiento eficaz para la caspa. El uso regular del polvo puede ayudar a reducir la picaz\u00f3n y la descamaci\u00f3n asociadas con la caspa.<\/li>\n<li>Limpiador corporal: se puede utilizar como gel de ba\u00f1o y es una excelente alternativa a los productos de limpieza corporal a base de qu\u00edmicos. Las propiedades limpiadoras naturales del polvo ayudan a eliminar las impurezas y toxinas de la piel, dej\u00e1ndola limpia y fresca.<\/li>\n<li>Detergente para ropa: Aritha tambi\u00e9n se puede utilizar como detergente para ropa y es una excelente alternativa a los detergentes a base de qu\u00edmicos. El polvo es seguro para todo tipo de telas, lo que lo convierte en una opci\u00f3n ideal para personas con piel sensible.<\/li>\n<\/ol>\n<p>C\u00f3mo utilizar el polvo de reetha de Neel Ayurvedics<\/p>\n<ol>\n<li>Cuidado del cabello: Para usar el polvo de Reetha como champ\u00fa, mezcle 2 o 3 cucharadas del polvo con agua para formar una pasta espesa. Aplique la pasta en el cuero cabelludo y el cabello, masajeando suavemente durante 2 o 3 minutos. Enjuague bien con agua.<\/li>\n<li>Cuidado de la piel: Para usar el polvo de Reetha como limpiador facial, mezcle 2 o 3 cucharaditas del polvo con agua para formar una pasta espesa. Aplique la pasta en el rostro y masajee suavemente durante 2 o 3 minutos. Enjuague bien con agua.<\/li>\n<li>Tratamiento de la caspa: para tratar la caspa, mezcle 2 o 3 cucharadas de polvo de Reetha con agua para formar una pasta espesa. Aplique la pasta en el cuero cabelludo y masajee suavemente durante 2 o 3 minutos. Deje la pasta actuar durante 10 o 15 minutos antes de enjuagar bien con agua.<\/li>\n<li>Limpiador corporal: para usar el polvo de Reetha como gel de ba\u00f1o, mezcle 2 o 3 cucharadas del polvo con agua para formar una pasta espesa. Aplique la pasta en el cuerpo y masajee suavemente durante 2 o 3 minutos. Enjuague bien con agua.<\/li>\n<li>Detergente para ropa: para usar el polvo Reetha como detergente para ropa, agregue 2-3 cucharadas del polvo al ciclo de lavado junto con su detergente habitual.<\/li>\n<\/ol>\n<\/div>\n<\/div>\n<\/div>\n<\/div>\n<\/div>\n<\/div>\n<\/div>\n<\/div>\n<\/div>\n<\/div>\n<\/div>\n<\/div>\n<\/div>\n<div id=\"nasa-tab-reviews\" class=\"nasa-panel nasa-content-reviews\">\n<div class=\"row\">\n<div class=\"large-12 columns nasa-content-panel\">\n<div id=\"reviews\" class=\"woocommerce-Reviews\">\n<div id=\"comments\">\n<div id=\"comment-54089\" class=\"comment_container\"><\/div>\n<\/div>\n<\/div>\n<\/div>\n<\/div>\n<\/div>\n<\/div>\n<\/div>\n<\/div>\n","protected":false},"excerpt":{"rendered":"<p>Reetha, tambi\u00e9n conocida como nuez de jab\u00f3n, es un ingrediente natural que se ha utilizado en la medicina ayurv\u00e9dica durante siglos debido a sus numerosos beneficios para el cabello y la piel. El polvo de Reetha de Neel Ayurvedics es una forma org\u00e1nica y pura de este ingrediente tradicional, que se utiliza para diversos fines. [&hellip;]<\/p>\n","protected":false},"featured_media":17094,"comment_status":"open","ping_status":"closed","template":"","meta":[],"product_brand":[],"product_cat":[200,252,249,195],"product_tag":[],"class_list":{"0":"post-7814","1":"product","2":"type-product","3":"status-publish","4":"has-post-thumbnail","6":"product_cat-marca","7":"product_cat-neel-ayurvedics","8":"product_cat-neel-ayurvedics-polvos-herbales","9":"product_cat-productos-ayurvedicos","11":"first","12":"instock","13":"shipping-taxable","14":"purchasable","15":"product-type-variable"},"_links":{"self":[{"href":"https:\/\/neelayurvedics.es\/index.php?rest_route=\/wp\/v2\/product\/7814","targetHints":{"allow":["GET"]}}],"collection":[{"href":"https:\/\/neelayurvedics.es\/index.php?rest_route=\/wp\/v2\/product"}],"about":[{"href":"https:\/\/neelayurvedics.es\/index.php?rest_route=\/wp\/v2\/types\/product"}],"replies":[{"embeddable":true,"href":"https:\/\/neelayurvedics.es\/index.php?rest_route=%2Fwp%2Fv2%2Fcomments&post=7814"}],"wp:featuredmedia":[{"embeddable":true,"href":"https:\/\/neelayurvedics.es\/index.php?rest_route=\/wp\/v2\/media\/17094"}],"wp:attachment":[{"href":"https:\/\/neelayurvedics.es\/index.php?rest_route=%2Fwp%2Fv2%2Fmedia&parent=7814"}],"wp:term":[{"taxonomy":"product_brand","embeddable":true,"href":"https:\/\/neelayurvedics.es\/index.php?rest_route=%2Fwp%2Fv2%2Fproduct_brand&post=7814"},{"taxonomy":"product_cat","embeddable":true,"href":"https:\/\/neelayurvedics.es\/index.php?rest_route=%2Fwp%2Fv2%2Fproduct_cat&post=7814"},{"taxonomy":"product_tag","embeddable":true,"href":"https:\/\/neelayurvedics.es\/index.php?rest_route=%2Fwp%2Fv2%2Fproduct_tag&post=7814"}],"curies":[{"name":"wp","href":"https:\/\/api.w.org\/{rel}","templated":true}]}}