{"id":7923,"date":"2025-01-22T06:45:59","date_gmt":"2025-01-22T06:45:59","guid":{"rendered":"https:\/\/neelayurvedics.es\/?post_type=product&#038;p=7923"},"modified":"2025-01-22T06:45:59","modified_gmt":"2025-01-22T06:45:59","slug":"neel-ayurvedics-shuddh-guggal","status":"publish","type":"product","link":"https:\/\/neelayurvedics.es\/?product=neel-ayurvedics-shuddh-guggal","title":{"rendered":"Neel Ayurvedics Shuddh Guggal | Polvo de guggal medicinal"},"content":{"rendered":"<p>El polvo de Shuddha Guggal viene en paquetes de 25 g, 50 g, 100 g, 250 g, 500 g y 1 kg. La resina de polvo de Guggul se usa para la artritis, la reducci\u00f3n del colesterol alto, la aterosclerosis, el acn\u00e9 y otras enfermedades de la piel y la p\u00e9rdida de peso.<\/p>\n","protected":false},"excerpt":{"rendered":"<p>El polvo de Shuddha Guggal viene en paquetes de 25 g, 50 g, 100 g, 250 g, 500 g y 1 kg. La resina de polvo de Guggul se usa para la artritis, la reducci\u00f3n del colesterol alto, la aterosclerosis, el acn\u00e9 y otras enfermedades de la piel y la p\u00e9rdida de peso.<\/p>\n","protected":false},"featured_media":7928,"comment_status":"open","ping_status":"closed","template":"","meta":[],"product_brand":[],"product_cat":[200,252,249,195],"product_tag":[],"class_list":{"0":"post-7923","1":"product","2":"type-product","3":"status-publish","4":"has-post-thumbnail","6":"product_cat-marca","7":"product_cat-neel-ayurvedics","8":"product_cat-neel-ayurvedics-polvos-herbales","9":"product_cat-productos-ayurvedicos","11":"first","12":"instock","13":"shipping-taxable","14":"purchasable","15":"product-type-variable"},"_links":{"self":[{"href":"https:\/\/neelayurvedics.es\/index.php?rest_route=\/wp\/v2\/product\/7923","targetHints":{"allow":["GET"]}}],"collection":[{"href":"https:\/\/neelayurvedics.es\/index.php?rest_route=\/wp\/v2\/product"}],"about":[{"href":"https:\/\/neelayurvedics.es\/index.php?rest_route=\/wp\/v2\/types\/product"}],"replies":[{"embeddable":true,"href":"https:\/\/neelayurvedics.es\/index.php?rest_route=%2Fwp%2Fv2%2Fcomments&post=7923"}],"wp:featuredmedia":[{"embeddable":true,"href":"https:\/\/neelayurvedics.es\/index.php?rest_route=\/wp\/v2\/media\/7928"}],"wp:attachment":[{"href":"https:\/\/neelayurvedics.es\/index.php?rest_route=%2Fwp%2Fv2%2Fmedia&parent=7923"}],"wp:term":[{"taxonomy":"product_brand","embeddable":true,"href":"https:\/\/neelayurvedics.es\/index.php?rest_route=%2Fwp%2Fv2%2Fproduct_brand&post=7923"},{"taxonomy":"product_cat","embeddable":true,"href":"https:\/\/neelayurvedics.es\/index.php?rest_route=%2Fwp%2Fv2%2Fproduct_cat&post=7923"},{"taxonomy":"product_tag","embeddable":true,"href":"https:\/\/neelayurvedics.es\/index.php?rest_route=%2Fwp%2Fv2%2Fproduct_tag&post=7923"}],"curies":[{"name":"wp","href":"https:\/\/api.w.org\/{rel}","templated":true}]}}