{"id":7997,"date":"2025-01-22T10:40:37","date_gmt":"2025-01-22T10:40:37","guid":{"rendered":"https:\/\/neelayurvedics.es\/?post_type=product&#038;p=7997"},"modified":"2026-04-13T08:35:46","modified_gmt":"2026-04-13T08:35:46","slug":"neel-ayurvedics-curcuma-en-polvo","status":"publish","type":"product","link":"https:\/\/neelayurvedics.es\/?product=neel-ayurvedics-curcuma-en-polvo","title":{"rendered":"Neel Ayurvedics C\u00farcuma en polvo | Polvo Haldi"},"content":{"rendered":"<p style=\"font-weight: 400;\">El polvo de c\u00farcuma puede ser muy \u00fatil para reducir el riesgo de enfermedades cerebrales. Adem\u00e1s, este polvo ayuda mucho a prevenir el da\u00f1o causado por los radicales libres. Se sabe que facilita la relajaci\u00f3n en la osteoartritis, ya que incorpora una acci\u00f3n antiinflamatoria. El polvo de c\u00farcuma se usa ampliamente en el tratamiento de problemas de la piel como el acn\u00e9 debido a sus propiedades antibacterianas.<\/p>\n<p style=\"font-weight: 400;\">El polvo de c\u00farcuma se utiliza para mejorar la salud del coraz\u00f3n. Adem\u00e1s, puede ser muy \u00fatil para aumentar el factor neurotr\u00f3pico derivado del cerebro. Este tipo de polvo tambi\u00e9n puede ser muy \u00fatil para reducir el riesgo de enfermedades cerebrales. El polvo de c\u00farcuma funciona como analg\u00e9sico. El polvo de c\u00farcuma puede ser muy \u00fatil para proteger el h\u00edgado del da\u00f1o causado por las toxinas.<\/p>\n<p style=\"font-weight: 400;\"><strong style=\"font-weight: 600 !important;\">DOSIS:<\/strong>\u00a0Haldi Powder debe consumirse en la dosis indicada por su m\u00e9dico.<\/p>\n","protected":false},"excerpt":{"rendered":"<p>El polvo de haldi es muy \u00fatil para fortalecer el sistema inmunol\u00f3gico. El polvo de haldi tiene un 9 % de contenido de curcumina. Este tipo de churna est\u00e1 dise\u00f1ado para promover en gran medida la digesti\u00f3n, los ojos, el cerebro, el coraz\u00f3n y la piel saludables. Alivia el dolor de las articulaciones. El polvo de haldi puede ser muy \u00fatil para reducir las complicaciones relacionadas con la diabetes, como \u00falceras, heridas y da\u00f1o renal.<\/p>\n","protected":false},"featured_media":18117,"comment_status":"open","ping_status":"closed","template":"","meta":[],"product_brand":[285],"product_cat":[200,252,249,195],"product_tag":[],"class_list":{"0":"post-7997","1":"product","2":"type-product","3":"status-publish","4":"has-post-thumbnail","6":"product_brand-neel-ayurvedics","7":"product_cat-marca","8":"product_cat-neel-ayurvedics","9":"product_cat-neel-ayurvedics-polvos-herbales","10":"product_cat-productos-ayurvedicos","12":"first","13":"instock","14":"shipping-taxable","15":"purchasable","16":"product-type-variable"},"_links":{"self":[{"href":"https:\/\/neelayurvedics.es\/index.php?rest_route=\/wp\/v2\/product\/7997","targetHints":{"allow":["GET"]}}],"collection":[{"href":"https:\/\/neelayurvedics.es\/index.php?rest_route=\/wp\/v2\/product"}],"about":[{"href":"https:\/\/neelayurvedics.es\/index.php?rest_route=\/wp\/v2\/types\/product"}],"replies":[{"embeddable":true,"href":"https:\/\/neelayurvedics.es\/index.php?rest_route=%2Fwp%2Fv2%2Fcomments&post=7997"}],"wp:featuredmedia":[{"embeddable":true,"href":"https:\/\/neelayurvedics.es\/index.php?rest_route=\/wp\/v2\/media\/18117"}],"wp:attachment":[{"href":"https:\/\/neelayurvedics.es\/index.php?rest_route=%2Fwp%2Fv2%2Fmedia&parent=7997"}],"wp:term":[{"taxonomy":"product_brand","embeddable":true,"href":"https:\/\/neelayurvedics.es\/index.php?rest_route=%2Fwp%2Fv2%2Fproduct_brand&post=7997"},{"taxonomy":"product_cat","embeddable":true,"href":"https:\/\/neelayurvedics.es\/index.php?rest_route=%2Fwp%2Fv2%2Fproduct_cat&post=7997"},{"taxonomy":"product_tag","embeddable":true,"href":"https:\/\/neelayurvedics.es\/index.php?rest_route=%2Fwp%2Fv2%2Fproduct_tag&post=7997"}],"curies":[{"name":"wp","href":"https:\/\/api.w.org\/{rel}","templated":true}]}}