{"id":8140,"date":"2025-01-24T05:38:14","date_gmt":"2025-01-24T05:38:14","guid":{"rendered":"https:\/\/neelayurvedics.es\/?post_type=product&#038;p=8140"},"modified":"2026-01-22T07:07:24","modified_gmt":"2026-01-22T07:07:24","slug":"neel-ayurvedics-akarkara","status":"publish","type":"product","link":"https:\/\/neelayurvedics.es\/?product=neel-ayurvedics-akarkara","title":{"rendered":"Neel Ayurvedics Akarkara | Ra\u00edces Pelitorias | Piretro De Anacyclus"},"content":{"rendered":"<div id=\"nasa-single-product-tabs\" class=\"product-details\">\n<div class=\"nasa-tabs-content woocommerce-tabs\">\n<div class=\"nasa-panels nasa-desc-wrap\">\n<div id=\"nasa-tab-description\" class=\"nasa-panel nasa-content-description active\">\n<div class=\"row\">\n<div class=\"large-12 columns nasa-content-panel\">\n<p><strong>Neel Ayurv\u00e9dicos Ra\u00edces de Akarkara<\/strong><\/p>\n<p>Akarkara (Anacyclus pyrethrum) de Neel Ayurvedics es una hierba potente que se utiliza tradicionalmente en la medicina ayurv\u00e9dica por sus diversos beneficios para la salud. Conocida por su funci\u00f3n de apoyo al bienestar general, la akarkara, en particular sus ra\u00edces, es especialmente valorada por promover la vitalidad y la salud reproductiva en los hombres.<\/p>\n<p><strong>Beneficios clave de Neel Ayurvedics Akarkara:<\/strong><\/p>\n<ul>\n<li><strong>Aumenta la libido y la fertilidad:<\/strong>\u00a0las ra\u00edces de Akarkara son conocidas por su capacidad para estimular la producci\u00f3n de testosterona, lo que puede ayudar a mejorar la libido y mejorar la fertilidad masculina.<\/li>\n<li><strong>Reduce el estr\u00e9s y la ansiedad:<\/strong>\u00a0las ra\u00edces de Akarkara contienen propiedades calmantes naturales que pueden ayudar a reducir el estr\u00e9s mental y la ansiedad, promoviendo el bienestar emocional.<\/li>\n<li><strong>Apoya niveles saludables de az\u00facar en sangre:<\/strong>\u00a0algunos estudios sugieren que el extracto de ra\u00edz de Akarkara puede ayudar a regular los niveles de glucosa en sangre, lo que favorece el control saludable del az\u00facar en sangre.<\/li>\n<li><strong>Propiedades ayurv\u00e9dicas:<\/strong>\u00a0La akarkara se considera picante y caliente en la medicina ayurv\u00e9dica. Sus ra\u00edces ayudan a equilibrar los doshas vata, pitta y kapha, mejoran la funci\u00f3n cerebral y promueven una sudoraci\u00f3n saludable.<\/li>\n<\/ul>\n<p><strong>Uso y seguridad:<\/strong><\/p>\n<p>Neel Ayurvedics Akarkara debe usarse con moderaci\u00f3n. El consumo excesivo del extracto de ra\u00edz puede provocar efectos secundarios como sensaci\u00f3n de ardor en la boca, salivaci\u00f3n excesiva y malestar estomacal. Por lo tanto, es importante seguir la dosis recomendada.<\/p>\n<p><strong>Advertencia de alergia:<\/strong><\/p>\n<p>Como Akarkara pertenece a la familia Asteraceae, las personas con alergias a plantas como cal\u00e9ndulas, crisantemos o margaritas deben consultar a un profesional de la salud antes de usar ra\u00edces de Akarkara.<\/p>\n<p><strong>\u00bfPor qu\u00e9 elegir Neel Ayurvedics Akarkara?<\/strong><\/p>\n<p>Neel Ayurvedics garantiza un producto de la m\u00e1s alta calidad, cuidadosamente seleccionado para brindar el espectro completo de beneficios. Ya sea que est\u00e9 buscando aumentar la vitalidad, favorecer la fertilidad o reducir el estr\u00e9s, Akarkara de Neel Ayurvedics es un suplemento natural confiable basado en la antigua sabidur\u00eda del Ayurveda.<\/p>\n<p><strong>Nota:<\/strong> Siempre consulte con un proveedor de atenci\u00f3n m\u00e9dica antes de comenzar a tomar cualquier suplemento, especialmente si tiene problemas de salud o alergias existentes.<\/p>\n<\/div>\n<\/div>\n<\/div>\n<\/div>\n<\/div>\n<\/div>\n","protected":false},"excerpt":{"rendered":"<p>El piretro de Anacyclus es una ra\u00edz medicinal muy buena. La gente usa el piretro de Anacyclus para tratar el reumatismo y mejorar la digesti\u00f3n. Las ra\u00edces de parietaria aumentan la circulaci\u00f3n sangu\u00ednea en el cuerpo.<\/p>\n","protected":false},"featured_media":17604,"comment_status":"open","ping_status":"closed","template":"","meta":[],"product_brand":[],"product_cat":[200,252,250,195],"product_tag":[],"class_list":{"0":"post-8140","1":"product","2":"type-product","3":"status-publish","4":"has-post-thumbnail","6":"product_cat-marca","7":"product_cat-neel-ayurvedics","8":"product_cat-neel-ayurvedics-hierbas-enteras","9":"product_cat-productos-ayurvedicos","11":"first","12":"instock","13":"shipping-taxable","14":"purchasable","15":"product-type-variable"},"_links":{"self":[{"href":"https:\/\/neelayurvedics.es\/index.php?rest_route=\/wp\/v2\/product\/8140","targetHints":{"allow":["GET"]}}],"collection":[{"href":"https:\/\/neelayurvedics.es\/index.php?rest_route=\/wp\/v2\/product"}],"about":[{"href":"https:\/\/neelayurvedics.es\/index.php?rest_route=\/wp\/v2\/types\/product"}],"replies":[{"embeddable":true,"href":"https:\/\/neelayurvedics.es\/index.php?rest_route=%2Fwp%2Fv2%2Fcomments&post=8140"}],"wp:featuredmedia":[{"embeddable":true,"href":"https:\/\/neelayurvedics.es\/index.php?rest_route=\/wp\/v2\/media\/17604"}],"wp:attachment":[{"href":"https:\/\/neelayurvedics.es\/index.php?rest_route=%2Fwp%2Fv2%2Fmedia&parent=8140"}],"wp:term":[{"taxonomy":"product_brand","embeddable":true,"href":"https:\/\/neelayurvedics.es\/index.php?rest_route=%2Fwp%2Fv2%2Fproduct_brand&post=8140"},{"taxonomy":"product_cat","embeddable":true,"href":"https:\/\/neelayurvedics.es\/index.php?rest_route=%2Fwp%2Fv2%2Fproduct_cat&post=8140"},{"taxonomy":"product_tag","embeddable":true,"href":"https:\/\/neelayurvedics.es\/index.php?rest_route=%2Fwp%2Fv2%2Fproduct_tag&post=8140"}],"curies":[{"name":"wp","href":"https:\/\/api.w.org\/{rel}","templated":true}]}}