{"id":8162,"date":"2025-01-24T06:19:59","date_gmt":"2025-01-24T06:19:59","guid":{"rendered":"https:\/\/neelayurvedics.es\/?post_type=product&#038;p=8162"},"modified":"2026-01-22T07:59:43","modified_gmt":"2026-01-22T07:59:43","slug":"neel-ayurvedics-amba-haldi-2","status":"publish","type":"product","link":"https:\/\/neelayurvedics.es\/?product=neel-ayurvedics-amba-haldi-2","title":{"rendered":"Neel Ayurvedics Amba Haldi | Curcuma Amda"},"content":{"rendered":"<p>La c\u00farcuma amda se encuentra en algunas partes de la India, como Bengala, Uttar Pradesh, el sur de la India y Gujarat. La ra\u00edz es grande, con tubos gruesos, cil\u00edndricos, elipsoides y de color amarillo p\u00e1lido en su interior. Se parece al jengibre normal, pero no es tan picante y, en cambio, tiene el sabor del mango crudo.<\/p>\n<p>Amla haldi tiene un sabor dulce y amargo. Amla haldi se usa para hacer conservas, encurtidos, salsas, aceites esenciales, etc. Es carminativo, estomacal, digestivo y astringente. Es similar a Ardraka pero es refrescante.<\/p>\n<h3>Otros nombres:<\/h3>\n<p>Amiya Haldi, Ama Haldi, Amada, Ambe Halada, Amba Haladara, Huli arasina, karu pusupu, Pasumanjala, Mango Ginger, Curcuma Amda, Amba Haldi, Aama Haldi, C\u00farcuma silvestre, Kasturi Haldi<\/p>\n<h3>Beneficios :<\/h3>\n<ul>\n<li>Ayuda digestiva: Amla Haldi es conocida por sus propiedades digestivas, ayudando a una digesti\u00f3n m\u00e1s suave y aliviando las molestias estomacales.<\/li>\n<li>Carminativo: Su naturaleza carminativa ayuda a aliviar los gases y la hinchaz\u00f3n, promoviendo el confort gastrointestinal.<\/li>\n<li>Efecto refrescante: a diferencia del jengibre normal, Amla Haldi tiene un efecto refrescante en el cuerpo, lo que lo hace adecuado para climas c\u00e1lidos o como especia refrescante en preparaciones culinarias.<\/li>\n<li>Astringente: Posee propiedades astringentes que pueden ayudar a tensar los tejidos y promover la salud de la piel.<\/li>\n<li>Versatilidad culinaria: Curcuma Amda se puede utilizar en diversas creaciones culinarias, incluidas conservas, encurtidos, salsas y aceites esenciales, agregando un perfil de sabor dulce y \u00e1cido \u00fanico.<\/li>\n<\/ul>\n","protected":false},"excerpt":{"rendered":"<div class=\"woocommerce-product-details__short-description\">\n<ul>\n<li>Amla Haldi de Neel Ayurvedics es una especia especial que se utiliza en la cocina india. Tiene un sabor dulce y amargo que no se parece a ning\u00fan otro.<\/li>\n<li>Parece jengibre, pero tiene ra\u00edces m\u00e1s grandes con formas gruesas y tubulares en su interior, de color amarillo p\u00e1lido. Ayuda a la digesti\u00f3n y refresca el cuerpo.<\/li>\n<\/ul>\n<\/div>\n","protected":false},"featured_media":17606,"comment_status":"open","ping_status":"closed","template":"","meta":[],"product_brand":[],"product_cat":[200,252,250,195],"product_tag":[],"class_list":{"0":"post-8162","1":"product","2":"type-product","3":"status-publish","4":"has-post-thumbnail","6":"product_cat-marca","7":"product_cat-neel-ayurvedics","8":"product_cat-neel-ayurvedics-hierbas-enteras","9":"product_cat-productos-ayurvedicos","11":"first","12":"instock","13":"shipping-taxable","14":"purchasable","15":"product-type-variable"},"_links":{"self":[{"href":"https:\/\/neelayurvedics.es\/index.php?rest_route=\/wp\/v2\/product\/8162","targetHints":{"allow":["GET"]}}],"collection":[{"href":"https:\/\/neelayurvedics.es\/index.php?rest_route=\/wp\/v2\/product"}],"about":[{"href":"https:\/\/neelayurvedics.es\/index.php?rest_route=\/wp\/v2\/types\/product"}],"replies":[{"embeddable":true,"href":"https:\/\/neelayurvedics.es\/index.php?rest_route=%2Fwp%2Fv2%2Fcomments&post=8162"}],"wp:featuredmedia":[{"embeddable":true,"href":"https:\/\/neelayurvedics.es\/index.php?rest_route=\/wp\/v2\/media\/17606"}],"wp:attachment":[{"href":"https:\/\/neelayurvedics.es\/index.php?rest_route=%2Fwp%2Fv2%2Fmedia&parent=8162"}],"wp:term":[{"taxonomy":"product_brand","embeddable":true,"href":"https:\/\/neelayurvedics.es\/index.php?rest_route=%2Fwp%2Fv2%2Fproduct_brand&post=8162"},{"taxonomy":"product_cat","embeddable":true,"href":"https:\/\/neelayurvedics.es\/index.php?rest_route=%2Fwp%2Fv2%2Fproduct_cat&post=8162"},{"taxonomy":"product_tag","embeddable":true,"href":"https:\/\/neelayurvedics.es\/index.php?rest_route=%2Fwp%2Fv2%2Fproduct_tag&post=8162"}],"curies":[{"name":"wp","href":"https:\/\/api.w.org\/{rel}","templated":true}]}}