{"id":8284,"date":"2025-01-25T12:02:05","date_gmt":"2025-01-25T12:02:05","guid":{"rendered":"https:\/\/neelayurvedics.es\/?post_type=product&#038;p=8284"},"modified":"2026-04-10T13:22:08","modified_gmt":"2026-04-10T13:22:08","slug":"neel-ayurvedics-bhilamo","status":"publish","type":"product","link":"https:\/\/neelayurvedics.es\/?product=neel-ayurvedics-bhilamo","title":{"rendered":"Neel Ayurvedics Bhilamo | Semillas De Bhilawa | Bilava Beej | Bhilava | Bilawa | Semecarpus Anacardium Semilla"},"content":{"rendered":"<p style=\"font-weight: 400;\">Las semillas de bhilawa resultan \u00fatiles para aliviar el estre\u00f1imiento. Adem\u00e1s, el bhilamo puede ser muy \u00fatil para tratar las c\u00e9lulas sangu\u00edneas, la picaz\u00f3n en la piel, las alergias, la dermatitis, las picaduras venenosas, la lepra, la tos, el asma y la indigesti\u00f3n. Este tipo de semillas mantienen un intestino sano.<\/p>\n<p style=\"font-weight: 400;\">La semilla de Bilava Beej tambi\u00e9n se usa mucho para ayudar a la artritis. Este tipo de semilla es un aperitivo. Debido al efecto calentador de esta semilla, se le da a las mujeres embarazadas.<\/p>\n<p style=\"font-weight: 400;\"><strong style=\"font-weight: 600 !important;\">DOSIS:<\/strong>\u00a0Bilava Beej debe consumirse seg\u00fan las indicaciones de la etiqueta o seg\u00fan lo recomendado por su proveedor de atenci\u00f3n m\u00e9dica.<\/p>\n","protected":false},"excerpt":{"rendered":"<p>La semilla de Bilava Beej es muy \u00fatil para tratar enfermedades como hemorroides, colitis, diarrea, indigesti\u00f3n, hidropes\u00eda, tumores y lombrices. Este tipo de semilla es muy \u00fatil para mantener el sistema digestivo saludable. El Bhilamo es \u00fatil para combatir las infestaciones de lombrices.<\/p>\n","protected":false},"featured_media":17836,"comment_status":"open","ping_status":"closed","template":"","meta":[],"product_brand":[],"product_cat":[200,252,250,195],"product_tag":[],"class_list":{"0":"post-8284","1":"product","2":"type-product","3":"status-publish","4":"has-post-thumbnail","6":"product_cat-marca","7":"product_cat-neel-ayurvedics","8":"product_cat-neel-ayurvedics-hierbas-enteras","9":"product_cat-productos-ayurvedicos","11":"first","12":"instock","13":"shipping-taxable","14":"purchasable","15":"product-type-variable"},"_links":{"self":[{"href":"https:\/\/neelayurvedics.es\/index.php?rest_route=\/wp\/v2\/product\/8284","targetHints":{"allow":["GET"]}}],"collection":[{"href":"https:\/\/neelayurvedics.es\/index.php?rest_route=\/wp\/v2\/product"}],"about":[{"href":"https:\/\/neelayurvedics.es\/index.php?rest_route=\/wp\/v2\/types\/product"}],"replies":[{"embeddable":true,"href":"https:\/\/neelayurvedics.es\/index.php?rest_route=%2Fwp%2Fv2%2Fcomments&post=8284"}],"wp:featuredmedia":[{"embeddable":true,"href":"https:\/\/neelayurvedics.es\/index.php?rest_route=\/wp\/v2\/media\/17836"}],"wp:attachment":[{"href":"https:\/\/neelayurvedics.es\/index.php?rest_route=%2Fwp%2Fv2%2Fmedia&parent=8284"}],"wp:term":[{"taxonomy":"product_brand","embeddable":true,"href":"https:\/\/neelayurvedics.es\/index.php?rest_route=%2Fwp%2Fv2%2Fproduct_brand&post=8284"},{"taxonomy":"product_cat","embeddable":true,"href":"https:\/\/neelayurvedics.es\/index.php?rest_route=%2Fwp%2Fv2%2Fproduct_cat&post=8284"},{"taxonomy":"product_tag","embeddable":true,"href":"https:\/\/neelayurvedics.es\/index.php?rest_route=%2Fwp%2Fv2%2Fproduct_tag&post=8284"}],"curies":[{"name":"wp","href":"https:\/\/api.w.org\/{rel}","templated":true}]}}