{"id":8295,"date":"2025-01-25T12:15:04","date_gmt":"2025-01-25T12:15:04","guid":{"rendered":"https:\/\/neelayurvedics.es\/?post_type=product&#038;p=8295"},"modified":"2026-04-10T13:25:01","modified_gmt":"2026-04-10T13:25:01","slug":"neel-ayurvedics-bhoringni","status":"publish","type":"product","link":"https:\/\/neelayurvedics.es\/?product=neel-ayurvedics-bhoringni","title":{"rendered":"Neel Ayurvedics Bhoringni | Kantakari | Bhoringani | Kateri Panchang | Solanum Xanthocarpum | Bhatkatiya | Katehli | Katehri Panchang"},"content":{"rendered":"<div id=\"nasa-single-product-tabs\" class=\"product-details\">\n<div class=\"nasa-tabs-content woocommerce-tabs\">\n<div class=\"nasa-panels nasa-desc-wrap\">\n<div id=\"nasa-tab-description\" class=\"nasa-panel nasa-content-description active\">\n<div class=\"row\">\n<div class=\"large-12 columns nasa-content-panel\">\n<p>El kantakari es \u00fatil para eliminar la mucosidad de las v\u00edas respiratorias y prevenir los ataques de asma. Adem\u00e1s, debido a sus propiedades apetecibles y digestivas, ayuda a la digesti\u00f3n mejorando el fuego digestivo.<\/p>\n<p>La aplicaci\u00f3n de polvo de bhoringani en las articulaciones resulta \u00fatil para reducir el dolor articular. Mantiene el cuero cabelludo sano, previene la ca\u00edda del cabello y promueve su crecimiento. El kantakari es \u00fatil para reducir la diabetes al controlar los niveles de az\u00facar en sangre.<\/p>\n<p>DOSIS: \u00bc \u2013 \u00bd cucharadita de polvo de Kantakari mezclado con agua o miel y tomado una o dos veces al d\u00eda despu\u00e9s de una comida ligera.<\/p>\n<\/div>\n<\/div>\n<\/div>\n<\/div>\n<\/div>\n<\/div>\n","protected":false},"excerpt":{"rendered":"<p>El kantakari es \u00fatil para eliminar la mucosidad de las v\u00edas respiratorias y prevenir los ataques de asma. Adem\u00e1s, debido a sus propiedades apetecibles y digestivas, ayuda a la digesti\u00f3n mejorando el fuego digestivo. La aplicaci\u00f3n de polvo de bhoringani en las articulaciones resulta \u00fatil para reducir el dolor articular. Mantiene el cuero cabelludo sano, [&hellip;]<\/p>\n","protected":false},"featured_media":17840,"comment_status":"open","ping_status":"closed","template":"","meta":[],"product_brand":[],"product_cat":[200,252,250,195],"product_tag":[],"class_list":{"0":"post-8295","1":"product","2":"type-product","3":"status-publish","4":"has-post-thumbnail","6":"product_cat-marca","7":"product_cat-neel-ayurvedics","8":"product_cat-neel-ayurvedics-hierbas-enteras","9":"product_cat-productos-ayurvedicos","11":"first","12":"instock","13":"shipping-taxable","14":"purchasable","15":"product-type-variable"},"_links":{"self":[{"href":"https:\/\/neelayurvedics.es\/index.php?rest_route=\/wp\/v2\/product\/8295","targetHints":{"allow":["GET"]}}],"collection":[{"href":"https:\/\/neelayurvedics.es\/index.php?rest_route=\/wp\/v2\/product"}],"about":[{"href":"https:\/\/neelayurvedics.es\/index.php?rest_route=\/wp\/v2\/types\/product"}],"replies":[{"embeddable":true,"href":"https:\/\/neelayurvedics.es\/index.php?rest_route=%2Fwp%2Fv2%2Fcomments&post=8295"}],"wp:featuredmedia":[{"embeddable":true,"href":"https:\/\/neelayurvedics.es\/index.php?rest_route=\/wp\/v2\/media\/17840"}],"wp:attachment":[{"href":"https:\/\/neelayurvedics.es\/index.php?rest_route=%2Fwp%2Fv2%2Fmedia&parent=8295"}],"wp:term":[{"taxonomy":"product_brand","embeddable":true,"href":"https:\/\/neelayurvedics.es\/index.php?rest_route=%2Fwp%2Fv2%2Fproduct_brand&post=8295"},{"taxonomy":"product_cat","embeddable":true,"href":"https:\/\/neelayurvedics.es\/index.php?rest_route=%2Fwp%2Fv2%2Fproduct_cat&post=8295"},{"taxonomy":"product_tag","embeddable":true,"href":"https:\/\/neelayurvedics.es\/index.php?rest_route=%2Fwp%2Fv2%2Fproduct_tag&post=8295"}],"curies":[{"name":"wp","href":"https:\/\/api.w.org\/{rel}","templated":true}]}}