{"id":8299,"date":"2025-01-25T12:23:43","date_gmt":"2025-01-25T12:23:43","guid":{"rendered":"https:\/\/neelayurvedics.es\/?post_type=product&#038;p=8299"},"modified":"2026-04-10T13:26:32","modified_gmt":"2026-04-10T13:26:32","slug":"neel-ayurvedics-bhringraj-2","status":"publish","type":"product","link":"https:\/\/neelayurvedics.es\/?product=neel-ayurvedics-bhringraj-2","title":{"rendered":"Neel Ayurvedics Bhringraj | Bangro | Eclipta Prostrata: lo Mejor Para Un Cabello Sano"},"content":{"rendered":"<p>Otro nombre :<\/p>\n<p>Maka, Bhringraj, Bhangra, Bhangraiya, Eclipta alba<\/p>\n<p>El bhringraj tambi\u00e9n es muy \u00fatil para combatir la p\u00e9rdida de memoria, los dolores de cabeza y el envenenamiento por mordedura de serpiente, y para promover la sensaci\u00f3n de relajaci\u00f3n. La actividad hepatoprotectora de este polvo tambi\u00e9n lo hace \u00fatil para controlar el colesterol alto y la toxicidad hep\u00e1tica.<\/p>\n<p>El polvo de bhangro puede ayudar a prevenir las convulsiones y tambi\u00e9n es \u00fatil para mejorar la salud cardiovascular al reducir la presi\u00f3n arterial. Aparte de esto, este tipo de polvo tambi\u00e9n es \u00fatil para controlar las enfermedades de la piel debido a sus propiedades antioxidantes, ya que este polvo previene el da\u00f1o celular causado por los radicales libres.<\/p>\n<h3>Beneficios para la salud:-<\/h3>\n<ul>\n<li>Salud del cabello: promueve el crecimiento del cabello, nutre el cuero cabelludo y ayuda a prevenir el encanecimiento prematuro.<\/li>\n<li>Apoyo al h\u00edgado: apoya la salud del h\u00edgado y ayuda en los procesos de desintoxicaci\u00f3n.<\/li>\n<li>Bienestar de la piel: beneficioso para las afecciones de la piel, ayudando a la cicatrizaci\u00f3n de heridas y promoviendo la salud de la piel.<\/li>\n<li>Ayuda digestiva: apoya la funci\u00f3n digestiva, ayudando a una mejor asimilaci\u00f3n de los nutrientes.<\/li>\n<\/ul>\n<h3>Usos comunes:-<\/h3>\n<ul>\n<li>Cuidado del cabello utilizado en aceites, mascarillas o champ\u00fas para mejorar la calidad y el crecimiento del cabello.<\/li>\n<li>Desintoxicaci\u00f3n del h\u00edgado incorporada en formulaciones a base de hierbas para la desintoxicaci\u00f3n del h\u00edgado.<\/li>\n<li>Aplicaci\u00f3n t\u00f3pica aplicada t\u00f3picamente para afecciones de la piel y cicatrizaci\u00f3n de heridas.<\/li>\n<li>Salud digestiva tomada internamente para apoyar el bienestar digestivo.<\/li>\n<\/ul>\n<h3>Precauciones:-<\/h3>\n<ul>\n<li>Embarazo y lactancia Consulte a un profesional de la salud antes de usar Bhangro durante el embarazo o la lactancia.<\/li>\n<li>Las personas con alergia a las plantas deben utilizar Bhangro con precauci\u00f3n.<\/li>\n<\/ul>\n<h3>Dosificaci\u00f3n:-<\/h3>\n<p>Mezcle 1-2 cucharaditas de jugo de Bhringraj con un poco de agua y b\u00e9balo una vez al d\u00eda, antes de las comidas.<\/p>\n","protected":false},"excerpt":{"rendered":"<p>En Neel Ayurvedics, presentamos nuestro Bhringraj, un tesoro natural para su rutina de cuidado capilar. Nuestro extracto de Bhringraj, profundamente arraigado en los principios ayurv\u00e9dicos, ofrece un enfoque hol\u00edstico para la salud del cabello.<\/p>\n","protected":false},"featured_media":17841,"comment_status":"open","ping_status":"closed","template":"","meta":[],"product_brand":[],"product_cat":[200,252,250,195],"product_tag":[],"class_list":{"0":"post-8299","1":"product","2":"type-product","3":"status-publish","4":"has-post-thumbnail","6":"product_cat-marca","7":"product_cat-neel-ayurvedics","8":"product_cat-neel-ayurvedics-hierbas-enteras","9":"product_cat-productos-ayurvedicos","11":"first","12":"instock","13":"shipping-taxable","14":"purchasable","15":"product-type-variable"},"_links":{"self":[{"href":"https:\/\/neelayurvedics.es\/index.php?rest_route=\/wp\/v2\/product\/8299","targetHints":{"allow":["GET"]}}],"collection":[{"href":"https:\/\/neelayurvedics.es\/index.php?rest_route=\/wp\/v2\/product"}],"about":[{"href":"https:\/\/neelayurvedics.es\/index.php?rest_route=\/wp\/v2\/types\/product"}],"replies":[{"embeddable":true,"href":"https:\/\/neelayurvedics.es\/index.php?rest_route=%2Fwp%2Fv2%2Fcomments&post=8299"}],"wp:featuredmedia":[{"embeddable":true,"href":"https:\/\/neelayurvedics.es\/index.php?rest_route=\/wp\/v2\/media\/17841"}],"wp:attachment":[{"href":"https:\/\/neelayurvedics.es\/index.php?rest_route=%2Fwp%2Fv2%2Fmedia&parent=8299"}],"wp:term":[{"taxonomy":"product_brand","embeddable":true,"href":"https:\/\/neelayurvedics.es\/index.php?rest_route=%2Fwp%2Fv2%2Fproduct_brand&post=8299"},{"taxonomy":"product_cat","embeddable":true,"href":"https:\/\/neelayurvedics.es\/index.php?rest_route=%2Fwp%2Fv2%2Fproduct_cat&post=8299"},{"taxonomy":"product_tag","embeddable":true,"href":"https:\/\/neelayurvedics.es\/index.php?rest_route=%2Fwp%2Fv2%2Fproduct_tag&post=8299"}],"curies":[{"name":"wp","href":"https:\/\/api.w.org\/{rel}","templated":true}]}}