{"id":8334,"date":"2025-01-27T06:22:27","date_gmt":"2025-01-27T06:22:27","guid":{"rendered":"https:\/\/neelayurvedics.es\/?post_type=product&#038;p=8334"},"modified":"2026-04-13T05:36:41","modified_gmt":"2026-04-13T05:36:41","slug":"neel-ayurvedics-vavding-negro","status":"publish","type":"product","link":"https:\/\/neelayurvedics.es\/?product=neel-ayurvedics-vavding-negro","title":{"rendered":"Neel Ayurvedics Vavding Negro | Vayuvidangam | Baibadang | Embelia Ribes"},"content":{"rendered":"<p style=\"font-weight: 400;\">Aparte de esto, debido a las propiedades laxantes del Vavding negro, tambi\u00e9n es muy \u00fatil para controlar el estre\u00f1imiento. Y las actividades cardioprotectoras y antioxidantes de este tipo de semilla tambi\u00e9n ayudan a proteger el coraz\u00f3n contra el da\u00f1o de los radicales libres a las c\u00e9lulas.<\/p>\n<p style=\"font-weight: 400;\">Aparte de esto, el Vavding negro es muy \u00fatil para controlar la depresi\u00f3n debido a sus propiedades para equilibrar el vata. Este tipo de semilla tiene propiedades expectorantes y tambi\u00e9n es \u00fatil para tratar la tos y las infecciones de garganta. Adem\u00e1s, tambi\u00e9n se ha demostrado que es muy \u00fatil para controlar las enfermedades de la piel al reducir los elementos t\u00f3xicos de la sangre.<\/p>\n<p style=\"font-weight: 400;\"><strong style=\"font-weight: 600 !important;\">DOSIS:<\/strong>\u00a0El Vavding negro debe consumirse seg\u00fan las indicaciones del m\u00e9dico.<\/p>\n","protected":false},"excerpt":{"rendered":"<p>El vavding negro se conoce com\u00fanmente como pimienta negra falsa. El vavding negro tiene varias propiedades medicinales y el baibadang se utiliza en varias f\u00f3rmulas ayurv\u00e9dicas. Se utiliza com\u00fanmente para eliminar gusanos y par\u00e1sitos del est\u00f3mago.<\/p>\n","protected":false},"featured_media":18059,"comment_status":"open","ping_status":"closed","template":"","meta":[],"product_brand":[],"product_cat":[200,252,250,195],"product_tag":[],"class_list":{"0":"post-8334","1":"product","2":"type-product","3":"status-publish","4":"has-post-thumbnail","6":"product_cat-marca","7":"product_cat-neel-ayurvedics","8":"product_cat-neel-ayurvedics-hierbas-enteras","9":"product_cat-productos-ayurvedicos","11":"first","12":"instock","13":"shipping-taxable","14":"purchasable","15":"product-type-variable"},"_links":{"self":[{"href":"https:\/\/neelayurvedics.es\/index.php?rest_route=\/wp\/v2\/product\/8334","targetHints":{"allow":["GET"]}}],"collection":[{"href":"https:\/\/neelayurvedics.es\/index.php?rest_route=\/wp\/v2\/product"}],"about":[{"href":"https:\/\/neelayurvedics.es\/index.php?rest_route=\/wp\/v2\/types\/product"}],"replies":[{"embeddable":true,"href":"https:\/\/neelayurvedics.es\/index.php?rest_route=%2Fwp%2Fv2%2Fcomments&post=8334"}],"wp:featuredmedia":[{"embeddable":true,"href":"https:\/\/neelayurvedics.es\/index.php?rest_route=\/wp\/v2\/media\/18059"}],"wp:attachment":[{"href":"https:\/\/neelayurvedics.es\/index.php?rest_route=%2Fwp%2Fv2%2Fmedia&parent=8334"}],"wp:term":[{"taxonomy":"product_brand","embeddable":true,"href":"https:\/\/neelayurvedics.es\/index.php?rest_route=%2Fwp%2Fv2%2Fproduct_brand&post=8334"},{"taxonomy":"product_cat","embeddable":true,"href":"https:\/\/neelayurvedics.es\/index.php?rest_route=%2Fwp%2Fv2%2Fproduct_cat&post=8334"},{"taxonomy":"product_tag","embeddable":true,"href":"https:\/\/neelayurvedics.es\/index.php?rest_route=%2Fwp%2Fv2%2Fproduct_tag&post=8334"}],"curies":[{"name":"wp","href":"https:\/\/api.w.org\/{rel}","templated":true}]}}