{"id":8374,"date":"2025-01-27T07:17:40","date_gmt":"2025-01-27T07:17:40","guid":{"rendered":"https:\/\/neelayurvedics.es\/?post_type=product&#038;p=8374"},"modified":"2026-04-10T14:06:52","modified_gmt":"2026-04-10T14:06:52","slug":"neel-ayurvedics-chopchini","status":"publish","type":"product","link":"https:\/\/neelayurvedics.es\/?product=neel-ayurvedics-chopchini","title":{"rendered":"Neel Ayurvedics Chopchini | Chobchini | Ra\u00edz China | Smilax Glabra"},"content":{"rendered":"<p>Adem\u00e1s, seg\u00fan el Ayurveda, el chopchini puede ser \u00fatil para mejorar la digesti\u00f3n y el apetito debido a sus propiedades para aumentar el apetito. Y el polvo de este tipo de ra\u00edz tambi\u00e9n es \u00fatil para problemas de la piel. El chopchini tambi\u00e9n es muy \u00fatil para eliminar toxinas y g\u00e9rmenes da\u00f1inos.<\/p>\n<p>El chopchini es muy \u00fatil para mantener un sistema linf\u00e1tico saludable.\u00a0Adem\u00e1s, es muy \u00fatil para promover la respuesta de reducci\u00f3n del dolor en las articulaciones. Este tipo de churna tambi\u00e9n es \u00fatil para eliminar la orina y los desechos fecales y para apoyar la funci\u00f3n fisiol\u00f3gica del cuerpo.<\/p>\n<p><strong style=\"font-weight: 600 !important;\">DOSIS:<\/strong>\u00a0Chopchini debe consumirse seg\u00fan lo recomendado por su m\u00e9dico.<\/p>\n","protected":false},"excerpt":{"rendered":"<p>El chopchini es un ingrediente muy popular en la medicina tradicional china. Este tipo de ra\u00edz se utiliza principalmente con diversos fines medicinales. Debido a las propiedades antioxidantes y antiinflamatorias presentes en el chopchini, es muy \u00fatil para controlar la diabetes al aumentar la secreci\u00f3n de insulina.<\/p>\n","protected":false},"featured_media":17868,"comment_status":"open","ping_status":"closed","template":"","meta":[],"product_brand":[],"product_cat":[200,252,250,195],"product_tag":[],"class_list":{"0":"post-8374","1":"product","2":"type-product","3":"status-publish","4":"has-post-thumbnail","6":"product_cat-marca","7":"product_cat-neel-ayurvedics","8":"product_cat-neel-ayurvedics-hierbas-enteras","9":"product_cat-productos-ayurvedicos","11":"first","12":"instock","13":"shipping-taxable","14":"purchasable","15":"product-type-variable"},"_links":{"self":[{"href":"https:\/\/neelayurvedics.es\/index.php?rest_route=\/wp\/v2\/product\/8374","targetHints":{"allow":["GET"]}}],"collection":[{"href":"https:\/\/neelayurvedics.es\/index.php?rest_route=\/wp\/v2\/product"}],"about":[{"href":"https:\/\/neelayurvedics.es\/index.php?rest_route=\/wp\/v2\/types\/product"}],"replies":[{"embeddable":true,"href":"https:\/\/neelayurvedics.es\/index.php?rest_route=%2Fwp%2Fv2%2Fcomments&post=8374"}],"wp:featuredmedia":[{"embeddable":true,"href":"https:\/\/neelayurvedics.es\/index.php?rest_route=\/wp\/v2\/media\/17868"}],"wp:attachment":[{"href":"https:\/\/neelayurvedics.es\/index.php?rest_route=%2Fwp%2Fv2%2Fmedia&parent=8374"}],"wp:term":[{"taxonomy":"product_brand","embeddable":true,"href":"https:\/\/neelayurvedics.es\/index.php?rest_route=%2Fwp%2Fv2%2Fproduct_brand&post=8374"},{"taxonomy":"product_cat","embeddable":true,"href":"https:\/\/neelayurvedics.es\/index.php?rest_route=%2Fwp%2Fv2%2Fproduct_cat&post=8374"},{"taxonomy":"product_tag","embeddable":true,"href":"https:\/\/neelayurvedics.es\/index.php?rest_route=%2Fwp%2Fv2%2Fproduct_tag&post=8374"}],"curies":[{"name":"wp","href":"https:\/\/api.w.org\/{rel}","templated":true}]}}