{"id":8415,"date":"2025-01-28T09:45:25","date_gmt":"2025-01-28T09:45:25","guid":{"rendered":"https:\/\/neelayurvedics.es\/?post_type=product&#038;p=8415"},"modified":"2025-01-28T09:45:26","modified_gmt":"2025-01-28T09:45:26","slug":"neel-ayurvedics-dried-anardana","status":"publish","type":"product","link":"https:\/\/neelayurvedics.es\/?product=neel-ayurvedics-dried-anardana","title":{"rendered":"Neel Ayurvedics Dried Anardana | Anardana Sukha | Semillas De Granada"},"content":{"rendered":"<p style=\"font-weight: 400;\">Las semillas de granada pueden ayudar a reducir el colesterol en el cuerpo y, debido a esto, tambi\u00e9n pueden eliminarse los problemas card\u00edacos. Aparte de esto, tambi\u00e9n es muy \u00fatil para aliviar problemas digestivos como la diarrea. Esta semilla tambi\u00e9n es \u00fatil para destapar las arterias debido a sus propiedades antioxidantes.<\/p>\n<p style=\"font-weight: 400;\">El uso de semillas secas de Anardana aumenta la resistencia sexual en los hombres. Adem\u00e1s, este tipo de semillas tambi\u00e9n son muy \u00fatiles para controlar la artritis, ya que contienen propiedades antiinflamatorias. Las semillas secas de Anardana tambi\u00e9n pueden ayudar a tratar los problemas dentales. Aplicar una pasta de semillas en polvo y agua sobre la piel ayuda mucho a prevenir las quemaduras solares.<\/p>\n<p style=\"font-weight: 400;\"><strong style=\"font-weight: 600 !important;\">DOSIS:<\/strong>\u00a0La Anardana seca debe consumirse seg\u00fan sus necesidades.<\/p>\n","protected":false},"excerpt":{"rendered":"<p>La anardana seca se considera un tesoro de nutrientes. Esta semilla se conoce como \u201cDadima\u201d en Ayurveda. Las semillas de granada son ricas en fibra. Este tipo de semilla se considera popularmente como un \u201cpurificador de la sangre\u201d, ya que evita que el cuerpo absorba el exceso de colesterol y az\u00facar y es muy \u00fatil para estabilizar los niveles de az\u00facar en sangre.<\/p>\n","protected":false},"featured_media":8419,"comment_status":"open","ping_status":"closed","template":"","meta":[],"product_brand":[],"product_cat":[200,252,250,195],"product_tag":[],"class_list":{"0":"post-8415","1":"product","2":"type-product","3":"status-publish","4":"has-post-thumbnail","6":"product_cat-marca","7":"product_cat-neel-ayurvedics","8":"product_cat-neel-ayurvedics-hierbas-enteras","9":"product_cat-productos-ayurvedicos","11":"first","12":"instock","13":"shipping-taxable","14":"purchasable","15":"product-type-variable"},"_links":{"self":[{"href":"https:\/\/neelayurvedics.es\/index.php?rest_route=\/wp\/v2\/product\/8415","targetHints":{"allow":["GET"]}}],"collection":[{"href":"https:\/\/neelayurvedics.es\/index.php?rest_route=\/wp\/v2\/product"}],"about":[{"href":"https:\/\/neelayurvedics.es\/index.php?rest_route=\/wp\/v2\/types\/product"}],"replies":[{"embeddable":true,"href":"https:\/\/neelayurvedics.es\/index.php?rest_route=%2Fwp%2Fv2%2Fcomments&post=8415"}],"wp:featuredmedia":[{"embeddable":true,"href":"https:\/\/neelayurvedics.es\/index.php?rest_route=\/wp\/v2\/media\/8419"}],"wp:attachment":[{"href":"https:\/\/neelayurvedics.es\/index.php?rest_route=%2Fwp%2Fv2%2Fmedia&parent=8415"}],"wp:term":[{"taxonomy":"product_brand","embeddable":true,"href":"https:\/\/neelayurvedics.es\/index.php?rest_route=%2Fwp%2Fv2%2Fproduct_brand&post=8415"},{"taxonomy":"product_cat","embeddable":true,"href":"https:\/\/neelayurvedics.es\/index.php?rest_route=%2Fwp%2Fv2%2Fproduct_cat&post=8415"},{"taxonomy":"product_tag","embeddable":true,"href":"https:\/\/neelayurvedics.es\/index.php?rest_route=%2Fwp%2Fv2%2Fproduct_tag&post=8415"}],"curies":[{"name":"wp","href":"https:\/\/api.w.org\/{rel}","templated":true}]}}