{"id":8450,"date":"2025-01-28T11:45:56","date_gmt":"2025-01-28T11:45:56","guid":{"rendered":"https:\/\/neelayurvedics.es\/?post_type=product&#038;p=8450"},"modified":"2026-04-13T04:57:10","modified_gmt":"2026-04-13T04:57:10","slug":"neel-ayurvedics-seco-amla","status":"publish","type":"product","link":"https:\/\/neelayurvedics.es\/?product=neel-ayurvedics-seco-amla","title":{"rendered":"Neel Ayurvedics Seco Amla Sukha Amla | Phyllanthus Emblica"},"content":{"rendered":"<p style=\"font-weight: 400;\">El amla seco es muy \u00fatil para mejorar la absorci\u00f3n de los alimentos al fortalecer el sistema inmunol\u00f3gico. Adem\u00e1s, elimina toxinas y es muy \u00fatil para favorecer la salud y el aspecto de la piel. Las propiedades antienvejecimiento del amla seco tambi\u00e9n son muy \u00fatiles para retrasar la aparici\u00f3n de cambios relacionados con la edad. El amla seco puede ser muy \u00fatil para fortalecer y engrosar los vasos sangu\u00edneos.<\/p>\n<p style=\"font-weight: 400;\">El amla seco tambi\u00e9n es muy \u00fatil para reducir el riesgo de enfermedades card\u00edacas al controlar el colesterol malo en el cuerpo. Adem\u00e1s, es rico en antioxidantes, lo que lo hace muy \u00fatil para neutralizar los radicales libres. El amla seco puede ser muy \u00fatil durante las infecciones virales y bacterianas, as\u00ed como contra el resfriado com\u00fan. El sukha amla es muy \u00fatil para eliminar la flema del tracto respiratorio y aliviar las v\u00edas respiratorias inflamadas.<\/p>\n<p style=\"font-weight: 400;\"><strong style=\"font-weight: 600 !important;\">DOSIS:<\/strong>\u00a0Se deben consumir de 4 a 5 piezas de Amla seca diariamente o seg\u00fan lo indicado en la etiqueta o lo recomendado por su m\u00e9dico.<\/p>\n","protected":false},"excerpt":{"rendered":"<p>La naturaleza alcalina de la amla seca tambi\u00e9n es muy \u00fatil para limpiar y fortalecer el sistema digestivo. El alto contenido de fibra de Eat Eze es excelente para el sistema digestivo, lo que hace que la amla seca sea muy \u00fatil para curar el estre\u00f1imiento. La amla seca tambi\u00e9n tiene propiedades antiinflamatorias que la hacen \u00fatil para aliviar la hiperacidez y prevenir las \u00falceras de est\u00f3mago<\/p>\n","protected":false},"featured_media":18014,"comment_status":"open","ping_status":"closed","template":"","meta":[],"product_brand":[],"product_cat":[200,252,250,195],"product_tag":[],"class_list":{"0":"post-8450","1":"product","2":"type-product","3":"status-publish","4":"has-post-thumbnail","6":"product_cat-marca","7":"product_cat-neel-ayurvedics","8":"product_cat-neel-ayurvedics-hierbas-enteras","9":"product_cat-productos-ayurvedicos","11":"first","12":"instock","13":"shipping-taxable","14":"purchasable","15":"product-type-variable"},"_links":{"self":[{"href":"https:\/\/neelayurvedics.es\/index.php?rest_route=\/wp\/v2\/product\/8450","targetHints":{"allow":["GET"]}}],"collection":[{"href":"https:\/\/neelayurvedics.es\/index.php?rest_route=\/wp\/v2\/product"}],"about":[{"href":"https:\/\/neelayurvedics.es\/index.php?rest_route=\/wp\/v2\/types\/product"}],"replies":[{"embeddable":true,"href":"https:\/\/neelayurvedics.es\/index.php?rest_route=%2Fwp%2Fv2%2Fcomments&post=8450"}],"wp:featuredmedia":[{"embeddable":true,"href":"https:\/\/neelayurvedics.es\/index.php?rest_route=\/wp\/v2\/media\/18014"}],"wp:attachment":[{"href":"https:\/\/neelayurvedics.es\/index.php?rest_route=%2Fwp%2Fv2%2Fmedia&parent=8450"}],"wp:term":[{"taxonomy":"product_brand","embeddable":true,"href":"https:\/\/neelayurvedics.es\/index.php?rest_route=%2Fwp%2Fv2%2Fproduct_brand&post=8450"},{"taxonomy":"product_cat","embeddable":true,"href":"https:\/\/neelayurvedics.es\/index.php?rest_route=%2Fwp%2Fv2%2Fproduct_cat&post=8450"},{"taxonomy":"product_tag","embeddable":true,"href":"https:\/\/neelayurvedics.es\/index.php?rest_route=%2Fwp%2Fv2%2Fproduct_tag&post=8450"}],"curies":[{"name":"wp","href":"https:\/\/api.w.org\/{rel}","templated":true}]}}