{"id":8506,"date":"2025-01-29T06:30:25","date_gmt":"2025-01-29T06:30:25","guid":{"rendered":"https:\/\/neelayurvedics.es\/?post_type=product&#038;p=8506"},"modified":"2026-04-10T14:43:55","modified_gmt":"2026-04-10T14:43:55","slug":"neel-ayurvedics-harda-chhal","status":"publish","type":"product","link":"https:\/\/neelayurvedics.es\/?product=neel-ayurvedics-harda-chhal","title":{"rendered":"Neel Ayurvedics Harda Chhal | Harad Chhal"},"content":{"rendered":"<p style=\"font-weight: 400;\">El uso de Harda Chhal es muy beneficioso para los ojos y la debilidad general debido a que mejora la vista y la salud. Aparte de esto, el vata presente en este tipo de chhal tambi\u00e9n ayuda a reducir el dolor corporal debido a sus propiedades equilibrantes. Tambi\u00e9n es muy \u00fatil para reducir la tos y problemas relacionados como la falta de aire.<\/p>\n<p style=\"font-weight: 400;\">El Harda Chhal tambi\u00e9n puede ser muy \u00fatil para aliviar problemas digestivos debido a sus propiedades astringentes y digestivas. Aparte de esto, este tipo de chhal puede ser muy \u00fatil para controlar el estre\u00f1imiento. Es muy \u00fatil para controlar el dolor de las articulaciones y aumentar la vida \u00fatil de los tejidos, m\u00fasculos y huesos. Este tipo de chhal puede ser muy \u00fatil para controlar los trastornos relacionados con la energizaci\u00f3n del sistema nervioso.<\/p>\n<p style=\"font-weight: 400;\"><strong style=\"font-weight: 600 !important;\">DOSIS:\u00a0\u00a0<\/strong>Harda Chhal\u00a0debe consumirse seg\u00fan las indicaciones de su m\u00e9dico<\/p>\n","protected":false},"excerpt":{"rendered":"<p>Harda Chhal tiene muchos beneficios para la salud seg\u00fan la Ayurveda. Este tipo de chhal se considera una hierba maravillosa. Harda Chhal puede ser muy \u00fatil para controlar la ca\u00edda del cabello y promover su crecimiento. Harda Chhal es rico en vitamina C, hierro, manganeso, selenio y cobre, lo que proporciona una nutrici\u00f3n \u00f3ptima al cuero cabelludo.<\/p>\n","protected":false},"featured_media":17891,"comment_status":"open","ping_status":"closed","template":"","meta":[],"product_brand":[],"product_cat":[200,252,250,195],"product_tag":[],"class_list":{"0":"post-8506","1":"product","2":"type-product","3":"status-publish","4":"has-post-thumbnail","6":"product_cat-marca","7":"product_cat-neel-ayurvedics","8":"product_cat-neel-ayurvedics-hierbas-enteras","9":"product_cat-productos-ayurvedicos","11":"first","12":"instock","13":"shipping-taxable","14":"purchasable","15":"product-type-variable"},"_links":{"self":[{"href":"https:\/\/neelayurvedics.es\/index.php?rest_route=\/wp\/v2\/product\/8506","targetHints":{"allow":["GET"]}}],"collection":[{"href":"https:\/\/neelayurvedics.es\/index.php?rest_route=\/wp\/v2\/product"}],"about":[{"href":"https:\/\/neelayurvedics.es\/index.php?rest_route=\/wp\/v2\/types\/product"}],"replies":[{"embeddable":true,"href":"https:\/\/neelayurvedics.es\/index.php?rest_route=%2Fwp%2Fv2%2Fcomments&post=8506"}],"wp:featuredmedia":[{"embeddable":true,"href":"https:\/\/neelayurvedics.es\/index.php?rest_route=\/wp\/v2\/media\/17891"}],"wp:attachment":[{"href":"https:\/\/neelayurvedics.es\/index.php?rest_route=%2Fwp%2Fv2%2Fmedia&parent=8506"}],"wp:term":[{"taxonomy":"product_brand","embeddable":true,"href":"https:\/\/neelayurvedics.es\/index.php?rest_route=%2Fwp%2Fv2%2Fproduct_brand&post=8506"},{"taxonomy":"product_cat","embeddable":true,"href":"https:\/\/neelayurvedics.es\/index.php?rest_route=%2Fwp%2Fv2%2Fproduct_cat&post=8506"},{"taxonomy":"product_tag","embeddable":true,"href":"https:\/\/neelayurvedics.es\/index.php?rest_route=%2Fwp%2Fv2%2Fproduct_tag&post=8506"}],"curies":[{"name":"wp","href":"https:\/\/api.w.org\/{rel}","templated":true}]}}