{"id":9740,"date":"2025-03-22T11:15:14","date_gmt":"2025-03-22T11:15:14","guid":{"rendered":"https:\/\/neelayurvedics.es\/?post_type=product&#038;p=9740"},"modified":"2025-03-22T11:15:15","modified_gmt":"2025-03-22T11:15:15","slug":"kottakkal-arya-vaidya-sala-hridayarnavarasam-gulika-100-tabaleta","status":"publish","type":"product","link":"https:\/\/neelayurvedics.es\/?product=kottakkal-arya-vaidya-sala-hridayarnavarasam-gulika-100-tabaleta","title":{"rendered":"Kottakkal Arya Vaidya Sala Hridayarnavarasam Gulika \u2013 100 Tabaleta"},"content":{"rendered":"<h3><strong><u>Indicaci\u00f3n<\/u><\/strong><strong>\u00a0:-<\/strong><\/h3>\n<ul>\n<li>Dolencias card\u00edacas.<\/li>\n<\/ul>\n<h3><u>Ingredientes<\/u>\u00a0:-<\/h3>\n<ul>\n<li>Tamra Bhasma<\/li>\n<li>Shuddha Parada<\/li>\n<li>Gandhaka<\/li>\n<li>Haritaki<\/li>\n<li>Amalaki<\/li>\n<li>Vibhitaki<\/li>\n<li>Kakamachi<\/li>\n<\/ul>\n<h3><strong><u>Dosis<\/u><\/strong><strong>\u00a0:-<\/strong><\/h3>\n<ul>\n<li>Seg\u00fan las indicaciones del m\u00e9dico.<\/li>\n<\/ul>\n","protected":false},"excerpt":{"rendered":"<p>Arya Vaidya Sala Kottakkal Hridayarnavarasam Gulika es una medicina ayurv\u00e9dica que se utiliza principalmente para el tratamiento de enfermedades card\u00edacas, ataques card\u00edacos, insuficiencia card\u00edaca y presi\u00f3n arterial alta.<\/p>\n<p>Este medicamento contiene ingredientes de metales pesados, por lo que solo debe tomarse bajo estricta supervisi\u00f3n m\u00e9dica.<\/p>\n","protected":false},"featured_media":9741,"comment_status":"open","ping_status":"closed","template":"","meta":[],"product_brand":[],"product_cat":[200,217],"product_tag":[],"class_list":{"0":"post-9740","1":"product","2":"type-product","3":"status-publish","4":"has-post-thumbnail","6":"product_cat-marca","7":"product_cat-kottakkal","9":"first","10":"instock","11":"shipping-taxable","12":"purchasable","13":"product-type-simple"},"_links":{"self":[{"href":"https:\/\/neelayurvedics.es\/index.php?rest_route=\/wp\/v2\/product\/9740","targetHints":{"allow":["GET"]}}],"collection":[{"href":"https:\/\/neelayurvedics.es\/index.php?rest_route=\/wp\/v2\/product"}],"about":[{"href":"https:\/\/neelayurvedics.es\/index.php?rest_route=\/wp\/v2\/types\/product"}],"replies":[{"embeddable":true,"href":"https:\/\/neelayurvedics.es\/index.php?rest_route=%2Fwp%2Fv2%2Fcomments&post=9740"}],"wp:featuredmedia":[{"embeddable":true,"href":"https:\/\/neelayurvedics.es\/index.php?rest_route=\/wp\/v2\/media\/9741"}],"wp:attachment":[{"href":"https:\/\/neelayurvedics.es\/index.php?rest_route=%2Fwp%2Fv2%2Fmedia&parent=9740"}],"wp:term":[{"taxonomy":"product_brand","embeddable":true,"href":"https:\/\/neelayurvedics.es\/index.php?rest_route=%2Fwp%2Fv2%2Fproduct_brand&post=9740"},{"taxonomy":"product_cat","embeddable":true,"href":"https:\/\/neelayurvedics.es\/index.php?rest_route=%2Fwp%2Fv2%2Fproduct_cat&post=9740"},{"taxonomy":"product_tag","embeddable":true,"href":"https:\/\/neelayurvedics.es\/index.php?rest_route=%2Fwp%2Fv2%2Fproduct_tag&post=9740"}],"curies":[{"name":"wp","href":"https:\/\/api.w.org\/{rel}","templated":true}]}}