{"id":9750,"date":"2025-03-22T12:12:29","date_gmt":"2025-03-22T12:12:29","guid":{"rendered":"https:\/\/neelayurvedics.es\/?post_type=product&#038;p=9750"},"modified":"2025-03-22T12:12:29","modified_gmt":"2025-03-22T12:12:29","slug":"kottakkal-arya-vaidya-sala-kaisora-gulgulu-vatika-100-tableta","status":"publish","type":"product","link":"https:\/\/neelayurvedics.es\/?product=kottakkal-arya-vaidya-sala-kaisora-gulgulu-vatika-100-tableta","title":{"rendered":"Kottakkal Arya Vaidya Sala Kaisora Gulgulu Vatika &#8211; 100 Tableta"},"content":{"rendered":"<h3><strong><u>Indicaci\u00f3n<\/u><\/strong><strong>\u00a0:-<\/strong><\/h3>\n<ul>\n<li>Reumatismo cr\u00f3nico, enfermedades ulcerativas de la piel, medo dushti.<\/li>\n<\/ul>\n<h3><strong><u>Ingredientes<\/u><\/strong><strong>\u00a0:-<\/strong><\/h3>\n<table width=\"80%\">\n<thead>\n<tr>\n<td width=\"47\">S.No<\/td>\n<td width=\"113\">Nombre en s\u00e1nscrito<\/td>\n<td width=\"189\">Nombre bot\u00e1nico<\/td>\n<td width=\"76\">Cantidad\/Pesta\u00f1a<\/td>\n<\/tr>\n<\/thead>\n<tbody>\n<tr>\n<td width=\"47\">1<\/td>\n<td width=\"113\">Haritaki<\/td>\n<td width=\"189\">Terminalia chebula<\/td>\n<td width=\"76\">1,30 g<\/td>\n<\/tr>\n<tr>\n<td width=\"47\">2<\/td>\n<td width=\"113\">Amalaki<\/td>\n<td width=\"189\">Phyllanthus emblica<\/td>\n<td width=\"76\">1,30 g<\/td>\n<\/tr>\n<tr>\n<td width=\"47\">3<\/td>\n<td width=\"113\">Vibhitaki<\/td>\n<td width=\"189\">Terminalia bellirica<\/td>\n<td width=\"76\">1,30 g<\/td>\n<\/tr>\n<tr>\n<td width=\"47\">4<\/td>\n<td width=\"113\">Amrita<\/td>\n<td width=\"189\">Tinospora cordifolia<\/td>\n<td width=\"76\">0,86 g<\/td>\n<\/tr>\n<tr>\n<td width=\"47\">5<\/td>\n<td width=\"113\">Guggulu<\/td>\n<td width=\"189\">Commiphora mukul<\/td>\n<td width=\"76\">0,43 g<\/td>\n<\/tr>\n<tr>\n<td width=\"47\">6<\/td>\n<td width=\"113\">Haritaki<\/td>\n<td width=\"189\">Terminalia chebula<\/td>\n<td width=\"76\">0,013 g<\/td>\n<\/tr>\n<tr>\n<td width=\"47\">7<\/td>\n<td width=\"113\">Amalaki<\/td>\n<td width=\"189\">Phyllanthus emblica<\/td>\n<td width=\"76\">13,46 mg<\/td>\n<\/tr>\n<tr>\n<td width=\"47\">8<\/td>\n<td width=\"113\">Vibhitaki<\/td>\n<td width=\"189\">Terminalia bellirica<\/td>\n<td width=\"76\">13,46 mg<\/td>\n<\/tr>\n<tr>\n<td width=\"47\">9<\/td>\n<td width=\"113\">Guduci<\/td>\n<td width=\"189\">Tinospora cordifolia<\/td>\n<td width=\"76\">26,92 mg<\/td>\n<\/tr>\n<tr>\n<td width=\"47\">10<\/td>\n<td width=\"113\">Nagara<\/td>\n<td width=\"189\">Zingiber officinale<\/td>\n<td width=\"76\">13,46 mg<\/td>\n<\/tr>\n<tr>\n<td width=\"47\">11<\/td>\n<td width=\"113\">Maricha<\/td>\n<td width=\"189\">Piper nigrum<\/td>\n<td width=\"76\">13,46 mg<\/td>\n<\/tr>\n<tr>\n<td width=\"47\">12<\/td>\n<td width=\"113\">Pippali<\/td>\n<td width=\"189\">Piper longum<\/td>\n<td width=\"76\">13,46 mg<\/td>\n<\/tr>\n<tr>\n<td width=\"47\">13<\/td>\n<td width=\"113\">Vidanga<\/td>\n<td width=\"189\">Embelia ribes<\/td>\n<td width=\"76\">26,92 mg<\/td>\n<\/tr>\n<tr>\n<td width=\"47\">14<\/td>\n<td width=\"113\">Danti<\/td>\n<td width=\"189\">Baliospermum montanum<\/td>\n<td width=\"76\">13,46 mg<\/td>\n<\/tr>\n<tr>\n<td width=\"47\">15<\/td>\n<td width=\"113\">Trivrit<\/td>\n<td width=\"189\">Operculina turpethum<\/td>\n<td width=\"76\">13,46 mg<\/td>\n<\/tr>\n<\/tbody>\n<\/table>\n<h3><strong><u>Dosis<\/u><\/strong><strong>\u00a0:-<\/strong><\/h3>\n<ul>\n<li>1-2 tabletas dos veces al d\u00eda o seg\u00fan las indicaciones del m\u00e9dico.<\/li>\n<\/ul>\n","protected":false},"excerpt":{"rendered":"<p>Kottakkal Arya Vaidya Sala Kaisora Gulgulu Vatika Se utiliza en la gota debido a sus efectos analg\u00e9sicos y antiinflamatorios. Ayuda y alivia el dolor y la hinchaz\u00f3n.<\/p>\n","protected":false},"featured_media":9751,"comment_status":"open","ping_status":"closed","template":"","meta":[],"product_brand":[],"product_cat":[200,217],"product_tag":[],"class_list":{"0":"post-9750","1":"product","2":"type-product","3":"status-publish","4":"has-post-thumbnail","6":"product_cat-marca","7":"product_cat-kottakkal","9":"first","10":"instock","11":"shipping-taxable","12":"purchasable","13":"product-type-simple"},"_links":{"self":[{"href":"https:\/\/neelayurvedics.es\/index.php?rest_route=\/wp\/v2\/product\/9750","targetHints":{"allow":["GET"]}}],"collection":[{"href":"https:\/\/neelayurvedics.es\/index.php?rest_route=\/wp\/v2\/product"}],"about":[{"href":"https:\/\/neelayurvedics.es\/index.php?rest_route=\/wp\/v2\/types\/product"}],"replies":[{"embeddable":true,"href":"https:\/\/neelayurvedics.es\/index.php?rest_route=%2Fwp%2Fv2%2Fcomments&post=9750"}],"wp:featuredmedia":[{"embeddable":true,"href":"https:\/\/neelayurvedics.es\/index.php?rest_route=\/wp\/v2\/media\/9751"}],"wp:attachment":[{"href":"https:\/\/neelayurvedics.es\/index.php?rest_route=%2Fwp%2Fv2%2Fmedia&parent=9750"}],"wp:term":[{"taxonomy":"product_brand","embeddable":true,"href":"https:\/\/neelayurvedics.es\/index.php?rest_route=%2Fwp%2Fv2%2Fproduct_brand&post=9750"},{"taxonomy":"product_cat","embeddable":true,"href":"https:\/\/neelayurvedics.es\/index.php?rest_route=%2Fwp%2Fv2%2Fproduct_cat&post=9750"},{"taxonomy":"product_tag","embeddable":true,"href":"https:\/\/neelayurvedics.es\/index.php?rest_route=%2Fwp%2Fv2%2Fproduct_tag&post=9750"}],"curies":[{"name":"wp","href":"https:\/\/api.w.org\/{rel}","templated":true}]}}