{"id":9776,"date":"2025-03-24T06:11:23","date_gmt":"2025-03-24T06:11:23","guid":{"rendered":"https:\/\/neelayurvedics.es\/?post_type=product&#038;p=9776"},"modified":"2025-03-24T06:11:23","modified_gmt":"2025-03-24T06:11:23","slug":"kottakkal-arya-vaidya-sala-krimighna-vatika-100-tableta","status":"publish","type":"product","link":"https:\/\/neelayurvedics.es\/?product=kottakkal-arya-vaidya-sala-krimighna-vatika-100-tableta","title":{"rendered":"Kottakkal Arya Vaidya Sala Krimighna Vatika \u2013 100 Tableta"},"content":{"rendered":"<h3><strong><u>Indicaci\u00f3n<\/u><\/strong><strong>\u00a0:-<\/strong><\/h3>\n<ul>\n<li>Infestaciones de gusanos.<\/li>\n<\/ul>\n<h3><strong><u>Ingredientes<\/u><\/strong><strong>\u00a0:-<\/strong><\/h3>\n<table width=\"69%\">\n<thead>\n<tr>\n<td width=\"10%\">S.No<\/td>\n<td width=\"31%\">Nombre en s\u00e1nscrito<\/td>\n<td width=\"42%\">Nombre bot\u00e1nico<\/td>\n<td width=\"15%\">Cantidad\/Pesta\u00f1a<\/td>\n<\/tr>\n<\/thead>\n<tbody>\n<tr>\n<td width=\"10%\">1<\/td>\n<td width=\"31%\">Kandukarichurna<\/td>\n<td width=\"42%\">Mucuna pruriens<\/td>\n<td width=\"15%\">0,057 g<\/td>\n<\/tr>\n<tr>\n<td width=\"10%\">2<\/td>\n<td width=\"31%\">Swetaramatham<\/td>\n<td width=\"42%\">Ferula assa-foetida<\/td>\n<td width=\"15%\">0,114 g<\/td>\n<\/tr>\n<tr>\n<td width=\"10%\">3<\/td>\n<td width=\"31%\">Mushkakakshiram<\/td>\n<td width=\"42%\">Schrebera swietenioides<\/td>\n<td width=\"15%\">Q. S.<\/td>\n<\/tr>\n<\/tbody>\n<\/table>\n<h3><u>Dosis<\/u>\u00a0:-<\/h3>\n<ul>\n<li>Seg\u00fan las indicaciones del m\u00e9dico.<\/li>\n<\/ul>\n","protected":false},"excerpt":{"rendered":"<p>Kottakkal Arya Vaidya Sala Krimighna Vatika. Se utiliza en el tratamiento de todo tipo de trastornos digestivos, como problemas intestinales como diarrea ocasional, hinchaz\u00f3n, distensi\u00f3n de gases e infestaci\u00f3n de gusanos.<\/p>\n<p>Ayuda a mejorar la digesti\u00f3n y aumenta el apetito.<\/p>\n","protected":false},"featured_media":9777,"comment_status":"open","ping_status":"closed","template":"","meta":[],"product_brand":[],"product_cat":[200,217],"product_tag":[],"class_list":{"0":"post-9776","1":"product","2":"type-product","3":"status-publish","4":"has-post-thumbnail","6":"product_cat-marca","7":"product_cat-kottakkal","9":"first","10":"instock","11":"shipping-taxable","12":"purchasable","13":"product-type-simple"},"_links":{"self":[{"href":"https:\/\/neelayurvedics.es\/index.php?rest_route=\/wp\/v2\/product\/9776","targetHints":{"allow":["GET"]}}],"collection":[{"href":"https:\/\/neelayurvedics.es\/index.php?rest_route=\/wp\/v2\/product"}],"about":[{"href":"https:\/\/neelayurvedics.es\/index.php?rest_route=\/wp\/v2\/types\/product"}],"replies":[{"embeddable":true,"href":"https:\/\/neelayurvedics.es\/index.php?rest_route=%2Fwp%2Fv2%2Fcomments&post=9776"}],"wp:featuredmedia":[{"embeddable":true,"href":"https:\/\/neelayurvedics.es\/index.php?rest_route=\/wp\/v2\/media\/9777"}],"wp:attachment":[{"href":"https:\/\/neelayurvedics.es\/index.php?rest_route=%2Fwp%2Fv2%2Fmedia&parent=9776"}],"wp:term":[{"taxonomy":"product_brand","embeddable":true,"href":"https:\/\/neelayurvedics.es\/index.php?rest_route=%2Fwp%2Fv2%2Fproduct_brand&post=9776"},{"taxonomy":"product_cat","embeddable":true,"href":"https:\/\/neelayurvedics.es\/index.php?rest_route=%2Fwp%2Fv2%2Fproduct_cat&post=9776"},{"taxonomy":"product_tag","embeddable":true,"href":"https:\/\/neelayurvedics.es\/index.php?rest_route=%2Fwp%2Fv2%2Fproduct_tag&post=9776"}],"curies":[{"name":"wp","href":"https:\/\/api.w.org\/{rel}","templated":true}]}}