{"id":9830,"date":"2025-03-24T10:18:57","date_gmt":"2025-03-24T10:18:57","guid":{"rendered":"https:\/\/neelayurvedics.es\/?post_type=product&#038;p=9830"},"modified":"2025-03-24T10:19:05","modified_gmt":"2025-03-24T10:19:05","slug":"kottakkal-arya-vaidya-sala-migrakot-oil-100-ml","status":"publish","type":"product","link":"https:\/\/neelayurvedics.es\/?product=kottakkal-arya-vaidya-sala-migrakot-oil-100-ml","title":{"rendered":"Kottakkal Arya Vaidya Sala Migrakot Oil \u2013 100 ML"},"content":{"rendered":"<h3><strong><u>Indicaci\u00f3n<\/u><\/strong><strong>\u00a0:-<\/strong><\/h3>\n<ul>\n<li>Migra\u00f1a y otras formas de dolor de cabeza.<\/li>\n<\/ul>\n<h3><strong><u>Ingredientes<\/u><\/strong><strong>\u00a0:-<\/strong><\/h3>\n<table width=\"666\">\n<tbody>\n<tr>\n<td width=\"49\">S.NO<\/td>\n<td width=\"111\">Nombre en s\u00e1nscrito<\/td>\n<td width=\"168\">Nombre bot\u00e1nico<\/td>\n<td width=\"76\">Qty<\/td>\n<\/tr>\n<tr>\n<td width=\"49\">01<\/td>\n<td width=\"111\">Bala<\/td>\n<td width=\"168\">Sida rhombifolia<\/td>\n<td width=\"76\">2.000 g<\/td>\n<\/tr>\n<tr>\n<td width=\"49\">02<\/td>\n<td width=\"111\">Hatha<\/td>\n<td width=\"168\">Phyllanthus emblica<\/td>\n<td width=\"76\">2.000 g<\/td>\n<\/tr>\n<tr>\n<td width=\"49\">03<\/td>\n<td width=\"111\">Amrita<\/td>\n<td width=\"168\">Tinospora cordifolia<\/td>\n<td width=\"76\">2.000 g<\/td>\n<\/tr>\n<tr>\n<td width=\"49\">04<\/td>\n<td width=\"111\">Mudga<\/td>\n<td width=\"168\">Vigna radiata<\/td>\n<td width=\"76\">2.000 g<\/td>\n<\/tr>\n<tr>\n<td width=\"49\">05<\/td>\n<td width=\"111\">Masha<\/td>\n<td width=\"168\">Vigna mungo<\/td>\n<td width=\"76\">2.000 g<\/td>\n<\/tr>\n<tr>\n<td width=\"49\">06<\/td>\n<td width=\"111\">Chandana<\/td>\n<td width=\"168\">\u00c1lbum de Santalum<\/td>\n<td width=\"76\">0,555 g<\/td>\n<\/tr>\n<tr>\n<td width=\"49\">07<\/td>\n<td width=\"111\">Yashti<\/td>\n<td width=\"168\">Glycyrrhiza glabra<\/td>\n<td width=\"76\">0,555 g<\/td>\n<\/tr>\n<tr>\n<td width=\"49\">08<\/td>\n<td width=\"111\">Rasna<\/td>\n<td width=\"168\">Alpinia galanga<\/td>\n<td width=\"76\">0,555 g<\/td>\n<\/tr>\n<tr>\n<td width=\"49\">09<\/td>\n<td width=\"111\">Tilataila<\/td>\n<td width=\"168\">Sesamum indicum<\/td>\n<td width=\"76\">5.000 ml<\/td>\n<\/tr>\n<\/tbody>\n<\/table>\n<h3><u>Uso<\/u>: &#8211;<\/h3>\n<ul>\n<li>Aplicar diariamente sobre el cuero cabelludo media hora antes del ba\u00f1o o seg\u00fan las indicaciones del m\u00e9dico.<\/li>\n<\/ul>\n","protected":false},"excerpt":{"rendered":"<p>El aceite de Migrakot de Kottakkal Arya Vaidya Sala puede ayudar a promover la relajaci\u00f3n muscular y el sue\u00f1o. Ayuda a aliviar el estr\u00e9s y la ansiedad y tambi\u00e9n ayuda a aliviar los dolores de cabeza.<\/p>\n","protected":false},"featured_media":9832,"comment_status":"open","ping_status":"closed","template":"","meta":[],"product_brand":[],"product_cat":[200,217],"product_tag":[],"class_list":{"0":"post-9830","1":"product","2":"type-product","3":"status-publish","4":"has-post-thumbnail","6":"product_cat-marca","7":"product_cat-kottakkal","9":"first","10":"instock","11":"shipping-taxable","12":"purchasable","13":"product-type-simple"},"_links":{"self":[{"href":"https:\/\/neelayurvedics.es\/index.php?rest_route=\/wp\/v2\/product\/9830","targetHints":{"allow":["GET"]}}],"collection":[{"href":"https:\/\/neelayurvedics.es\/index.php?rest_route=\/wp\/v2\/product"}],"about":[{"href":"https:\/\/neelayurvedics.es\/index.php?rest_route=\/wp\/v2\/types\/product"}],"replies":[{"embeddable":true,"href":"https:\/\/neelayurvedics.es\/index.php?rest_route=%2Fwp%2Fv2%2Fcomments&post=9830"}],"wp:featuredmedia":[{"embeddable":true,"href":"https:\/\/neelayurvedics.es\/index.php?rest_route=\/wp\/v2\/media\/9832"}],"wp:attachment":[{"href":"https:\/\/neelayurvedics.es\/index.php?rest_route=%2Fwp%2Fv2%2Fmedia&parent=9830"}],"wp:term":[{"taxonomy":"product_brand","embeddable":true,"href":"https:\/\/neelayurvedics.es\/index.php?rest_route=%2Fwp%2Fv2%2Fproduct_brand&post=9830"},{"taxonomy":"product_cat","embeddable":true,"href":"https:\/\/neelayurvedics.es\/index.php?rest_route=%2Fwp%2Fv2%2Fproduct_cat&post=9830"},{"taxonomy":"product_tag","embeddable":true,"href":"https:\/\/neelayurvedics.es\/index.php?rest_route=%2Fwp%2Fv2%2Fproduct_tag&post=9830"}],"curies":[{"name":"wp","href":"https:\/\/api.w.org\/{rel}","templated":true}]}}