{"id":9843,"date":"2025-03-24T11:02:01","date_gmt":"2025-03-24T11:02:01","guid":{"rendered":"https:\/\/neelayurvedics.es\/?post_type=product&#038;p=9843"},"modified":"2025-03-24T11:02:02","modified_gmt":"2025-03-24T11:02:02","slug":"kottakkal-arya-vaidya-sala-murivenna-500-ml","status":"publish","type":"product","link":"https:\/\/neelayurvedics.es\/?product=kottakkal-arya-vaidya-sala-murivenna-500-ml","title":{"rendered":"Kottakkal Arya Vaidya Sala Murivenna \u2013 500 ML"},"content":{"rendered":"<h3><strong><u>Indicaci\u00f3n<\/u><\/strong><strong>\u00a0:-<\/strong><\/h3>\n<ul>\n<li>Fracturas, luxaciones, esguinces, lesiones traum\u00e1ticas, heridas, \u00falceras.<\/li>\n<\/ul>\n<h3><strong><u>Ingredientes<\/u><\/strong><strong>\u00a0:-<\/strong><\/h3>\n<table width=\"793\">\n<tbody>\n<tr>\n<td width=\"63\">S.NO<\/td>\n<td width=\"132\">Nombre en s\u00e1nscrito<\/td>\n<td width=\"161\">Nombre bot\u00e1nico<\/td>\n<td width=\"396\">Qty<\/td>\n<\/tr>\n<tr>\n<td width=\"63\">01<\/td>\n<td width=\"132\">Keratailam<\/td>\n<td width=\"161\">Cocos nucifera<\/td>\n<td width=\"396\">10.000 ml<\/td>\n<\/tr>\n<tr>\n<td width=\"63\">02<\/td>\n<td width=\"132\">Tambulam<\/td>\n<td width=\"161\">Piper betle<\/td>\n<td width=\"396\">3.250 ml<\/td>\n<\/tr>\n<tr>\n<td width=\"63\">03<\/td>\n<td width=\"132\">Sigrupatram<\/td>\n<td width=\"161\">Moringa oleifera<\/td>\n<td width=\"396\">3.250 ml<\/td>\n<\/tr>\n<tr>\n<td width=\"63\">04<\/td>\n<td width=\"132\">Paribhadram<\/td>\n<td width=\"161\">Erythrina variegata<\/td>\n<td width=\"396\">3.250 ml<\/td>\n<\/tr>\n<tr>\n<td width=\"63\">05<\/td>\n<td width=\"132\">Kanyaka<\/td>\n<td width=\"161\">Aloe vera<\/td>\n<td width=\"396\">3.250 ml<\/td>\n<\/tr>\n<tr>\n<td width=\"63\">06<\/td>\n<td width=\"132\">Karanjam<\/td>\n<td width=\"161\">Pongamia pinnata<\/td>\n<td width=\"396\">3.250 ml<\/td>\n<\/tr>\n<tr>\n<td width=\"63\">07<\/td>\n<td width=\"132\">Vasuka<\/td>\n<td width=\"161\">Spermacoce hispida<\/td>\n<td width=\"396\">3.250 ml<\/td>\n<\/tr>\n<tr>\n<td width=\"63\">08<\/td>\n<td width=\"132\">Paland\u00fa<\/td>\n<td width=\"161\">Allium cepa<\/td>\n<td width=\"396\">3.250 ml<\/td>\n<\/tr>\n<tr>\n<td width=\"63\">09<\/td>\n<td width=\"132\">Tandulambu<\/td>\n<td width=\"161\">Oryza sativa<\/td>\n<td width=\"396\">17.250 ml<\/td>\n<\/tr>\n<tr>\n<td width=\"63\">10<\/td>\n<td width=\"132\">Satavari<\/td>\n<td width=\"161\">Esp\u00e1rragos racemosus<\/td>\n<td width=\"396\">0,600 g<\/td>\n<\/tr>\n<\/tbody>\n<\/table>\n<h3><u>Uso<\/u>: &#8211;<\/h3>\n<ul>\n<li>Seg\u00fan las indicaciones del m\u00e9dico.<\/li>\n<\/ul>\n","protected":false},"excerpt":{"rendered":"<p>Kottakkal Arya Vaidya Sala Murivenna es un aceite ayurv\u00e9dico, conocido por sus propiedades antiinflamatorias, analg\u00e9sicas y analg\u00e9sicas que ofrecen un remedio absoluto para el tratamiento de la inflamaci\u00f3n causada por artritis, esguinces, fracturas, calambres musculares, dislocaciones y otras lesiones.<\/p>\n","protected":false},"featured_media":9844,"comment_status":"open","ping_status":"closed","template":"","meta":[],"product_brand":[],"product_cat":[200,217],"product_tag":[],"class_list":{"0":"post-9843","1":"product","2":"type-product","3":"status-publish","4":"has-post-thumbnail","6":"product_cat-marca","7":"product_cat-kottakkal","9":"first","10":"instock","11":"shipping-taxable","12":"purchasable","13":"product-type-simple"},"_links":{"self":[{"href":"https:\/\/neelayurvedics.es\/index.php?rest_route=\/wp\/v2\/product\/9843","targetHints":{"allow":["GET"]}}],"collection":[{"href":"https:\/\/neelayurvedics.es\/index.php?rest_route=\/wp\/v2\/product"}],"about":[{"href":"https:\/\/neelayurvedics.es\/index.php?rest_route=\/wp\/v2\/types\/product"}],"replies":[{"embeddable":true,"href":"https:\/\/neelayurvedics.es\/index.php?rest_route=%2Fwp%2Fv2%2Fcomments&post=9843"}],"wp:featuredmedia":[{"embeddable":true,"href":"https:\/\/neelayurvedics.es\/index.php?rest_route=\/wp\/v2\/media\/9844"}],"wp:attachment":[{"href":"https:\/\/neelayurvedics.es\/index.php?rest_route=%2Fwp%2Fv2%2Fmedia&parent=9843"}],"wp:term":[{"taxonomy":"product_brand","embeddable":true,"href":"https:\/\/neelayurvedics.es\/index.php?rest_route=%2Fwp%2Fv2%2Fproduct_brand&post=9843"},{"taxonomy":"product_cat","embeddable":true,"href":"https:\/\/neelayurvedics.es\/index.php?rest_route=%2Fwp%2Fv2%2Fproduct_cat&post=9843"},{"taxonomy":"product_tag","embeddable":true,"href":"https:\/\/neelayurvedics.es\/index.php?rest_route=%2Fwp%2Fv2%2Fproduct_tag&post=9843"}],"curies":[{"name":"wp","href":"https:\/\/api.w.org\/{rel}","templated":true}]}}